[INFO] cloning repository https://github.com/aatxe/dnd
[INFO] running `Command { std: "git" "-c" "credential.helper=" "-c" "credential.helper=/workspace/cargo-home/bin/git-credential-null" "clone" "--bare" "https://github.com/aatxe/dnd" "/workspace/cache/git-repos/https%3A%2F%2Fgithub.com%2Faatxe%2Fdnd", kill_on_drop: false }`
[INFO] [stderr] Cloning into bare repository '/workspace/cache/git-repos/https%3A%2F%2Fgithub.com%2Faatxe%2Fdnd'...
[INFO] running `Command { std: "git" "rev-parse" "HEAD", kill_on_drop: false }`
[INFO] [stdout] 082d4c319df65e98124c617adbd562a18a9f6488
[INFO] checking aatxe/dnd against master#af3c6e733a40e671550e0f0f5aeecaa13772ba56 for pr-74989
[INFO] running `Command { std: "git" "clone" "/workspace/cache/git-repos/https%3A%2F%2Fgithub.com%2Faatxe%2Fdnd" "/workspace/builds/worker-2/source", kill_on_drop: false }`
[INFO] [stderr] Cloning into '/workspace/builds/worker-2/source'...
[INFO] [stderr] done.
[INFO] validating manifest of git repo https://github.com/aatxe/dnd on toolchain af3c6e733a40e671550e0f0f5aeecaa13772ba56
[INFO] running `Command { std: "/workspace/cargo-home/bin/cargo" "+af3c6e733a40e671550e0f0f5aeecaa13772ba56" "read-manifest" "--manifest-path" "Cargo.toml", kill_on_drop: false }`
[INFO] started tweaking git repo https://github.com/aatxe/dnd
[INFO] finished tweaking git repo https://github.com/aatxe/dnd
[INFO] tweaked toml for git repo https://github.com/aatxe/dnd written to /workspace/builds/worker-2/source/Cargo.toml
[INFO] crate git repo https://github.com/aatxe/dnd already has a lockfile, it will not be regenerated
[INFO] running `Command { std: "/workspace/cargo-home/bin/cargo" "+af3c6e733a40e671550e0f0f5aeecaa13772ba56" "fetch" "--locked" "--manifest-path" "Cargo.toml", kill_on_drop: false }`
[INFO] [stderr]     Blocking waiting for file lock on package cache
[INFO] [stderr] error: the lock file /workspace/builds/worker-2/source/Cargo.lock needs to be updated but --locked was passed to prevent this
[INFO] [stderr] If you want to try to generate the lock file without accessing the network, use the --offline flag.
[INFO] the lockfile is outdated, regenerating it
[INFO] running `Command { std: "/workspace/cargo-home/bin/cargo" "+af3c6e733a40e671550e0f0f5aeecaa13772ba56" "generate-lockfile" "--manifest-path" "Cargo.toml" "-Zno-index-update", kill_on_drop: false }`
[INFO] [stderr]     Blocking waiting for file lock on package cache
[INFO] running `Command { std: "/workspace/cargo-home/bin/cargo" "+af3c6e733a40e671550e0f0f5aeecaa13772ba56" "fetch" "--locked" "--manifest-path" "Cargo.toml", kill_on_drop: false }`
[INFO] [stderr]     Blocking waiting for file lock on package cache
[INFO] [stderr]     Blocking waiting for file lock on package cache
[INFO] running `Command { std: "docker" "create" "-v" "/var/lib/crater-agent-workspace/builds/worker-2/target:/opt/rustwide/target:rw,Z" "-v" "/var/lib/crater-agent-workspace/builds/worker-2/source:/opt/rustwide/workdir:ro,Z" "-v" "/var/lib/crater-agent-workspace/cargo-home:/opt/rustwide/cargo-home:ro,Z" "-v" "/var/lib/crater-agent-workspace/rustup-home:/opt/rustwide/rustup-home:ro,Z" "-e" "SOURCE_DIR=/opt/rustwide/workdir" "-e" "CARGO_TARGET_DIR=/opt/rustwide/target" "-e" "CARGO_HOME=/opt/rustwide/cargo-home" "-e" "RUSTUP_HOME=/opt/rustwide/rustup-home" "-w" "/opt/rustwide/workdir" "-m" "1610612736" "--user" "0:0" "--network" "none" "rustops/crates-build-env@sha256:d92eaeed33fa75130ca1ee6c8a01d1ffb62bac859dfdfb3450e3e5d1c0146529" "/opt/rustwide/cargo-home/bin/cargo" "+af3c6e733a40e671550e0f0f5aeecaa13772ba56" "metadata" "--no-deps" "--format-version=1", kill_on_drop: false }`
[INFO] [stderr] WARNING: Your kernel does not support swap limit capabilities or the cgroup is not mounted. Memory limited without swap.
[INFO] [stdout] 2d20ee1e132b94d3756d36ad018cce1616a482faa7c9539bd63a35b21fc358f4
[INFO] running `Command { std: "docker" "start" "-a" "2d20ee1e132b94d3756d36ad018cce1616a482faa7c9539bd63a35b21fc358f4", kill_on_drop: false }`
[INFO] running `Command { std: "docker" "inspect" "2d20ee1e132b94d3756d36ad018cce1616a482faa7c9539bd63a35b21fc358f4", kill_on_drop: false }`
[INFO] running `Command { std: "docker" "rm" "-f" "2d20ee1e132b94d3756d36ad018cce1616a482faa7c9539bd63a35b21fc358f4", kill_on_drop: false }`
[INFO] [stdout] 2d20ee1e132b94d3756d36ad018cce1616a482faa7c9539bd63a35b21fc358f4
[INFO] running `Command { std: "docker" "create" "-v" "/var/lib/crater-agent-workspace/builds/worker-2/target:/opt/rustwide/target:rw,Z" "-v" "/var/lib/crater-agent-workspace/builds/worker-2/source:/opt/rustwide/workdir:ro,Z" "-v" "/var/lib/crater-agent-workspace/cargo-home:/opt/rustwide/cargo-home:ro,Z" "-v" "/var/lib/crater-agent-workspace/rustup-home:/opt/rustwide/rustup-home:ro,Z" "-e" "SOURCE_DIR=/opt/rustwide/workdir" "-e" "CARGO_TARGET_DIR=/opt/rustwide/target" "-e" "CARGO_INCREMENTAL=0" "-e" "RUST_BACKTRACE=full" "-e" "RUSTFLAGS=--cap-lints=forbid" "-e" "CARGO_HOME=/opt/rustwide/cargo-home" "-e" "RUSTUP_HOME=/opt/rustwide/rustup-home" "-w" "/opt/rustwide/workdir" "-m" "1610612736" "--user" "0:0" "--network" "none" "rustops/crates-build-env@sha256:d92eaeed33fa75130ca1ee6c8a01d1ffb62bac859dfdfb3450e3e5d1c0146529" "/opt/rustwide/cargo-home/bin/cargo" "+af3c6e733a40e671550e0f0f5aeecaa13772ba56" "check" "--frozen" "--all" "--all-targets" "--message-format=json", kill_on_drop: false }`
[INFO] [stdout] 082c71e379696e8945cf30809eac015f16fe4ae443b7d23b1c53203a0f62c37c
[INFO] [stderr] WARNING: Your kernel does not support swap limit capabilities or the cgroup is not mounted. Memory limited without swap.
[INFO] running `Command { std: "docker" "start" "-a" "082c71e379696e8945cf30809eac015f16fe4ae443b7d23b1c53203a0f62c37c", kill_on_drop: false }`
[INFO] [stderr]     Checking cfg-if v0.1.10
[INFO] [stderr]    Compiling pkg-config v0.3.18
[INFO] [stderr]     Checking slab v0.4.2
[INFO] [stderr]     Checking lazy_static v1.4.0
[INFO] [stderr]    Compiling bitflags v1.2.1
[INFO] [stderr]    Compiling getrandom v0.1.15
[INFO] [stderr]     Checking bytes v0.5.6
[INFO] [stderr]     Checking foreign-types-shared v0.1.1
[INFO] [stderr]     Checking futures-sink v0.3.5
[INFO] [stderr]    Compiling native-tls v0.2.4
[INFO] [stderr]     Checking openssl-probe v0.1.2
[INFO] [stderr]     Checking instant v0.1.6
[INFO] [stderr]     Checking ppv-lite86 v0.2.9
[INFO] [stderr]     Checking futures-channel v0.3.5
[INFO] [stderr]    Compiling num-traits v0.2.12
[INFO] [stderr]     Checking lock_api v0.4.1
[INFO] [stderr]     Checking log v0.4.11
[INFO] [stderr]     Checking iovec v0.1.4
[INFO] [stderr]     Checking net2 v0.2.35
[INFO] [stderr]     Checking foreign-types v0.3.2
[INFO] [stderr]     Checking parking_lot_core v0.8.0
[INFO] [stderr]    Compiling syn v1.0.40
[INFO] [stderr]     Checking mio v0.6.22
[INFO] [stderr]     Checking parking_lot v0.11.0
[INFO] [stderr]    Compiling openssl-sys v0.9.58
[INFO] [stderr]     Checking rand_core v0.5.1
[INFO] [stderr]     Checking rand_chacha v0.2.2
[INFO] [stderr]     Checking rand v0.7.3
[INFO] [stderr]     Checking mio-uds v0.6.8
[INFO] [stderr]    Compiling openssl v0.10.30
[INFO] [stderr]     Checking num-integer v0.1.43
[INFO] [stderr]     Checking chrono v0.4.15
[INFO] [stderr]    Compiling tokio-macros v0.2.5
[INFO] [stderr]    Compiling thiserror-impl v1.0.20
[INFO] [stderr]    Compiling pin-project-internal v0.4.23
[INFO] [stderr]    Compiling serde_derive v1.0.116
[INFO] [stderr]    Compiling futures-macro v0.3.5
[INFO] [stderr]     Checking tokio v0.2.22
[INFO] [stderr]     Checking thiserror v1.0.20
[INFO] [stderr]     Checking pin-project v0.4.23
[INFO] [stderr]     Checking futures-util v0.3.5
[INFO] [stderr]     Checking tokio-util v0.3.1
[INFO] [stderr]     Checking tokio-tls v0.3.1
[INFO] [stderr]     Checking irc-proto v0.14.0
[INFO] [stderr]     Checking serde v1.0.116
[INFO] [stderr]     Checking toml v0.5.6
[INFO] [stderr]     Checking irc v0.14.1
[INFO] [stderr]     Checking dnd v0.0.1 (/opt/rustwide/workdir)
[INFO] [stdout] error[E0433]: failed to resolve: could not find `crypto` in `openssl`
[INFO] [stdout]  --> src/data/game.rs:7:14
[INFO] [stdout]   |
[INFO] [stdout] 7 | use openssl::crypto::hash::{Type, Hasher};
[INFO] [stdout]   |              ^^^^^^ could not find `crypto` in `openssl`
[INFO] [stdout] 
[INFO] [stdout] 
[INFO] [stdout] error[E0432]: unresolved imports `rand::distributions::IndependentSample`, `rand::distributions::Range`
[INFO] [stdout]  --> src/data/game.rs:9:27
[INFO] [stdout]   |
[INFO] [stdout] 9 | use rand::distributions::{IndependentSample, Range};
[INFO] [stdout]   |                           ^^^^^^^^^^^^^^^^^  ^^^^^ no `Range` in `distributions`
[INFO] [stdout]   |                           |
[INFO] [stdout]   |                           no `IndependentSample` in `distributions`
[INFO] [stdout] 
[INFO] [stdout] 
[INFO] [stdout] error[E0432]: unresolved imports `rand::distributions::IndependentSample`, `rand::distributions::Range`
[INFO] [stdout]  --> src/data/monster.rs:7:27
[INFO] [stdout]   |
[INFO] [stdout] 7 | use rand::distributions::{IndependentSample, Range};
[INFO] [stdout]   |                           ^^^^^^^^^^^^^^^^^  ^^^^^ no `Range` in `distributions`
[INFO] [stdout]   |                           |
[INFO] [stdout]   |                           no `IndependentSample` in `distributions`
[INFO] [stdout] 
[INFO] [stdout] 
[INFO] [stdout] error[E0432]: unresolved imports `rand::distributions::IndependentSample`, `rand::distributions::Range`
[INFO] [stdout]   --> src/data/player.rs:12:27
[INFO] [stdout]    |
[INFO] [stdout] 12 | use rand::distributions::{IndependentSample, Range};
[INFO] [stdout]    |                           ^^^^^^^^^^^^^^^^^  ^^^^^ no `Range` in `distributions`
[INFO] [stdout]    |                           |
[INFO] [stdout]    |                           no `IndependentSample` in `distributions`
[INFO] [stdout] 
[INFO] [stdout] 
[INFO] [stdout] error[E0432]: unresolved imports `irc::client::prelude::Server`, `irc::client::prelude::ServerExt`, `irc::client::prelude::IrcRead`, `irc::client::prelude::IrcWrite`
[INFO] [stdout]   --> src/func/mod.rs:10:28
[INFO] [stdout]    |
[INFO] [stdout] 10 | use irc::client::prelude::{Server, ServerExt, IrcRead, IrcWrite};
[INFO] [stdout]    |                            ^^^^^^  ^^^^^^^^^  ^^^^^^^  ^^^^^^^^ no `IrcWrite` in `client::prelude`
[INFO] [stdout]    |                            |       |          |
[INFO] [stdout]    |                            |       |          no `IrcRead` in `client::prelude`
[INFO] [stdout]    |                            |       no `ServerExt` in `client::prelude`
[INFO] [stdout]    |                            no `Server` in `client::prelude`
[INFO] [stdout]    |                            help: a similar name exists in the module: `Sender`
[INFO] [stdout] 
[INFO] [stdout] 
[INFO] [stdout] error[E0433]: failed to resolve: use of undeclared type or module `Type`
[INFO] [stdout]   --> src/data/game.rs:37:38
[INFO] [stdout]    |
[INFO] [stdout] 37 |         let mut hasher = Hasher::new(Type::SHA512);
[INFO] [stdout]    |                                      ^^^^ use of undeclared type or module `Type`
[INFO] [stdout] 
[INFO] [stdout] 
[INFO] [stdout] error[E0433]: failed to resolve: could not find `crypto` in `openssl`
[INFO] [stdout]  --> src/data/game.rs:7:14
[INFO] [stdout]   |
[INFO] [stdout] 7 | use openssl::crypto::hash::{Type, Hasher};
[INFO] [stdout]   |              ^^^^^^ could not find `crypto` in `openssl`
[INFO] [stdout] 
[INFO] [stdout] 
[INFO] [stdout] error[E0432]: unresolved imports `rand::distributions::IndependentSample`, `rand::distributions::Range`
[INFO] [stdout]  --> src/data/game.rs:9:27
[INFO] [stdout]   |
[INFO] [stdout] 9 | use rand::distributions::{IndependentSample, Range};
[INFO] [stdout]   |                           ^^^^^^^^^^^^^^^^^  ^^^^^ no `Range` in `distributions`
[INFO] [stdout]   |                           |
[INFO] [stdout]   |                           no `IndependentSample` in `distributions`
[INFO] [stdout] 
[INFO] [stdout] 
[INFO] [stdout] error[E0432]: unresolved imports `rand::distributions::IndependentSample`, `rand::distributions::Range`
[INFO] [stdout]  --> src/data/monster.rs:7:27
[INFO] [stdout]   |
[INFO] [stdout] 7 | use rand::distributions::{IndependentSample, Range};
[INFO] [stdout]   |                           ^^^^^^^^^^^^^^^^^  ^^^^^ no `Range` in `distributions`
[INFO] [stdout]   |                           |
[INFO] [stdout]   |                           no `IndependentSample` in `distributions`
[INFO] [stdout] 
[INFO] [stdout] 
[INFO] [stdout] error[E0432]: unresolved imports `rand::distributions::IndependentSample`, `rand::distributions::Range`
[INFO] [stdout]   --> src/data/player.rs:12:27
[INFO] [stdout]    |
[INFO] [stdout] 12 | use rand::distributions::{IndependentSample, Range};
[INFO] [stdout]    |                           ^^^^^^^^^^^^^^^^^  ^^^^^ no `Range` in `distributions`
[INFO] [stdout]    |                           |
[INFO] [stdout]    |                           no `IndependentSample` in `distributions`
[INFO] [stdout] 
[INFO] [stdout] 
[INFO] [stdout] error[E0432]: unresolved imports `irc::client::prelude::Server`, `irc::client::prelude::ServerExt`, `irc::client::prelude::IrcRead`, `irc::client::prelude::IrcWrite`
[INFO] [stdout]   --> src/func/mod.rs:10:28
[INFO] [stdout]    |
[INFO] [stdout] 10 | use irc::client::prelude::{Server, ServerExt, IrcRead, IrcWrite};
[INFO] [stdout]    |                            ^^^^^^  ^^^^^^^^^  ^^^^^^^  ^^^^^^^^ no `IrcWrite` in `client::prelude`
[INFO] [stdout]    |                            |       |          |
[INFO] [stdout]    |                            |       |          no `IrcRead` in `client::prelude`
[INFO] [stdout]    |                            |       no `ServerExt` in `client::prelude`
[INFO] [stdout]    |                            no `Server` in `client::prelude`
[INFO] [stdout]    |                            help: a similar name exists in the module: `Sender`
[INFO] [stdout] 
[INFO] [stdout] 
[INFO] [stdout] error[E0433]: failed to resolve: use of undeclared type or module `Type`
[INFO] [stdout]   --> src/data/game.rs:37:38
[INFO] [stdout]    |
[INFO] [stdout] 37 |         let mut hasher = Hasher::new(Type::SHA512);
[INFO] [stdout]    |                                      ^^^^ use of undeclared type or module `Type`
[INFO] [stdout] 
[INFO] [stdout] 
[INFO] [stdout] error[E0433]: failed to resolve: use of undeclared type or module `IrcServer`
[INFO] [stdout]    --> src/func/mod.rs:234:22
[INFO] [stdout]     |
[INFO] [stdout] 234 |         let server = IrcServer::from_connection(Config {
[INFO] [stdout]     |                      ^^^^^^^^^ use of undeclared type or module `IrcServer`
[INFO] [stdout] 
[INFO] [stdout] 
[INFO] [stdout] error[E0433]: failed to resolve: use of undeclared type or module `Hasher`
[INFO] [stdout]   --> src/data/game.rs:37:26
[INFO] [stdout]    |
[INFO] [stdout] 37 |         let mut hasher = Hasher::new(Type::SHA512);
[INFO] [stdout]    |                          ^^^^^^ not found in this scope
[INFO] [stdout]    |
[INFO] [stdout] help: consider importing one of these items
[INFO] [stdout]    |
[INFO] [stdout] 1  | use openssl::hash::Hasher;
[INFO] [stdout]    |
[INFO] [stdout] 1  | use std::hash::Hasher;
[INFO] [stdout]    |
[INFO] [stdout] 
[INFO] [stdout] 
[INFO] [stdout] error[E0405]: cannot find trait `IrcRead` in this scope
[INFO] [stdout]   --> src/func/entity.rs:11:24
[INFO] [stdout]    |
[INFO] [stdout] 11 | pub struct Roll<'a, T: IrcRead, U: IrcWrite> {
[INFO] [stdout]    |                        ^^^^^^^ not found in this scope
[INFO] [stdout] 
[INFO] [stdout] 
[INFO] [stdout] error[E0405]: cannot find trait `IrcWrite` in this scope
[INFO] [stdout]   --> src/func/entity.rs:11:36
[INFO] [stdout]    |
[INFO] [stdout] 11 | pub struct Roll<'a, T: IrcRead, U: IrcWrite> {
[INFO] [stdout]    |                                    ^^^^^^^^ not found in this scope
[INFO] [stdout] 
[INFO] [stdout] 
[INFO] [stdout] error[E0412]: cannot find type `ServerExt` in this scope
[INFO] [stdout]   --> src/func/entity.rs:12:14
[INFO] [stdout]    |
[INFO] [stdout] 12 |     bot: &'a ServerExt<'a, T, U>,
[INFO] [stdout]    |              ^^^^^^^^^ not found in this scope
[INFO] [stdout] 
[INFO] [stdout] 
[INFO] [stdout] error[E0405]: cannot find trait `IrcRead` in this scope
[INFO] [stdout]   --> src/func/entity.rs:19:13
[INFO] [stdout]    |
[INFO] [stdout] 19 | impl<'a, T: IrcRead, U: IrcWrite> Roll<'a, T, U> {
[INFO] [stdout]    |             ^^^^^^^ not found in this scope
[INFO] [stdout] 
[INFO] [stdout] 
[INFO] [stdout] error[E0405]: cannot find trait `IrcWrite` in this scope
[INFO] [stdout]   --> src/func/entity.rs:19:25
[INFO] [stdout]    |
[INFO] [stdout] 19 | impl<'a, T: IrcRead, U: IrcWrite> Roll<'a, T, U> {
[INFO] [stdout]    |                         ^^^^^^^^ not found in this scope
[INFO] [stdout] 
[INFO] [stdout] 
[INFO] [stdout] error[E0412]: cannot find type `ServerExt` in this scope
[INFO] [stdout]   --> src/func/entity.rs:20:25
[INFO] [stdout]    |
[INFO] [stdout] 20 |     pub fn new(bot: &'a ServerExt<'a, T, U>, user: &'a str, chan: &'a str, args: Vec<&'a str>, world: &'a mut World) -> BotResult<Box<Fun...
[INFO] [stdout]    |                         ^^^^^^^^^ not found in this scope
[INFO] [stdout] 
[INFO] [stdout] 
[INFO] [stdout] error[E0405]: cannot find trait `IrcRead` in this scope
[INFO] [stdout]   --> src/func/entity.rs:39:13
[INFO] [stdout]    |
[INFO] [stdout] 39 | impl<'a, T: IrcRead, U: IrcWrite> Functionality for Roll<'a, T, U> {
[INFO] [stdout]    |             ^^^^^^^ not found in this scope
[INFO] [stdout] 
[INFO] [stdout] 
[INFO] [stdout] error[E0405]: cannot find trait `IrcWrite` in this scope
[INFO] [stdout]   --> src/func/entity.rs:39:25
[INFO] [stdout]    |
[INFO] [stdout] 39 | impl<'a, T: IrcRead, U: IrcWrite> Functionality for Roll<'a, T, U> {
[INFO] [stdout]    |                         ^^^^^^^^ not found in this scope
[INFO] [stdout] 
[INFO] [stdout] 
[INFO] [stdout] error[E0405]: cannot find trait `IrcRead` in this scope
[INFO] [stdout]   --> src/func/entity.rs:53:26
[INFO] [stdout]    |
[INFO] [stdout] 53 | pub struct Damage<'a, T: IrcRead, U: IrcWrite> {
[INFO] [stdout]    |                          ^^^^^^^ not found in this scope
[INFO] [stdout] 
[INFO] [stdout] 
[INFO] [stdout] error[E0405]: cannot find trait `IrcWrite` in this scope
[INFO] [stdout]   --> src/func/entity.rs:53:38
[INFO] [stdout]    |
[INFO] [stdout] 53 | pub struct Damage<'a, T: IrcRead, U: IrcWrite> {
[INFO] [stdout]    |                                      ^^^^^^^^ not found in this scope
[INFO] [stdout] 
[INFO] [stdout] 
[INFO] [stdout] error[E0412]: cannot find type `ServerExt` in this scope
[INFO] [stdout]   --> src/func/entity.rs:54:14
[INFO] [stdout]    |
[INFO] [stdout] 54 |     bot: &'a ServerExt<'a, T, U>,
[INFO] [stdout]    |              ^^^^^^^^^ not found in this scope
[INFO] [stdout] 
[INFO] [stdout] 
[INFO] [stdout] error[E0405]: cannot find trait `IrcRead` in this scope
[INFO] [stdout]   --> src/func/entity.rs:61:13
[INFO] [stdout]    |
[INFO] [stdout] 61 | impl<'a, T: IrcRead, U: IrcWrite> Damage<'a, T, U> {
[INFO] [stdout]    |             ^^^^^^^ not found in this scope
[INFO] [stdout] 
[INFO] [stdout] 
[INFO] [stdout] error[E0405]: cannot find trait `IrcWrite` in this scope
[INFO] [stdout]   --> src/func/entity.rs:61:25
[INFO] [stdout]    |
[INFO] [stdout] 61 | impl<'a, T: IrcRead, U: IrcWrite> Damage<'a, T, U> {
[INFO] [stdout]    |                         ^^^^^^^^ not found in this scope
[INFO] [stdout] 
[INFO] [stdout] 
[INFO] [stdout] error[E0412]: cannot find type `ServerExt` in this scope
[INFO] [stdout]   --> src/func/entity.rs:62:25
[INFO] [stdout]    |
[INFO] [stdout] 62 |     pub fn new(bot: &'a ServerExt<'a, T, U>, user: &'a str, chan: &'a str, args: Vec<&'a str>, world: &'a mut World) -> BotResult<Box<Fun...
[INFO] [stdout]    |                         ^^^^^^^^^ not found in this scope
[INFO] [stdout] 
[INFO] [stdout] 
[INFO] [stdout] error[E0405]: cannot find trait `IrcRead` in this scope
[INFO] [stdout]   --> src/func/entity.rs:81:13
[INFO] [stdout]    |
[INFO] [stdout] 81 | impl<'a, T: IrcRead, U: IrcWrite> Functionality for Damage<'a, T, U> {
[INFO] [stdout]    |             ^^^^^^^ not found in this scope
[INFO] [stdout] 
[INFO] [stdout] 
[INFO] [stdout] error[E0405]: cannot find trait `IrcWrite` in this scope
[INFO] [stdout]   --> src/func/entity.rs:81:25
[INFO] [stdout]    |
[INFO] [stdout] 81 | impl<'a, T: IrcRead, U: IrcWrite> Functionality for Damage<'a, T, U> {
[INFO] [stdout]    |                         ^^^^^^^^ not found in this scope
[INFO] [stdout] 
[INFO] [stdout] 
[INFO] [stdout] error[E0405]: cannot find trait `IrcRead` in this scope
[INFO] [stdout]   --> src/func/entity.rs:93:32
[INFO] [stdout]    |
[INFO] [stdout] 93 | pub struct SetTempStats<'a, T: IrcRead, U: IrcWrite> {
[INFO] [stdout]    |                                ^^^^^^^ not found in this scope
[INFO] [stdout] 
[INFO] [stdout] 
[INFO] [stdout] error[E0405]: cannot find trait `IrcWrite` in this scope
[INFO] [stdout]   --> src/func/entity.rs:93:44
[INFO] [stdout]    |
[INFO] [stdout] 93 | pub struct SetTempStats<'a, T: IrcRead, U: IrcWrite> {
[INFO] [stdout]    |                                            ^^^^^^^^ not found in this scope
[INFO] [stdout] 
[INFO] [stdout] 
[INFO] [stdout] error[E0412]: cannot find type `ServerExt` in this scope
[INFO] [stdout]   --> src/func/entity.rs:94:14
[INFO] [stdout]    |
[INFO] [stdout] 94 |     bot: &'a ServerExt<'a, T, U>,
[INFO] [stdout]    |              ^^^^^^^^^ not found in this scope
[INFO] [stdout] 
[INFO] [stdout] 
[INFO] [stdout] error[E0405]: cannot find trait `IrcRead` in this scope
[INFO] [stdout]    --> src/func/entity.rs:103:13
[INFO] [stdout]     |
[INFO] [stdout] 103 | impl<'a, T: IrcRead, U: IrcWrite> SetTempStats<'a, T, U> {
[INFO] [stdout]     |             ^^^^^^^ not found in this scope
[INFO] [stdout] 
[INFO] [stdout] 
[INFO] [stdout] error[E0405]: cannot find trait `IrcWrite` in this scope
[INFO] [stdout]    --> src/func/entity.rs:103:25
[INFO] [stdout]     |
[INFO] [stdout] 103 | impl<'a, T: IrcRead, U: IrcWrite> SetTempStats<'a, T, U> {
[INFO] [stdout]     |                         ^^^^^^^^ not found in this scope
[INFO] [stdout] 
[INFO] [stdout] 
[INFO] [stdout] error[E0412]: cannot find type `ServerExt` in this scope
[INFO] [stdout]    --> src/func/entity.rs:104:25
[INFO] [stdout]     |
[INFO] [stdout] 104 |     pub fn new(bot: &'a ServerExt<'a, T, U>, user: &'a str, chan: &'a str, args: Vec<&'a str>, world: &'a mut World) -> BotResult<Box<Fun...
[INFO] [stdout]     |                         ^^^^^^^^^ not found in this scope
[INFO] [stdout] 
[INFO] [stdout] 
[INFO] [stdout] error[E0405]: cannot find trait `IrcRead` in this scope
[INFO] [stdout]    --> src/func/entity.rs:125:13
[INFO] [stdout]     |
[INFO] [stdout] 125 | impl<'a, T: IrcRead, U: IrcWrite> Functionality for SetTempStats<'a, T, U> {
[INFO] [stdout]     |             ^^^^^^^ not found in this scope
[INFO] [stdout] 
[INFO] [stdout] 
[INFO] [stdout] error[E0405]: cannot find trait `IrcWrite` in this scope
[INFO] [stdout]    --> src/func/entity.rs:125:25
[INFO] [stdout]     |
[INFO] [stdout] 125 | impl<'a, T: IrcRead, U: IrcWrite> Functionality for SetTempStats<'a, T, U> {
[INFO] [stdout]     |                         ^^^^^^^^ not found in this scope
[INFO] [stdout] 
[INFO] [stdout] 
[INFO] [stdout] error[E0405]: cannot find trait `IrcRead` in this scope
[INFO] [stdout]    --> src/func/entity.rs:135:34
[INFO] [stdout]     |
[INFO] [stdout] 135 | pub struct ClearTempStats<'a, T: IrcRead, U: IrcWrite> {
[INFO] [stdout]     |                                  ^^^^^^^ not found in this scope
[INFO] [stdout] 
[INFO] [stdout] 
[INFO] [stdout] error[E0405]: cannot find trait `IrcWrite` in this scope
[INFO] [stdout]    --> src/func/entity.rs:135:46
[INFO] [stdout]     |
[INFO] [stdout] 135 | pub struct ClearTempStats<'a, T: IrcRead, U: IrcWrite> {
[INFO] [stdout]     |                                              ^^^^^^^^ not found in this scope
[INFO] [stdout] 
[INFO] [stdout] 
[INFO] [stdout] error[E0412]: cannot find type `ServerExt` in this scope
[INFO] [stdout]    --> src/func/entity.rs:136:14
[INFO] [stdout]     |
[INFO] [stdout] 136 |     bot: &'a ServerExt<'a, T, U>,
[INFO] [stdout]     |              ^^^^^^^^^ not found in this scope
[INFO] [stdout] 
[INFO] [stdout] 
[INFO] [stdout] error[E0405]: cannot find trait `IrcRead` in this scope
[INFO] [stdout]    --> src/func/entity.rs:142:13
[INFO] [stdout]     |
[INFO] [stdout] 142 | impl<'a, T: IrcRead, U: IrcWrite> ClearTempStats<'a, T, U> {
[INFO] [stdout]     |             ^^^^^^^ not found in this scope
[INFO] [stdout] 
[INFO] [stdout] 
[INFO] [stdout] error[E0405]: cannot find trait `IrcWrite` in this scope
[INFO] [stdout]    --> src/func/entity.rs:142:25
[INFO] [stdout]     |
[INFO] [stdout] 142 | impl<'a, T: IrcRead, U: IrcWrite> ClearTempStats<'a, T, U> {
[INFO] [stdout]     |                         ^^^^^^^^ not found in this scope
[INFO] [stdout] 
[INFO] [stdout] 
[INFO] [stdout] error[E0412]: cannot find type `ServerExt` in this scope
[INFO] [stdout]    --> src/func/entity.rs:143:25
[INFO] [stdout]     |
[INFO] [stdout] 143 |     pub fn new(bot: &'a ServerExt<'a, T, U>, user: &'a str, chan: &'a str, args: Vec<&'a str>, world: &'a mut World) -> BotResult<Box<Fun...
[INFO] [stdout]     |                         ^^^^^^^^^ not found in this scope
[INFO] [stdout] 
[INFO] [stdout] 
[INFO] [stdout] error[E0405]: cannot find trait `IrcRead` in this scope
[INFO] [stdout]    --> src/func/entity.rs:158:13
[INFO] [stdout]     |
[INFO] [stdout] 158 | impl<'a, T: IrcRead, U: IrcWrite> Functionality for ClearTempStats<'a, T, U> {
[INFO] [stdout]     |             ^^^^^^^ not found in this scope
[INFO] [stdout] 
[INFO] [stdout] 
[INFO] [stdout] error[E0405]: cannot find trait `IrcWrite` in this scope
[INFO] [stdout]    --> src/func/entity.rs:158:25
[INFO] [stdout]     |
[INFO] [stdout] 158 | impl<'a, T: IrcRead, U: IrcWrite> Functionality for ClearTempStats<'a, T, U> {
[INFO] [stdout]     |                         ^^^^^^^^ not found in this scope
[INFO] [stdout] 
[INFO] [stdout] 
[INFO] [stdout] error[E0405]: cannot find trait `IrcRead` in this scope
[INFO] [stdout]    --> src/func/entity.rs:167:24
[INFO] [stdout]     |
[INFO] [stdout] 167 | pub struct Move<'a, T: IrcRead, U: IrcWrite> {
[INFO] [stdout]     |                        ^^^^^^^ not found in this scope
[INFO] [stdout] 
[INFO] [stdout] 
[INFO] [stdout] error[E0405]: cannot find trait `IrcWrite` in this scope
[INFO] [stdout]    --> src/func/entity.rs:167:36
[INFO] [stdout]     |
[INFO] [stdout] 167 | pub struct Move<'a, T: IrcRead, U: IrcWrite> {
[INFO] [stdout]     |                                    ^^^^^^^^ not found in this scope
[INFO] [stdout] 
[INFO] [stdout] 
[INFO] [stdout] error[E0412]: cannot find type `ServerExt` in this scope
[INFO] [stdout]    --> src/func/entity.rs:168:14
[INFO] [stdout]     |
[INFO] [stdout] 168 |     bot: &'a ServerExt<'a, T, U>,
[INFO] [stdout]     |              ^^^^^^^^^ not found in this scope
[INFO] [stdout] 
[INFO] [stdout] 
[INFO] [stdout] error[E0405]: cannot find trait `IrcRead` in this scope
[INFO] [stdout]    --> src/func/entity.rs:184:13
[INFO] [stdout]     |
[INFO] [stdout] 184 | impl<'a, T: IrcRead, U: IrcWrite> Move<'a, T, U> {
[INFO] [stdout]     |             ^^^^^^^ not found in this scope
[INFO] [stdout] 
[INFO] [stdout] 
[INFO] [stdout] error[E0405]: cannot find trait `IrcWrite` in this scope
[INFO] [stdout]    --> src/func/entity.rs:184:25
[INFO] [stdout]     |
[INFO] [stdout] 184 | impl<'a, T: IrcRead, U: IrcWrite> Move<'a, T, U> {
[INFO] [stdout]     |                         ^^^^^^^^ not found in this scope
[INFO] [stdout] 
[INFO] [stdout] 
[INFO] [stdout] error[E0412]: cannot find type `ServerExt` in this scope
[INFO] [stdout]    --> src/func/entity.rs:185:25
[INFO] [stdout]     |
[INFO] [stdout] 185 |     pub fn new(bot: &'a ServerExt<'a, T, U>, user: &'a str, chan: &'a str, args: Vec<&'a str>, world: &'a mut World) -> BotResult<Box<Fun...
[INFO] [stdout]     |                         ^^^^^^^^^ not found in this scope
[INFO] [stdout] 
[INFO] [stdout] 
[INFO] [stdout] error[E0405]: cannot find trait `IrcRead` in this scope
[INFO] [stdout]    --> src/func/entity.rs:212:13
[INFO] [stdout]     |
[INFO] [stdout] 212 | impl<'a, T: IrcRead, U: IrcWrite> Functionality for Move<'a, T, U> {
[INFO] [stdout]     |             ^^^^^^^ not found in this scope
[INFO] [stdout] 
[INFO] [stdout] 
[INFO] [stdout] error[E0405]: cannot find trait `IrcWrite` in this scope
[INFO] [stdout]    --> src/func/entity.rs:212:25
[INFO] [stdout]     |
[INFO] [stdout] 212 | impl<'a, T: IrcRead, U: IrcWrite> Functionality for Move<'a, T, U> {
[INFO] [stdout]     |                         ^^^^^^^^ not found in this scope
[INFO] [stdout] 
[INFO] [stdout] 
[INFO] [stdout] error[E0405]: cannot find trait `IrcRead` in this scope
[INFO] [stdout]   --> src/func/monster.rs:11:30
[INFO] [stdout]    |
[INFO] [stdout] 11 | pub struct AddMonster<'a, T: IrcRead, U: IrcWrite> {
[INFO] [stdout]    |                              ^^^^^^^ not found in this scope
[INFO] [stdout] 
[INFO] [stdout] 
[INFO] [stdout] error[E0405]: cannot find trait `IrcWrite` in this scope
[INFO] [stdout]   --> src/func/monster.rs:11:42
[INFO] [stdout]    |
[INFO] [stdout] 11 | pub struct AddMonster<'a, T: IrcRead, U: IrcWrite> {
[INFO] [stdout]    |                                          ^^^^^^^^ not found in this scope
[INFO] [stdout] 
[INFO] [stdout] 
[INFO] [stdout] error[E0412]: cannot find type `ServerExt` in this scope
[INFO] [stdout]   --> src/func/monster.rs:12:14
[INFO] [stdout]    |
[INFO] [stdout] 12 |     bot: &'a ServerExt<'a, T, U>,
[INFO] [stdout]    |              ^^^^^^^^^ not found in this scope
[INFO] [stdout] 
[INFO] [stdout] 
[INFO] [stdout] error[E0405]: cannot find trait `IrcRead` in this scope
[INFO] [stdout]   --> src/func/monster.rs:21:13
[INFO] [stdout]    |
[INFO] [stdout] 21 | impl<'a, T: IrcRead, U: IrcWrite> AddMonster<'a, T, U> {
[INFO] [stdout]    |             ^^^^^^^ not found in this scope
[INFO] [stdout] 
[INFO] [stdout] 
[INFO] [stdout] error[E0405]: cannot find trait `IrcWrite` in this scope
[INFO] [stdout]   --> src/func/monster.rs:21:25
[INFO] [stdout]    |
[INFO] [stdout] 21 | impl<'a, T: IrcRead, U: IrcWrite> AddMonster<'a, T, U> {
[INFO] [stdout]    |                         ^^^^^^^^ not found in this scope
[INFO] [stdout] 
[INFO] [stdout] 
[INFO] [stdout] error[E0412]: cannot find type `ServerExt` in this scope
[INFO] [stdout]   --> src/func/monster.rs:22:25
[INFO] [stdout]    |
[INFO] [stdout] 22 |     pub fn new(bot: &'a ServerExt<'a, T, U>, user: &'a str, args: Vec<&'a str>, world: &'a mut World) -> BotResult<Box<Functionality + 'a...
[INFO] [stdout]    |                         ^^^^^^^^^ not found in this scope
[INFO] [stdout] 
[INFO] [stdout] 
[INFO] [stdout] error[E0405]: cannot find trait `IrcRead` in this scope
[INFO] [stdout]   --> src/func/monster.rs:43:13
[INFO] [stdout]    |
[INFO] [stdout] 43 | impl<'a, T: IrcRead, U: IrcWrite> Functionality for AddMonster<'a, T, U> {
[INFO] [stdout]    |             ^^^^^^^ not found in this scope
[INFO] [stdout] 
[INFO] [stdout] 
[INFO] [stdout] error[E0405]: cannot find trait `IrcWrite` in this scope
[INFO] [stdout]   --> src/func/monster.rs:43:25
[INFO] [stdout]    |
[INFO] [stdout] 43 | impl<'a, T: IrcRead, U: IrcWrite> Functionality for AddMonster<'a, T, U> {
[INFO] [stdout]    |                         ^^^^^^^^ not found in this scope
[INFO] [stdout] 
[INFO] [stdout] 
[INFO] [stdout] error[E0405]: cannot find trait `IrcRead` in this scope
[INFO] [stdout]   --> src/func/monster.rs:53:33
[INFO] [stdout]    |
[INFO] [stdout] 53 | pub struct LookUpMonster<'a, T: IrcRead, U: IrcWrite> {
[INFO] [stdout]    |                                 ^^^^^^^ not found in this scope
[INFO] [stdout] 
[INFO] [stdout] 
[INFO] [stdout] error[E0405]: cannot find trait `IrcWrite` in this scope
[INFO] [stdout]   --> src/func/monster.rs:53:45
[INFO] [stdout]    |
[INFO] [stdout] 53 | pub struct LookUpMonster<'a, T: IrcRead, U: IrcWrite> {
[INFO] [stdout]    |                                             ^^^^^^^^ not found in this scope
[INFO] [stdout] 
[INFO] [stdout] 
[INFO] [stdout] error[E0412]: cannot find type `ServerExt` in this scope
[INFO] [stdout]   --> src/func/monster.rs:54:14
[INFO] [stdout]    |
[INFO] [stdout] 54 |     bot: &'a ServerExt<'a, T, U>,
[INFO] [stdout]    |              ^^^^^^^^^ not found in this scope
[INFO] [stdout] 
[INFO] [stdout] 
[INFO] [stdout] error[E0405]: cannot find trait `IrcRead` in this scope
[INFO] [stdout]   --> src/func/monster.rs:62:13
[INFO] [stdout]    |
[INFO] [stdout] 62 | impl<'a, T: IrcRead, U: IrcWrite> LookUpMonster<'a, T, U> {
[INFO] [stdout]    |             ^^^^^^^ not found in this scope
[INFO] [stdout] 
[INFO] [stdout] 
[INFO] [stdout] error[E0405]: cannot find trait `IrcWrite` in this scope
[INFO] [stdout]   --> src/func/monster.rs:62:25
[INFO] [stdout]    |
[INFO] [stdout] 62 | impl<'a, T: IrcRead, U: IrcWrite> LookUpMonster<'a, T, U> {
[INFO] [stdout]    |                         ^^^^^^^^ not found in this scope
[INFO] [stdout] 
[INFO] [stdout] 
[INFO] [stdout] error[E0412]: cannot find type `ServerExt` in this scope
[INFO] [stdout]   --> src/func/monster.rs:63:25
[INFO] [stdout]    |
[INFO] [stdout] 63 |     pub fn new(bot: &'a ServerExt<'a, T, U>, user: &'a str, args: Vec<&'a str>, world: &'a mut World) -> BotResult<Box<Functionality + 'a...
[INFO] [stdout]    |                         ^^^^^^^^^ not found in this scope
[INFO] [stdout] 
[INFO] [stdout] 
[INFO] [stdout] error[E0405]: cannot find trait `IrcRead` in this scope
[INFO] [stdout]   --> src/func/monster.rs:86:13
[INFO] [stdout]    |
[INFO] [stdout] 86 | impl<'a, T: IrcRead, U: IrcWrite> Functionality for LookUpMonster<'a, T, U> {
[INFO] [stdout]    |             ^^^^^^^ not found in this scope
[INFO] [stdout] 
[INFO] [stdout] 
[INFO] [stdout] error[E0405]: cannot find trait `IrcWrite` in this scope
[INFO] [stdout]   --> src/func/monster.rs:86:25
[INFO] [stdout]    |
[INFO] [stdout] 86 | impl<'a, T: IrcRead, U: IrcWrite> Functionality for LookUpMonster<'a, T, U> {
[INFO] [stdout]    |                         ^^^^^^^^ not found in this scope
[INFO] [stdout] 
[INFO] [stdout] 
[INFO] [stdout] error[E0405]: cannot find trait `IrcRead` in this scope
[INFO] [stdout]   --> src/func/player.rs:11:28
[INFO] [stdout]    |
[INFO] [stdout] 11 | pub struct Register<'a, T: IrcRead, U: IrcWrite> {
[INFO] [stdout]    |                            ^^^^^^^ not found in this scope
[INFO] [stdout] 
[INFO] [stdout] 
[INFO] [stdout] error[E0405]: cannot find trait `IrcWrite` in this scope
[INFO] [stdout]   --> src/func/player.rs:11:40
[INFO] [stdout]    |
[INFO] [stdout] 11 | pub struct Register<'a, T: IrcRead, U: IrcWrite> {
[INFO] [stdout]    |                                        ^^^^^^^^ not found in this scope
[INFO] [stdout] 
[INFO] [stdout] 
[INFO] [stdout] error[E0412]: cannot find type `ServerExt` in this scope
[INFO] [stdout]   --> src/func/player.rs:12:14
[INFO] [stdout]    |
[INFO] [stdout] 12 |     bot: &'a ServerExt<'a, T, U>,
[INFO] [stdout]    |              ^^^^^^^^^ not found in this scope
[INFO] [stdout] 
[INFO] [stdout] 
[INFO] [stdout] error[E0405]: cannot find trait `IrcRead` in this scope
[INFO] [stdout]   --> src/func/player.rs:20:13
[INFO] [stdout]    |
[INFO] [stdout] 20 | impl<'a, T: IrcRead, U: IrcWrite> Register<'a, T, U> {
[INFO] [stdout]    |             ^^^^^^^ not found in this scope
[INFO] [stdout] 
[INFO] [stdout] 
[INFO] [stdout] error[E0405]: cannot find trait `IrcWrite` in this scope
[INFO] [stdout]   --> src/func/player.rs:20:25
[INFO] [stdout]    |
[INFO] [stdout] 20 | impl<'a, T: IrcRead, U: IrcWrite> Register<'a, T, U> {
[INFO] [stdout]    |                         ^^^^^^^^ not found in this scope
[INFO] [stdout] 
[INFO] [stdout] 
[INFO] [stdout] error[E0412]: cannot find type `ServerExt` in this scope
[INFO] [stdout]   --> src/func/player.rs:21:25
[INFO] [stdout]    |
[INFO] [stdout] 21 |     pub fn new(bot: &'a ServerExt<'a, T, U>, user: &'a str, args: Vec<&'a str>) -> BotResult<Box<Functionality + 'a>> {
[INFO] [stdout]    |                         ^^^^^^^^^ not found in this scope
[INFO] [stdout] 
[INFO] [stdout] 
[INFO] [stdout] error[E0405]: cannot find trait `IrcRead` in this scope
[INFO] [stdout]   --> src/func/player.rs:40:13
[INFO] [stdout]    |
[INFO] [stdout] 40 | impl<'a, T: IrcRead, U: IrcWrite> Functionality for Register<'a, T, U> {
[INFO] [stdout]    |             ^^^^^^^ not found in this scope
[INFO] [stdout] 
[INFO] [stdout] 
[INFO] [stdout] error[E0405]: cannot find trait `IrcWrite` in this scope
[INFO] [stdout]   --> src/func/player.rs:40:25
[INFO] [stdout]    |
[INFO] [stdout] 40 | impl<'a, T: IrcRead, U: IrcWrite> Functionality for Register<'a, T, U> {
[INFO] [stdout]    |                         ^^^^^^^^ not found in this scope
[INFO] [stdout] 
[INFO] [stdout] 
[INFO] [stdout] error[E0405]: cannot find trait `IrcRead` in this scope
[INFO] [stdout]   --> src/func/player.rs:49:25
[INFO] [stdout]    |
[INFO] [stdout] 49 | pub struct Login<'a, T: IrcRead, U: IrcWrite> {
[INFO] [stdout]    |                         ^^^^^^^ not found in this scope
[INFO] [stdout] 
[INFO] [stdout] 
[INFO] [stdout] error[E0405]: cannot find trait `IrcWrite` in this scope
[INFO] [stdout]   --> src/func/player.rs:49:37
[INFO] [stdout]    |
[INFO] [stdout] 49 | pub struct Login<'a, T: IrcRead, U: IrcWrite> {
[INFO] [stdout]    |                                     ^^^^^^^^ not found in this scope
[INFO] [stdout] 
[INFO] [stdout] 
[INFO] [stdout] error[E0412]: cannot find type `ServerExt` in this scope
[INFO] [stdout]   --> src/func/player.rs:50:14
[INFO] [stdout]    |
[INFO] [stdout] 50 |     bot: &'a ServerExt<'a, T, U>,
[INFO] [stdout]    |              ^^^^^^^^^ not found in this scope
[INFO] [stdout] 
[INFO] [stdout] 
[INFO] [stdout] error[E0405]: cannot find trait `IrcRead` in this scope
[INFO] [stdout]   --> src/func/player.rs:57:13
[INFO] [stdout]    |
[INFO] [stdout] 57 | impl<'a, T: IrcRead, U: IrcWrite> Login<'a, T, U> {
[INFO] [stdout]    |             ^^^^^^^ not found in this scope
[INFO] [stdout] 
[INFO] [stdout] 
[INFO] [stdout] error[E0405]: cannot find trait `IrcWrite` in this scope
[INFO] [stdout]   --> src/func/player.rs:57:25
[INFO] [stdout]    |
[INFO] [stdout] 57 | impl<'a, T: IrcRead, U: IrcWrite> Login<'a, T, U> {
[INFO] [stdout]    |                         ^^^^^^^^ not found in this scope
[INFO] [stdout] 
[INFO] [stdout] 
[INFO] [stdout] error[E0412]: cannot find type `ServerExt` in this scope
[INFO] [stdout]   --> src/func/player.rs:58:25
[INFO] [stdout]    |
[INFO] [stdout] 58 |     pub fn new(bot: &'a ServerExt<'a, T, U>, user: &'a str, args: Vec<&'a str>, world: &'a mut World) -> BotResult<Box<Functionality + 'a...
[INFO] [stdout]    |                         ^^^^^^^^^ not found in this scope
[INFO] [stdout] 
[INFO] [stdout] 
[INFO] [stdout] error[E0405]: cannot find trait `IrcRead` in this scope
[INFO] [stdout]   --> src/func/player.rs:85:13
[INFO] [stdout]    |
[INFO] [stdout] 85 | impl<'a, T: IrcRead, U: IrcWrite> Functionality for Login<'a, T, U> {
[INFO] [stdout]    |             ^^^^^^^ not found in this scope
[INFO] [stdout] 
[INFO] [stdout] 
[INFO] [stdout] error[E0405]: cannot find trait `IrcWrite` in this scope
[INFO] [stdout]   --> src/func/player.rs:85:25
[INFO] [stdout]    |
[INFO] [stdout] 85 | impl<'a, T: IrcRead, U: IrcWrite> Functionality for Login<'a, T, U> {
[INFO] [stdout]    |                         ^^^^^^^^ not found in this scope
[INFO] [stdout] 
[INFO] [stdout] 
[INFO] [stdout] error[E0405]: cannot find trait `IrcRead` in this scope
[INFO] [stdout]    --> src/func/player.rs:103:26
[INFO] [stdout]     |
[INFO] [stdout] 103 | pub struct Logout<'a, T: IrcRead, U: IrcWrite> {
[INFO] [stdout]     |                          ^^^^^^^ not found in this scope
[INFO] [stdout] 
[INFO] [stdout] 
[INFO] [stdout] error[E0405]: cannot find trait `IrcWrite` in this scope
[INFO] [stdout]    --> src/func/player.rs:103:38
[INFO] [stdout]     |
[INFO] [stdout] 103 | pub struct Logout<'a, T: IrcRead, U: IrcWrite> {
[INFO] [stdout]     |                                      ^^^^^^^^ not found in this scope
[INFO] [stdout] 
[INFO] [stdout] 
[INFO] [stdout] error[E0412]: cannot find type `ServerExt` in this scope
[INFO] [stdout]    --> src/func/player.rs:104:14
[INFO] [stdout]     |
[INFO] [stdout] 104 |     bot: &'a ServerExt<'a, T, U>,
[INFO] [stdout]     |              ^^^^^^^^^ not found in this scope
[INFO] [stdout] 
[INFO] [stdout] 
[INFO] [stdout] error[E0405]: cannot find trait `IrcRead` in this scope
[INFO] [stdout]    --> src/func/player.rs:109:13
[INFO] [stdout]     |
[INFO] [stdout] 109 | impl<'a, T: IrcRead, U: IrcWrite> Logout<'a, T, U> {
[INFO] [stdout]     |             ^^^^^^^ not found in this scope
[INFO] [stdout] 
[INFO] [stdout] 
[INFO] [stdout] error[E0405]: cannot find trait `IrcWrite` in this scope
[INFO] [stdout]    --> src/func/player.rs:109:25
[INFO] [stdout]     |
[INFO] [stdout] 109 | impl<'a, T: IrcRead, U: IrcWrite> Logout<'a, T, U> {
[INFO] [stdout]     |                         ^^^^^^^^ not found in this scope
[INFO] [stdout] 
[INFO] [stdout] 
[INFO] [stdout] error[E0412]: cannot find type `ServerExt` in this scope
[INFO] [stdout]    --> src/func/player.rs:110:25
[INFO] [stdout]     |
[INFO] [stdout] 110 |     pub fn new(bot: &'a ServerExt<'a, T, U>, user: &'a str, world: &'a mut World) -> BotResult<Box<Functionality + 'a>> {
[INFO] [stdout]     |                         ^^^^^^^^^ not found in this scope
[INFO] [stdout] 
[INFO] [stdout] 
[INFO] [stdout] error[E0405]: cannot find trait `IrcRead` in this scope
[INFO] [stdout]    --> src/func/player.rs:115:13
[INFO] [stdout]     |
[INFO] [stdout] 115 | impl<'a, T: IrcRead, U: IrcWrite> Functionality for Logout<'a, T, U> {
[INFO] [stdout]     |             ^^^^^^^ not found in this scope
[INFO] [stdout] 
[INFO] [stdout] 
[INFO] [stdout] error[E0405]: cannot find trait `IrcWrite` in this scope
[INFO] [stdout]    --> src/func/player.rs:115:25
[INFO] [stdout]     |
[INFO] [stdout] 115 | impl<'a, T: IrcRead, U: IrcWrite> Functionality for Logout<'a, T, U> {
[INFO] [stdout]     |                         ^^^^^^^^ not found in this scope
[INFO] [stdout] 
[INFO] [stdout] 
[INFO] [stdout] error[E0405]: cannot find trait `IrcRead` in this scope
[INFO] [stdout]    --> src/func/player.rs:128:27
[INFO] [stdout]     |
[INFO] [stdout] 128 | pub struct AddFeat<'a, T: IrcRead, U: IrcWrite> {
[INFO] [stdout]     |                           ^^^^^^^ not found in this scope
[INFO] [stdout] 
[INFO] [stdout] 
[INFO] [stdout] error[E0405]: cannot find trait `IrcWrite` in this scope
[INFO] [stdout]    --> src/func/player.rs:128:39
[INFO] [stdout]     |
[INFO] [stdout] 128 | pub struct AddFeat<'a, T: IrcRead, U: IrcWrite> {
[INFO] [stdout]     |                                       ^^^^^^^^ not found in this scope
[INFO] [stdout] 
[INFO] [stdout] 
[INFO] [stdout] error[E0412]: cannot find type `ServerExt` in this scope
[INFO] [stdout]    --> src/func/player.rs:129:14
[INFO] [stdout]     |
[INFO] [stdout] 129 |     bot: &'a ServerExt<'a, T, U>,
[INFO] [stdout]     |              ^^^^^^^^^ not found in this scope
[INFO] [stdout] 
[INFO] [stdout] 
[INFO] [stdout] error[E0405]: cannot find trait `IrcRead` in this scope
[INFO] [stdout]    --> src/func/player.rs:135:13
[INFO] [stdout]     |
[INFO] [stdout] 135 | impl<'a, T: IrcRead, U: IrcWrite> AddFeat<'a, T, U> {
[INFO] [stdout]     |             ^^^^^^^ not found in this scope
[INFO] [stdout] 
[INFO] [stdout] 
[INFO] [stdout] error[E0405]: cannot find trait `IrcWrite` in this scope
[INFO] [stdout]    --> src/func/player.rs:135:25
[INFO] [stdout]     |
[INFO] [stdout] 135 | impl<'a, T: IrcRead, U: IrcWrite> AddFeat<'a, T, U> {
[INFO] [stdout]     |                         ^^^^^^^^ not found in this scope
[INFO] [stdout] 
[INFO] [stdout] 
[INFO] [stdout] error[E0412]: cannot find type `ServerExt` in this scope
[INFO] [stdout]    --> src/func/player.rs:136:25
[INFO] [stdout]     |
[INFO] [stdout] 136 |     pub fn new(bot: &'a ServerExt<'a, T, U>, user: &'a str, args: Vec<&'a str>, world: &'a mut World) -> BotResult<Box<Functionality + 'a...
[INFO] [stdout]     |                         ^^^^^^^^^ not found in this scope
[INFO] [stdout] 
[INFO] [stdout] 
[INFO] [stdout] error[E0405]: cannot find trait `IrcRead` in this scope
[INFO] [stdout]    --> src/func/player.rs:142:13
[INFO] [stdout]     |
[INFO] [stdout] 142 | impl<'a, T: IrcRead, U: IrcWrite> Functionality for AddFeat<'a, T, U> {
[INFO] [stdout]     |             ^^^^^^^ not found in this scope
[INFO] [stdout] 
[INFO] [stdout] 
[INFO] [stdout] error[E0405]: cannot find trait `IrcWrite` in this scope
[INFO] [stdout]    --> src/func/player.rs:142:25
[INFO] [stdout]     |
[INFO] [stdout] 142 | impl<'a, T: IrcRead, U: IrcWrite> Functionality for AddFeat<'a, T, U> {
[INFO] [stdout]     |                         ^^^^^^^^ not found in this scope
[INFO] [stdout] 
[INFO] [stdout] 
[INFO] [stdout] error[E0405]: cannot find trait `IrcRead` in this scope
[INFO] [stdout]    --> src/func/player.rs:154:24
[INFO] [stdout]     |
[INFO] [stdout] 154 | pub struct Save<'a, T: IrcRead, U: IrcWrite> {
[INFO] [stdout]     |                        ^^^^^^^ not found in this scope
[INFO] [stdout] 
[INFO] [stdout] 
[INFO] [stdout] error[E0405]: cannot find trait `IrcWrite` in this scope
[INFO] [stdout]    --> src/func/player.rs:154:36
[INFO] [stdout]     |
[INFO] [stdout] 154 | pub struct Save<'a, T: IrcRead, U: IrcWrite> {
[INFO] [stdout]     |                                    ^^^^^^^^ not found in this scope
[INFO] [stdout] 
[INFO] [stdout] 
[INFO] [stdout] error[E0412]: cannot find type `ServerExt` in this scope
[INFO] [stdout]    --> src/func/player.rs:155:14
[INFO] [stdout]     |
[INFO] [stdout] 155 |     bot: &'a ServerExt<'a, T, U>,
[INFO] [stdout]     |              ^^^^^^^^^ not found in this scope
[INFO] [stdout] 
[INFO] [stdout] 
[INFO] [stdout] error[E0405]: cannot find trait `IrcRead` in this scope
[INFO] [stdout]    --> src/func/player.rs:160:13
[INFO] [stdout]     |
[INFO] [stdout] 160 | impl<'a, T: IrcRead, U: IrcWrite> Save<'a, T, U> {
[INFO] [stdout]     |             ^^^^^^^ not found in this scope
[INFO] [stdout] 
[INFO] [stdout] 
[INFO] [stdout] error[E0405]: cannot find trait `IrcWrite` in this scope
[INFO] [stdout]    --> src/func/player.rs:160:25
[INFO] [stdout]     |
[INFO] [stdout] 160 | impl<'a, T: IrcRead, U: IrcWrite> Save<'a, T, U> {
[INFO] [stdout]     |                         ^^^^^^^^ not found in this scope
[INFO] [stdout] 
[INFO] [stdout] 
[INFO] [stdout] error[E0412]: cannot find type `ServerExt` in this scope
[INFO] [stdout]    --> src/func/player.rs:161:25
[INFO] [stdout]     |
[INFO] [stdout] 161 |     pub fn new(bot: &'a ServerExt<'a, T, U>, user: &'a str, world: &'a mut World) -> BotResult<Box<Functionality + 'a>> {
[INFO] [stdout]     |                         ^^^^^^^^^ not found in this scope
[INFO] [stdout] 
[INFO] [stdout] 
[INFO] [stdout] error[E0405]: cannot find trait `IrcRead` in this scope
[INFO] [stdout]    --> src/func/player.rs:166:13
[INFO] [stdout]     |
[INFO] [stdout] 166 | impl<'a, T: IrcRead, U: IrcWrite> Functionality for Save<'a, T, U> {
[INFO] [stdout]     |             ^^^^^^^ not found in this scope
[INFO] [stdout] 
[INFO] [stdout] 
[INFO] [stdout] error[E0405]: cannot find trait `IrcWrite` in this scope
[INFO] [stdout]    --> src/func/player.rs:166:25
[INFO] [stdout]     |
[INFO] [stdout] 166 | impl<'a, T: IrcRead, U: IrcWrite> Functionality for Save<'a, T, U> {
[INFO] [stdout]     |                         ^^^^^^^^ not found in this scope
[INFO] [stdout] 
[INFO] [stdout] 
[INFO] [stdout] error[E0405]: cannot find trait `IrcRead` in this scope
[INFO] [stdout]    --> src/func/player.rs:184:32
[INFO] [stdout]     |
[INFO] [stdout] 184 | pub struct LookUpPlayer<'a, T: IrcRead, U: IrcWrite> {
[INFO] [stdout]     |                                ^^^^^^^ not found in this scope
[INFO] [stdout] 
[INFO] [stdout] 
[INFO] [stdout] error[E0405]: cannot find trait `IrcWrite` in this scope
[INFO] [stdout]    --> src/func/player.rs:184:44
[INFO] [stdout]     |
[INFO] [stdout] 184 | pub struct LookUpPlayer<'a, T: IrcRead, U: IrcWrite> {
[INFO] [stdout]     |                                            ^^^^^^^^ not found in this scope
[INFO] [stdout] 
[INFO] [stdout] 
[INFO] [stdout] error[E0412]: cannot find type `ServerExt` in this scope
[INFO] [stdout]    --> src/func/player.rs:185:14
[INFO] [stdout]     |
[INFO] [stdout] 185 |     bot: &'a ServerExt<'a, T, U>,
[INFO] [stdout]     |              ^^^^^^^^^ not found in this scope
[INFO] [stdout] 
[INFO] [stdout] 
[INFO] [stdout] error[E0405]: cannot find trait `IrcRead` in this scope
[INFO] [stdout]    --> src/func/player.rs:192:13
[INFO] [stdout]     |
[INFO] [stdout] 192 | impl<'a, T: IrcRead, U: IrcWrite> LookUpPlayer<'a, T, U> {
[INFO] [stdout]     |             ^^^^^^^ not found in this scope
[INFO] [stdout] 
[INFO] [stdout] 
[INFO] [stdout] error[E0405]: cannot find trait `IrcWrite` in this scope
[INFO] [stdout]    --> src/func/player.rs:192:25
[INFO] [stdout]     |
[INFO] [stdout] 192 | impl<'a, T: IrcRead, U: IrcWrite> LookUpPlayer<'a, T, U> {
[INFO] [stdout]     |                         ^^^^^^^^ not found in this scope
[INFO] [stdout] 
[INFO] [stdout] 
[INFO] [stdout] error[E0412]: cannot find type `ServerExt` in this scope
[INFO] [stdout]    --> src/func/player.rs:193:25
[INFO] [stdout]     |
[INFO] [stdout] 193 |     pub fn new(bot: &'a ServerExt<'a, T, U>, resp: &'a str, args: Vec<&'a str>, world: &'a mut World) -> BotResult<Box<Functionality + 'a...
[INFO] [stdout]     |                         ^^^^^^^^^ not found in this scope
[INFO] [stdout] 
[INFO] [stdout] 
[INFO] [stdout] error[E0405]: cannot find trait `IrcRead` in this scope
[INFO] [stdout]    --> src/func/player.rs:216:13
[INFO] [stdout]     |
[INFO] [stdout] 216 | impl<'a, T: IrcRead, U: IrcWrite> Functionality for LookUpPlayer<'a, T, U> {
[INFO] [stdout]     |             ^^^^^^^ not found in this scope
[INFO] [stdout] 
[INFO] [stdout] 
[INFO] [stdout] error[E0405]: cannot find trait `IrcWrite` in this scope
[INFO] [stdout]    --> src/func/player.rs:216:25
[INFO] [stdout]     |
[INFO] [stdout] 216 | impl<'a, T: IrcRead, U: IrcWrite> Functionality for LookUpPlayer<'a, T, U> {
[INFO] [stdout]     |                         ^^^^^^^^ not found in this scope
[INFO] [stdout] 
[INFO] [stdout] 
[INFO] [stdout] error[E0405]: cannot find trait `IrcRead` in this scope
[INFO] [stdout]    --> src/func/player.rs:242:29
[INFO] [stdout]     |
[INFO] [stdout] 242 | pub struct AddUpdate<'a, T: IrcRead, U: IrcWrite> {
[INFO] [stdout]     |                             ^^^^^^^ not found in this scope
[INFO] [stdout] 
[INFO] [stdout] 
[INFO] [stdout] error[E0405]: cannot find trait `IrcWrite` in this scope
[INFO] [stdout]    --> src/func/player.rs:242:41
[INFO] [stdout]     |
[INFO] [stdout] 242 | pub struct AddUpdate<'a, T: IrcRead, U: IrcWrite> {
[INFO] [stdout]     |                                         ^^^^^^^^ not found in this scope
[INFO] [stdout] 
[INFO] [stdout] 
[INFO] [stdout] error[E0412]: cannot find type `ServerExt` in this scope
[INFO] [stdout]    --> src/func/player.rs:243:14
[INFO] [stdout]     |
[INFO] [stdout] 243 |     bot: &'a ServerExt<'a, T, U>,
[INFO] [stdout]     |              ^^^^^^^^^ not found in this scope
[INFO] [stdout] 
[INFO] [stdout] 
[INFO] [stdout] error[E0405]: cannot find trait `IrcRead` in this scope
[INFO] [stdout]    --> src/func/player.rs:252:13
[INFO] [stdout]     |
[INFO] [stdout] 252 | impl<'a, T: IrcRead, U: IrcWrite> AddUpdate<'a, T, U> {
[INFO] [stdout]     |             ^^^^^^^ not found in this scope
[INFO] [stdout] 
[INFO] [stdout] 
[INFO] [stdout] error[E0405]: cannot find trait `IrcWrite` in this scope
[INFO] [stdout]    --> src/func/player.rs:252:25
[INFO] [stdout]     |
[INFO] [stdout] 252 | impl<'a, T: IrcRead, U: IrcWrite> AddUpdate<'a, T, U> {
[INFO] [stdout]     |                         ^^^^^^^^ not found in this scope
[INFO] [stdout] 
[INFO] [stdout] 
[INFO] [stdout] error[E0412]: cannot find type `ServerExt` in this scope
[INFO] [stdout]    --> src/func/player.rs:253:25
[INFO] [stdout]     |
[INFO] [stdout] 253 |     pub fn new(bot: &'a ServerExt<'a, T, U>, user: &'a str, chan: &'a str, args: Vec<&'a str>, world: &'a mut World, update: bool) -> Bot...
[INFO] [stdout]     |                         ^^^^^^^^^ not found in this scope
[INFO] [stdout] 
[INFO] [stdout] 
[INFO] [stdout] error[E0405]: cannot find trait `IrcRead` in this scope
[INFO] [stdout]    --> src/func/player.rs:273:13
[INFO] [stdout]     |
[INFO] [stdout] 273 | impl<'a, T: IrcRead, U: IrcWrite> Functionality for AddUpdate<'a, T, U> {
[INFO] [stdout]     |             ^^^^^^^ not found in this scope
[INFO] [stdout] 
[INFO] [stdout] 
[INFO] [stdout] error[E0405]: cannot find trait `IrcWrite` in this scope
[INFO] [stdout]    --> src/func/player.rs:273:25
[INFO] [stdout]     |
[INFO] [stdout] 273 | impl<'a, T: IrcRead, U: IrcWrite> Functionality for AddUpdate<'a, T, U> {
[INFO] [stdout]     |                         ^^^^^^^^ not found in this scope
[INFO] [stdout] 
[INFO] [stdout] 
[INFO] [stdout] error[E0405]: cannot find trait `IrcRead` in this scope
[INFO] [stdout]   --> src/func/world.rs:10:26
[INFO] [stdout]    |
[INFO] [stdout] 10 | pub struct Create<'a, T: IrcRead, U: IrcWrite> {
[INFO] [stdout]    |                          ^^^^^^^ not found in this scope
[INFO] [stdout] 
[INFO] [stdout] 
[INFO] [stdout] error[E0405]: cannot find trait `IrcWrite` in this scope
[INFO] [stdout]   --> src/func/world.rs:10:38
[INFO] [stdout]    |
[INFO] [stdout] 10 | pub struct Create<'a, T: IrcRead, U: IrcWrite> {
[INFO] [stdout]    |                                      ^^^^^^^^ not found in this scope
[INFO] [stdout] 
[INFO] [stdout] 
[INFO] [stdout] error[E0412]: cannot find type `ServerExt` in this scope
[INFO] [stdout]   --> src/func/world.rs:11:14
[INFO] [stdout]    |
[INFO] [stdout] 11 |     bot: &'a ServerExt<'a, T, U>,
[INFO] [stdout]    |              ^^^^^^^^^ not found in this scope
[INFO] [stdout] 
[INFO] [stdout] 
[INFO] [stdout] error[E0405]: cannot find trait `IrcRead` in this scope
[INFO] [stdout]   --> src/func/world.rs:18:13
[INFO] [stdout]    |
[INFO] [stdout] 18 | impl<'a, T: IrcRead, U: IrcWrite> Create<'a, T, U> {
[INFO] [stdout]    |             ^^^^^^^ not found in this scope
[INFO] [stdout] 
[INFO] [stdout] 
[INFO] [stdout] error[E0405]: cannot find trait `IrcWrite` in this scope
[INFO] [stdout]   --> src/func/world.rs:18:25
[INFO] [stdout]    |
[INFO] [stdout] 18 | impl<'a, T: IrcRead, U: IrcWrite> Create<'a, T, U> {
[INFO] [stdout]    |                         ^^^^^^^^ not found in this scope
[INFO] [stdout] 
[INFO] [stdout] 
[INFO] [stdout] error[E0412]: cannot find type `ServerExt` in this scope
[INFO] [stdout]   --> src/func/world.rs:19:25
[INFO] [stdout]    |
[INFO] [stdout] 19 |     pub fn new(bot: &'a ServerExt<'a, T, U>, user: &'a str, args: Vec<&'a str>, world: &'a mut World) -> BotResult<Box<Functionality + 'a...
[INFO] [stdout]    |                         ^^^^^^^^^ not found in this scope
[INFO] [stdout] 
[INFO] [stdout] 
[INFO] [stdout] error[E0405]: cannot find trait `IrcRead` in this scope
[INFO] [stdout]   --> src/func/world.rs:25:13
[INFO] [stdout]    |
[INFO] [stdout] 25 | impl<'a, T: IrcRead, U: IrcWrite> Functionality for Create<'a, T, U> {
[INFO] [stdout]    |             ^^^^^^^ not found in this scope
[INFO] [stdout] 
[INFO] [stdout] 
[INFO] [stdout] error[E0405]: cannot find trait `IrcWrite` in this scope
[INFO] [stdout]   --> src/func/world.rs:25:25
[INFO] [stdout]    |
[INFO] [stdout] 25 | impl<'a, T: IrcRead, U: IrcWrite> Functionality for Create<'a, T, U> {
[INFO] [stdout]    |                         ^^^^^^^^ not found in this scope
[INFO] [stdout] 
[INFO] [stdout] 
[INFO] [stdout] error[E0405]: cannot find trait `IrcRead` in this scope
[INFO] [stdout]   --> src/func/world.rs:42:31
[INFO] [stdout]    |
[INFO] [stdout] 42 | pub struct PrivateRoll<'a, T: IrcRead, U: IrcWrite> {
[INFO] [stdout]    |                               ^^^^^^^ not found in this scope
[INFO] [stdout] 
[INFO] [stdout] 
[INFO] [stdout] error[E0405]: cannot find trait `IrcWrite` in this scope
[INFO] [stdout]   --> src/func/world.rs:42:43
[INFO] [stdout]    |
[INFO] [stdout] 42 | pub struct PrivateRoll<'a, T: IrcRead, U: IrcWrite> {
[INFO] [stdout]    |                                           ^^^^^^^^ not found in this scope
[INFO] [stdout] 
[INFO] [stdout] 
[INFO] [stdout] error[E0412]: cannot find type `ServerExt` in this scope
[INFO] [stdout]   --> src/func/world.rs:43:14
[INFO] [stdout]    |
[INFO] [stdout] 43 |     bot: &'a ServerExt<'a, T, U>,
[INFO] [stdout]    |              ^^^^^^^^^ not found in this scope
[INFO] [stdout] 
[INFO] [stdout] 
[INFO] [stdout] error[E0405]: cannot find trait `IrcRead` in this scope
[INFO] [stdout]   --> src/func/world.rs:47:13
[INFO] [stdout]    |
[INFO] [stdout] 47 | impl<'a, T: IrcRead, U: IrcWrite> PrivateRoll<'a, T, U> {
[INFO] [stdout]    |             ^^^^^^^ not found in this scope
[INFO] [stdout] 
[INFO] [stdout] 
[INFO] [stdout] error[E0405]: cannot find trait `IrcWrite` in this scope
[INFO] [stdout]   --> src/func/world.rs:47:25
[INFO] [stdout]    |
[INFO] [stdout] 47 | impl<'a, T: IrcRead, U: IrcWrite> PrivateRoll<'a, T, U> {
[INFO] [stdout]    |                         ^^^^^^^^ not found in this scope
[INFO] [stdout] 
[INFO] [stdout] 
[INFO] [stdout] error[E0412]: cannot find type `ServerExt` in this scope
[INFO] [stdout]   --> src/func/world.rs:48:25
[INFO] [stdout]    |
[INFO] [stdout] 48 |     pub fn new(bot: &'a ServerExt<'a, T, U>, user: &'a str) -> BotResult<Box<Functionality + 'a>> {
[INFO] [stdout]    |                         ^^^^^^^^^ not found in this scope
[INFO] [stdout] 
[INFO] [stdout] 
[INFO] [stdout] error[E0405]: cannot find trait `IrcRead` in this scope
[INFO] [stdout]   --> src/func/world.rs:53:13
[INFO] [stdout]    |
[INFO] [stdout] 53 | impl<'a, T: IrcRead, U: IrcWrite> Functionality for PrivateRoll<'a, T, U> {
[INFO] [stdout]    |             ^^^^^^^ not found in this scope
[INFO] [stdout] 
[INFO] [stdout] 
[INFO] [stdout] error[E0405]: cannot find trait `IrcWrite` in this scope
[INFO] [stdout]   --> src/func/world.rs:53:25
[INFO] [stdout]    |
[INFO] [stdout] 53 | impl<'a, T: IrcRead, U: IrcWrite> Functionality for PrivateRoll<'a, T, U> {
[INFO] [stdout]    |                         ^^^^^^^^ not found in this scope
[INFO] [stdout] 
[INFO] [stdout] 
[INFO] [stdout] error[E0405]: cannot find trait `IrcRead` in this scope
[INFO] [stdout]   --> src/func/world.rs:59:27
[INFO] [stdout]    |
[INFO] [stdout] 59 | pub struct SaveAll<'a, T: IrcRead, U: IrcWrite> {
[INFO] [stdout]    |                           ^^^^^^^ not found in this scope
[INFO] [stdout] 
[INFO] [stdout] 
[INFO] [stdout] error[E0405]: cannot find trait `IrcWrite` in this scope
[INFO] [stdout]   --> src/func/world.rs:59:39
[INFO] [stdout]    |
[INFO] [stdout] 59 | pub struct SaveAll<'a, T: IrcRead, U: IrcWrite> {
[INFO] [stdout]    |                                       ^^^^^^^^ not found in this scope
[INFO] [stdout] 
[INFO] [stdout] 
[INFO] [stdout] error[E0412]: cannot find type `ServerExt` in this scope
[INFO] [stdout]   --> src/func/world.rs:60:14
[INFO] [stdout]    |
[INFO] [stdout] 60 |     bot: &'a ServerExt<'a, T, U>,
[INFO] [stdout]    |              ^^^^^^^^^ not found in this scope
[INFO] [stdout] 
[INFO] [stdout] 
[INFO] [stdout] error[E0405]: cannot find trait `IrcRead` in this scope
[INFO] [stdout]   --> src/func/world.rs:65:13
[INFO] [stdout]    |
[INFO] [stdout] 65 | impl<'a, T: IrcRead, U: IrcWrite> SaveAll<'a, T, U> {
[INFO] [stdout]    |             ^^^^^^^ not found in this scope
[INFO] [stdout] 
[INFO] [stdout] 
[INFO] [stdout] error[E0405]: cannot find trait `IrcWrite` in this scope
[INFO] [stdout]   --> src/func/world.rs:65:25
[INFO] [stdout]    |
[INFO] [stdout] 65 | impl<'a, T: IrcRead, U: IrcWrite> SaveAll<'a, T, U> {
[INFO] [stdout]    |                         ^^^^^^^^ not found in this scope
[INFO] [stdout] 
[INFO] [stdout] 
[INFO] [stdout] error[E0412]: cannot find type `ServerExt` in this scope
[INFO] [stdout]   --> src/func/world.rs:66:25
[INFO] [stdout]    |
[INFO] [stdout] 66 |     pub fn new(bot: &'a ServerExt<'a, T, U>, user: &'a str, world: &'a World) -> BotResult<Box<Functionality + 'a>> {
[INFO] [stdout]    |                         ^^^^^^^^^ not found in this scope
[INFO] [stdout] 
[INFO] [stdout] 
[INFO] [stdout] error[E0405]: cannot find trait `IrcRead` in this scope
[INFO] [stdout]   --> src/func/world.rs:75:13
[INFO] [stdout]    |
[INFO] [stdout] 75 | impl<'a, T: IrcRead, U: IrcWrite> Functionality for SaveAll<'a, T, U> {
[INFO] [stdout]    |             ^^^^^^^ not found in this scope
[INFO] [stdout] 
[INFO] [stdout] 
[INFO] [stdout] error[E0405]: cannot find trait `IrcWrite` in this scope
[INFO] [stdout]   --> src/func/world.rs:75:25
[INFO] [stdout]    |
[INFO] [stdout] 75 | impl<'a, T: IrcRead, U: IrcWrite> Functionality for SaveAll<'a, T, U> {
[INFO] [stdout]    |                         ^^^^^^^^ not found in this scope
[INFO] [stdout] 
[INFO] [stdout] 
[INFO] [stdout] warning: use of deprecated macro `try`: use the `?` operator instead
[INFO] [stdout]   --> src/data/game.rs:28:32
[INFO] [stdout]    |
[INFO] [stdout] 28 |         if account.password == try!(as_io(Game::password_hash(password))) {
[INFO] [stdout]    |                                ^^^
[INFO] [stdout]    |
[INFO] [stdout]    = note: `#[warn(deprecated)]` on by default
[INFO] [stdout] 
[INFO] [stdout] 
[INFO] [stdout] warning: use of deprecated macro `try`: use the `?` operator instead
[INFO] [stdout]   --> src/data/game.rs:38:9
[INFO] [stdout]    |
[INFO] [stdout] 38 |         try!(hasher.write_all(password.as_bytes()));
[INFO] [stdout]    |         ^^^
[INFO] [stdout] 
[INFO] [stdout] 
[INFO] [stdout] warning: use of deprecated macro `try`: use the `?` operator instead
[INFO] [stdout]   --> src/data/player.rs:31:23
[INFO] [stdout]    |
[INFO] [stdout] 31 |             password: try!(as_io(Game::password_hash(password))),
[INFO] [stdout]    |                       ^^^
[INFO] [stdout] 
[INFO] [stdout] 
[INFO] [stdout] warning: use of deprecated macro `try`: use the `?` operator instead
[INFO] [stdout]   --> src/data/player.rs:59:24
[INFO] [stdout]    |
[INFO] [stdout] 59 |         let mut file = try!(File::open(&Path::new(&path)));
[INFO] [stdout]    |                        ^^^
[INFO] [stdout] 
[INFO] [stdout] 
[INFO] [stdout] warning: use of deprecated macro `try`: use the `?` operator instead
[INFO] [stdout]   --> src/data/player.rs:61:9
[INFO] [stdout]    |
[INFO] [stdout] 61 |         try!(file.read_to_string(&mut data));
[INFO] [stdout]    |         ^^^
[INFO] [stdout] 
[INFO] [stdout] 
[INFO] [stdout] warning: use of deprecated macro `try`: use the `?` operator instead
[INFO] [stdout]   --> src/data/player.rs:69:9
[INFO] [stdout]    |
[INFO] [stdout] 69 |         try!(create_dir_all(&Path::new(&path)));
[INFO] [stdout]    |         ^^^
[INFO] [stdout] 
[INFO] [stdout] 
[INFO] [stdout] warning: use of deprecated macro `try`: use the `?` operator instead
[INFO] [stdout]   --> src/data/player.rs:72:21
[INFO] [stdout]    |
[INFO] [stdout] 72 |         let mut f = try!(File::create(&Path::new(&path)));
[INFO] [stdout]    |                     ^^^
[INFO] [stdout] 
[INFO] [stdout] 
[INFO] [stdout] warning: use of deprecated macro `try`: use the `?` operator instead
[INFO] [stdout]   --> src/data/player.rs:73:21
[INFO] [stdout]    |
[INFO] [stdout] 73 |         f.write_all(try!(encode(self).map_err(|_| Error::new(
[INFO] [stdout]    |                     ^^^
[INFO] [stdout] 
[INFO] [stdout] 
[INFO] [stdout] warning: use of deprecated macro `try`: use the `?` operator instead
[INFO] [stdout]   --> src/data/world.rs:38:9
[INFO] [stdout]    |
[INFO] [stdout] 38 |         try!(as_io(self.users[&nick].save()));
[INFO] [stdout]    |         ^^^
[INFO] [stdout] 
[INFO] [stdout] 
[INFO] [stdout] warning: use of deprecated macro `try`: use the `?` operator instead
[INFO] [stdout]    --> src/data/world.rs:110:13
[INFO] [stdout]     |
[INFO] [stdout] 110 |             try!(user.save());
[INFO] [stdout]     |             ^^^
[INFO] [stdout] 
[INFO] [stdout] 
[INFO] [stdout] warning: use of deprecated macro `try`: use the `?` operator instead
[INFO] [stdout]   --> src/func/entity.rs:32:21
[INFO] [stdout]    |
[INFO] [stdout] 32 |             target: try!(get_target(if args.len() > 1 { args[1] } else { "" }, user, chan, chan, world)),
[INFO] [stdout]    |                     ^^^
[INFO] [stdout] 
[INFO] [stdout] 
[INFO] [stdout] warning: use of deprecated macro `try`: use the `?` operator instead
[INFO] [stdout]   --> src/func/entity.rs:68:21
[INFO] [stdout]    |
[INFO] [stdout] 68 |             target: try!(get_target(args[1], user, chan, chan, world)),
[INFO] [stdout]    |                     ^^^
[INFO] [stdout] 
[INFO] [stdout] 
[INFO] [stdout] warning: use of deprecated macro `try`: use the `?` operator instead
[INFO] [stdout]    --> src/func/entity.rs:111:9
[INFO] [stdout]     |
[INFO] [stdout] 111 |         try!(validate_from(args.clone(), 3, chan, ".temp",
[INFO] [stdout]     |         ^^^
[INFO] [stdout] 
[INFO] [stdout] 
[INFO] [stdout] warning: use of deprecated macro `try`: use the `?` operator instead
[INFO] [stdout]    --> src/func/entity.rs:117:21
[INFO] [stdout]     |
[INFO] [stdout] 117 |             target: try!(get_target(args[1], user, chan, chan, world)),
[INFO] [stdout]     |                     ^^^
[INFO] [stdout] 
[INFO] [stdout] 
[INFO] [stdout] warning: use of deprecated macro `try`: use the `?` operator instead
[INFO] [stdout]    --> src/func/entity.rs:153:21
[INFO] [stdout]     |
[INFO] [stdout] 153 |             target: try!(get_target(args[1], user, chan, chan, world)),
[INFO] [stdout]     |                     ^^^
[INFO] [stdout] 
[INFO] [stdout] 
[INFO] [stdout] warning: use of deprecated macro `try`: use the `?` operator instead
[INFO] [stdout]    --> src/func/entity.rs:198:21
[INFO] [stdout]     |
[INFO] [stdout] 198 |             target: try!(get_target(target, user, chan, chan, world)),
[INFO] [stdout]     |                     ^^^
[INFO] [stdout] 
[INFO] [stdout] 
[INFO] [stdout] warning: use of deprecated macro `try`: use the `?` operator instead
[INFO] [stdout]   --> src/func/monster.rs:29:9
[INFO] [stdout]    |
[INFO] [stdout] 29 |         try!(validate_from(args.clone(), 3, user, "addmonster",
[INFO] [stdout]    |         ^^^
[INFO] [stdout] 
[INFO] [stdout] 
[INFO] [stdout] warning: use of deprecated macro `try`: use the `?` operator instead
[INFO] [stdout]   --> src/func/monster.rs:88:22
[INFO] [stdout]    |
[INFO] [stdout] 88 |         let target = try!(get_target(self.target_str, self.user, self.user, self.chan, self.world));
[INFO] [stdout]    |                      ^^^
[INFO] [stdout] 
[INFO] [stdout] 
[INFO] [stdout] warning: use of deprecated macro `try`: use the `?` operator instead
[INFO] [stdout]   --> src/func/player.rs:27:9
[INFO] [stdout]    |
[INFO] [stdout] 27 |         try!(validate_from(args.clone(), 3, user, "register",
[INFO] [stdout]    |         ^^^
[INFO] [stdout] 
[INFO] [stdout] 
[INFO] [stdout] warning: use of deprecated macro `try`: use the `?` operator instead
[INFO] [stdout]   --> src/func/player.rs:42:17
[INFO] [stdout]    |
[INFO] [stdout] 42 |         let p = try!(Player::create(self.username, self.password, self.health, self.movement,
[INFO] [stdout]    |                 ^^^
[INFO] [stdout] 
[INFO] [stdout] 
[INFO] [stdout] warning: use of deprecated macro `try`: use the `?` operator instead
[INFO] [stdout]   --> src/func/player.rs:44:9
[INFO] [stdout]    |
[INFO] [stdout] 44 |         try!(as_io(p.save()));
[INFO] [stdout]    |         ^^^
[INFO] [stdout] 
[INFO] [stdout] 
[INFO] [stdout] warning: use of deprecated macro `try`: use the `?` operator instead
[INFO] [stdout]   --> src/func/player.rs:90:17
[INFO] [stdout]    |
[INFO] [stdout] 90 |                 try!(as_io(self.bot.send_privmsg(self.user, try!(res))));
[INFO] [stdout]    |                 ^^^
[INFO] [stdout] 
[INFO] [stdout] 
[INFO] [stdout] warning: use of deprecated macro `try`: use the `?` operator instead
[INFO] [stdout]   --> src/func/player.rs:90:61
[INFO] [stdout]    |
[INFO] [stdout] 90 |                 try!(as_io(self.bot.send_privmsg(self.user, try!(res))));
[INFO] [stdout]    |                                                             ^^^
[INFO] [stdout] 
[INFO] [stdout] 
[INFO] [stdout] warning: use of deprecated macro `try`: use the `?` operator instead
[INFO] [stdout]   --> src/func/player.rs:91:17
[INFO] [stdout]    |
[INFO] [stdout] 91 |                 try!(as_io(self.bot.send_invite(self.user, self.chan)));
[INFO] [stdout]    |                 ^^^
[INFO] [stdout] 
[INFO] [stdout] 
[INFO] [stdout] warning: use of deprecated macro `try`: use the `?` operator instead
[INFO] [stdout]    --> src/func/player.rs:118:24
[INFO] [stdout]     |
[INFO] [stdout] 118 |             let chan = try!(self.world.remove_user(self.user));
[INFO] [stdout]     |                        ^^^
[INFO] [stdout] 
[INFO] [stdout] 
[INFO] [stdout] warning: use of deprecated macro `try`: use the `?` operator instead
[INFO] [stdout]    --> src/func/player.rs:119:13
[INFO] [stdout]     |
[INFO] [stdout] 119 |             try!(as_io(self.bot.send_kick(chan, self.user, "Logged out.")));
[INFO] [stdout]     |             ^^^
[INFO] [stdout] 
[INFO] [stdout] 
[INFO] [stdout] warning: use of deprecated macro `try`: use the `?` operator instead
[INFO] [stdout]    --> src/func/player.rs:120:13
[INFO] [stdout]     |
[INFO] [stdout] 120 |             try!(as_io(self.bot.send_privmsg(self.user, "You've been logged out.")));
[INFO] [stdout]     |             ^^^
[INFO] [stdout] 
[INFO] [stdout] 
[INFO] [stdout] warning: use of deprecated macro `try`: use the `?` operator instead
[INFO] [stdout]    --> src/func/player.rs:122:13
[INFO] [stdout]     |
[INFO] [stdout] 122 |             try!(as_io(self.bot.send_privmsg(self.user, "You're not currently logged in.")));
[INFO] [stdout]     |             ^^^
[INFO] [stdout] 
[INFO] [stdout] 
[INFO] [stdout] warning: use of deprecated macro `try`: use the `?` operator instead
[INFO] [stdout]    --> src/func/player.rs:146:13
[INFO] [stdout]     |
[INFO] [stdout] 146 |             try!(as_io(self.bot.send_privmsg(self.user, &format!("Added {} feat.", self.feat_name))));
[INFO] [stdout]     |             ^^^
[INFO] [stdout] 
[INFO] [stdout] 
[INFO] [stdout] warning: use of deprecated macro `try`: use the `?` operator instead
[INFO] [stdout]    --> src/func/player.rs:170:26
[INFO] [stdout]     |
[INFO] [stdout] 170 |                 Ok(_) => try!(as_io(
[INFO] [stdout]     |                          ^^^
[INFO] [stdout] 
[INFO] [stdout] 
[INFO] [stdout] warning: use of deprecated macro `try`: use the `?` operator instead
[INFO] [stdout]    --> src/func/player.rs:173:27
[INFO] [stdout]     |
[INFO] [stdout] 173 |                 Err(_) => try!(as_io(
[INFO] [stdout]     |                           ^^^
[INFO] [stdout] 
[INFO] [stdout] 
[INFO] [stdout] warning: use of deprecated macro `try`: use the `?` operator instead
[INFO] [stdout]    --> src/func/player.rs:222:17
[INFO] [stdout]     |
[INFO] [stdout] 222 |         let p = try!(res);
[INFO] [stdout]     |                 ^^^
[INFO] [stdout] 
[INFO] [stdout] 
[INFO] [stdout] warning: use of deprecated macro `try`: use the `?` operator instead
[INFO] [stdout]    --> src/func/player.rs:278:17
[INFO] [stdout]     |
[INFO] [stdout] 278 |                 try!(as_io(
[INFO] [stdout]     |                 ^^^
[INFO] [stdout] 
[INFO] [stdout] 
[INFO] [stdout] warning: use of deprecated macro `try`: use the `?` operator instead
[INFO] [stdout]    --> src/func/player.rs:284:17
[INFO] [stdout]     |
[INFO] [stdout] 284 |                 try!(as_io(
[INFO] [stdout]     |                 ^^^
[INFO] [stdout] 
[INFO] [stdout] 
[INFO] [stdout] warning: use of deprecated macro `try`: use the `?` operator instead
[INFO] [stdout]    --> src/func/player.rs:358:25
[INFO] [stdout]     |
[INFO] [stdout] 358 |                 let p = try!(as_io(Player::load("login")));
[INFO] [stdout]     |                         ^^^
[INFO] [stdout] 
[INFO] [stdout] 
[INFO] [stdout] warning: use of deprecated macro `try`: use the `?` operator instead
[INFO] [stdout]    --> src/func/player.rs:359:17
[INFO] [stdout]     |
[INFO] [stdout] 359 |                 try!(if let Some(game) = world.games.get_mut(&"#test".to_string()) {
[INFO] [stdout]     |                 ^^^
[INFO] [stdout] 
[INFO] [stdout] 
[INFO] [stdout] warning: use of deprecated macro `try`: use the `?` operator instead
[INFO] [stdout]    --> src/func/player.rs:378:25
[INFO] [stdout]     |
[INFO] [stdout] 378 |                 let p = try!(as_io(Player::load("login")));
[INFO] [stdout]     |                         ^^^
[INFO] [stdout] 
[INFO] [stdout] 
[INFO] [stdout] warning: use of deprecated macro `try`: use the `?` operator instead
[INFO] [stdout]    --> src/func/player.rs:379:17
[INFO] [stdout]     |
[INFO] [stdout] 379 |                 try!(if let Some(game) = world.games.get_mut(&"#test".to_string()) {
[INFO] [stdout]     |                 ^^^
[INFO] [stdout] 
[INFO] [stdout] 
[INFO] [stdout] warning: use of deprecated macro `try`: use the `?` operator instead
[INFO] [stdout]    --> src/func/player.rs:402:25
[INFO] [stdout]     |
[INFO] [stdout] 402 |                 let p = try!(as_io(Player::load("login")));
[INFO] [stdout]     |                         ^^^
[INFO] [stdout] 
[INFO] [stdout] 
[INFO] [stdout] warning: use of deprecated macro `try`: use the `?` operator instead
[INFO] [stdout]    --> src/func/player.rs:403:17
[INFO] [stdout]     |
[INFO] [stdout] 403 |                 try!(if let Some(game) = world.games.get_mut(&"test".to_string()) {
[INFO] [stdout]     |                 ^^^
[INFO] [stdout] 
[INFO] [stdout] 
[INFO] [stdout] warning: use of deprecated macro `try`: use the `?` operator instead
[INFO] [stdout]   --> src/func/world.rs:32:9
[INFO] [stdout]    |
[INFO] [stdout] 32 |         try!(as_io(self.bot.send_join(self.chan)));
[INFO] [stdout]    |         ^^^
[INFO] [stdout] 
[INFO] [stdout] 
[INFO] [stdout] warning: use of deprecated macro `try`: use the `?` operator instead
[INFO] [stdout]   --> src/func/world.rs:33:9
[INFO] [stdout]    |
[INFO] [stdout] 33 |         try!(as_io(self.bot.send_topic(self.chan, &self.title)));
[INFO] [stdout]    |         ^^^
[INFO] [stdout] 
[INFO] [stdout] 
[INFO] [stdout] warning: use of deprecated macro `try`: use the `?` operator instead
[INFO] [stdout]   --> src/func/world.rs:34:9
[INFO] [stdout]    |
[INFO] [stdout] 34 |         try!(as_io(self.bot.send_mode(self.chan, "+i", "")));
[INFO] [stdout]    |         ^^^
[INFO] [stdout] 
[INFO] [stdout] 
[INFO] [stdout] warning: use of deprecated macro `try`: use the `?` operator instead
[INFO] [stdout]   --> src/func/world.rs:37:9
[INFO] [stdout]    |
[INFO] [stdout] 37 |         try!(as_io(self.bot.send_privmsg(self.user, &s)));
[INFO] [stdout]    |         ^^^
[INFO] [stdout] 
[INFO] [stdout] 
[INFO] [stdout] warning: use of deprecated macro `try`: use the `?` operator instead
[INFO] [stdout]   --> src/func/world.rs:77:9
[INFO] [stdout]    |
[INFO] [stdout] 77 |         try!(as_io(self.world.save_all()));
[INFO] [stdout]    |         ^^^
[INFO] [stdout] 
[INFO] [stdout] 
[INFO] [stdout] warning: use of deprecated macro `try`: use the `?` operator instead
[INFO] [stdout]    --> src/func/mod.rs:156:17
[INFO] [stdout]     |
[INFO] [stdout] 156 |                 try!(bot.send_privmsg(&resp, &msg));
[INFO] [stdout]     |                 ^^^
[INFO] [stdout] 
[INFO] [stdout] 
[INFO] [stdout] warning: use of deprecated macro `try`: use the `?` operator instead
[INFO] [stdout]    --> src/func/mod.rs:158:17
[INFO] [stdout]     |
[INFO] [stdout] 158 |                 try!(bot.send_privmsg(&resp, &msg));
[INFO] [stdout]     |                 ^^^
[INFO] [stdout] 
[INFO] [stdout] 
[INFO] [stdout] warning: use of deprecated macro `try`: use the `?` operator instead
[INFO] [stdout]    --> src/func/mod.rs:163:17
[INFO] [stdout]     |
[INFO] [stdout] 163 |                 try!(bot.identify());
[INFO] [stdout]     |                 ^^^
[INFO] [stdout] 
[INFO] [stdout] 
[INFO] [stdout] warning: use of deprecated macro `try`: use the `?` operator instead
[INFO] [stdout]    --> src/func/mod.rs:203:20
[INFO] [stdout]     |
[INFO] [stdout] 203 |         } else if !try!(res).is_dm(user) {
[INFO] [stdout]     |                    ^^^
[INFO] [stdout] 
[INFO] [stdout] 
[INFO] [stdout] warning: use of deprecated macro `try`: use the `?` operator instead
[INFO] [stdout]    --> src/func/mod.rs:233:9
[INFO] [stdout]     |
[INFO] [stdout] 233 |         try!(world_hook(&mut world));
[INFO] [stdout]     |         ^^^
[INFO] [stdout] 
[INFO] [stdout] 
[INFO] [stdout] warning: trait objects without an explicit `dyn` are deprecated
[INFO] [stdout]   --> src/data/world.rs:80:90
[INFO] [stdout]    |
[INFO] [stdout] 80 |     pub fn get_entity(&mut self, identifier: &str, chan: Option<&str>) -> BotResult<&mut Entity> {
[INFO] [stdout]    |                                                                                          ^^^^^^ help: use `dyn`: `dyn Entity`
[INFO] [stdout]    |
[INFO] [stdout]    = note: `#[warn(bare_trait_objects)]` on by default
[INFO] [stdout] 
[INFO] [stdout] 
[INFO] [stdout] warning: unused import: `irc::client::prelude::*`
[INFO] [stdout]  --> src/func/entity.rs:9:5
[INFO] [stdout]   |
[INFO] [stdout] 9 | use irc::client::prelude::*;
[INFO] [stdout]   |     ^^^^^^^^^^^^^^^^^^^^^^^
[INFO] [stdout]   |
[INFO] [stdout]   = note: `#[warn(unused_imports)]` on by default
[INFO] [stdout] 
[INFO] [stdout] 
[INFO] [stdout] warning: trait objects without an explicit `dyn` are deprecated
[INFO] [stdout]   --> src/func/entity.rs:14:18
[INFO] [stdout]    |
[INFO] [stdout] 14 |     target: &'a (Entity + 'a),
[INFO] [stdout]    |                  ^^^^^^^^^^^ help: use `dyn`: `dyn Entity + 'a`
[INFO] [stdout] 
[INFO] [stdout] 
[INFO] [stdout] warning: trait objects without an explicit `dyn` are deprecated
[INFO] [stdout]   --> src/func/entity.rs:20:135
[INFO] [stdout]    |
[INFO] [stdout] 20 | ...rld: &'a mut World) -> BotResult<Box<Functionality + 'a>> {
[INFO] [stdout]    |                                         ^^^^^^^^^^^^^^^^^^ help: use `dyn`: `dyn Functionality + 'a`
[INFO] [stdout] 
[INFO] [stdout] 
[INFO] [stdout] warning: trait objects without an explicit `dyn` are deprecated
[INFO] [stdout]   --> src/func/entity.rs:57:22
[INFO] [stdout]    |
[INFO] [stdout] 57 |     target: &'a mut (Entity + 'a),
[INFO] [stdout]    |                      ^^^^^^^^^^^ help: use `dyn`: `dyn Entity + 'a`
[INFO] [stdout] 
[INFO] [stdout] 
[INFO] [stdout] warning: trait objects without an explicit `dyn` are deprecated
[INFO] [stdout]   --> src/func/entity.rs:62:135
[INFO] [stdout]    |
[INFO] [stdout] 62 | ...rld: &'a mut World) -> BotResult<Box<Functionality + 'a>> {
[INFO] [stdout]    |                                         ^^^^^^^^^^^^^^^^^^ help: use `dyn`: `dyn Functionality + 'a`
[INFO] [stdout] 
[INFO] [stdout] 
[INFO] [stdout] warning: trait objects without an explicit `dyn` are deprecated
[INFO] [stdout]   --> src/func/entity.rs:97:22
[INFO] [stdout]    |
[INFO] [stdout] 97 |     target: &'a mut (Entity + 'a),
[INFO] [stdout]    |                      ^^^^^^^^^^^ help: use `dyn`: `dyn Entity + 'a`
[INFO] [stdout] 
[INFO] [stdout] 
[INFO] [stdout] warning: trait objects without an explicit `dyn` are deprecated
[INFO] [stdout]    --> src/func/entity.rs:104:135
[INFO] [stdout]     |
[INFO] [stdout] 104 | ...rld: &'a mut World) -> BotResult<Box<Functionality + 'a>> {
[INFO] [stdout]     |                                         ^^^^^^^^^^^^^^^^^^ help: use `dyn`: `dyn Functionality + 'a`
[INFO] [stdout] 
[INFO] [stdout] 
[INFO] [stdout] warning: trait objects without an explicit `dyn` are deprecated
[INFO] [stdout]    --> src/func/entity.rs:139:22
[INFO] [stdout]     |
[INFO] [stdout] 139 |     target: &'a mut (Entity + 'a),
[INFO] [stdout]     |                      ^^^^^^^^^^^ help: use `dyn`: `dyn Entity + 'a`
[INFO] [stdout] 
[INFO] [stdout] 
[INFO] [stdout] warning: trait objects without an explicit `dyn` are deprecated
[INFO] [stdout]    --> src/func/entity.rs:143:135
[INFO] [stdout]     |
[INFO] [stdout] 143 | ...rld: &'a mut World) -> BotResult<Box<Functionality + 'a>> {
[INFO] [stdout]     |                                         ^^^^^^^^^^^^^^^^^^ help: use `dyn`: `dyn Functionality + 'a`
[INFO] [stdout] 
[INFO] [stdout] 
[INFO] [stdout] warning: trait objects without an explicit `dyn` are deprecated
[INFO] [stdout]    --> src/func/entity.rs:171:22
[INFO] [stdout]     |
[INFO] [stdout] 171 |     target: &'a mut (Entity + 'a),
[INFO] [stdout]     |                      ^^^^^^^^^^^ help: use `dyn`: `dyn Entity + 'a`
[INFO] [stdout] 
[INFO] [stdout] 
[INFO] [stdout] warning: trait objects without an explicit `dyn` are deprecated
[INFO] [stdout]    --> src/func/entity.rs:185:135
[INFO] [stdout]     |
[INFO] [stdout] 185 | ...rld: &'a mut World) -> BotResult<Box<Functionality + 'a>> {
[INFO] [stdout]     |                                         ^^^^^^^^^^^^^^^^^^ help: use `dyn`: `dyn Functionality + 'a`
[INFO] [stdout] 
[INFO] [stdout] 
[INFO] [stdout] error[E0433]: failed to resolve: use of undeclared type or module `IrcServer`
[INFO] [stdout]   --> src/main.rs:15:18
[INFO] [stdout]    |
[INFO] [stdout] 15 |     let server = IrcServer::new("config.json").unwrap();
[INFO] [stdout]    |                  ^^^^^^^^^ use of undeclared type or module `IrcServer`
[INFO] [stdout] 
[INFO] [stdout] 
[INFO] [stdout] warning: unused import: `irc::client::prelude::*`
[INFO] [stdout]  --> src/func/monster.rs:9:5
[INFO] [stdout]   |
[INFO] [stdout] 9 | use irc::client::prelude::*;
[INFO] [stdout]   |     ^^^^^^^^^^^^^^^^^^^^^^^
[INFO] [stdout] 
[INFO] [stdout] 
[INFO] [stdout] warning: trait objects without an explicit `dyn` are deprecated
[INFO] [stdout]   --> src/func/monster.rs:22:120
[INFO] [stdout]    |
[INFO] [stdout] 22 | ...rld: &'a mut World) -> BotResult<Box<Functionality + 'a>> {
[INFO] [stdout]    |                                         ^^^^^^^^^^^^^^^^^^ help: use `dyn`: `dyn Functionality + 'a`
[INFO] [stdout] 
[INFO] [stdout] 
[INFO] [stdout] warning: trait objects without an explicit `dyn` are deprecated
[INFO] [stdout]   --> src/func/monster.rs:63:120
[INFO] [stdout]    |
[INFO] [stdout] 63 | ...rld: &'a mut World) -> BotResult<Box<Functionality + 'a>> {
[INFO] [stdout]    |                                         ^^^^^^^^^^^^^^^^^^ help: use `dyn`: `dyn Functionality + 'a`
[INFO] [stdout] 
[INFO] [stdout] 
[INFO] [stdout] error[E0433]: failed to resolve: use of undeclared type or module `Hasher`
[INFO] [stdout]   --> src/data/game.rs:37:26
[INFO] [stdout]    |
[INFO] [stdout] 37 |         let mut hasher = Hasher::new(Type::SHA512);
[INFO] [stdout]    |                          ^^^^^^ not found in this scope
[INFO] [stdout]    |
[INFO] [stdout] help: consider importing one of these items
[INFO] [stdout]    |
[INFO] [stdout] 1  | use openssl::hash::Hasher;
[INFO] [stdout]    |
[INFO] [stdout] 1  | use std::hash::Hasher;
[INFO] [stdout]    |
[INFO] [stdout] 
[INFO] [stdout] 
[INFO] [stdout] warning: unused import: `irc::client::prelude::*`
[INFO] [stdout]  --> src/func/player.rs:9:5
[INFO] [stdout]   |
[INFO] [stdout] 9 | use irc::client::prelude::*;
[INFO] [stdout]   |     ^^^^^^^^^^^^^^^^^^^^^^^
[INFO] [stdout] 
[INFO] [stdout] 
[INFO] [stdout] warning: trait objects without an explicit `dyn` are deprecated
[INFO] [stdout]   --> src/func/player.rs:21:98
[INFO] [stdout]    |
[INFO] [stdout] 21 |     pub fn new(bot: &'a ServerExt<'a, T, U>, user: &'a str, args: Vec<&'a str>) -> BotResult<Box<Functionality + 'a>> {
[INFO] [stdout]    |                                                                                                  ^^^^^^^^^^^^^^^^^^ help: use `dyn`: `dyn Functionality + 'a`
[INFO] [stdout] 
[INFO] [stdout] 
[INFO] [stdout] error[E0405]: cannot find trait `IrcRead` in this scope
[INFO] [stdout]   --> src/func/entity.rs:11:24
[INFO] [stdout]    |
[INFO] [stdout] 11 | pub struct Roll<'a, T: IrcRead, U: IrcWrite> {
[INFO] [stdout]    |                        ^^^^^^^ not found in this scope
[INFO] [stdout] 
[INFO] [stdout] 
[INFO] [stdout] error[E0405]: cannot find trait `IrcWrite` in this scope
[INFO] [stdout]   --> src/func/entity.rs:11:36
[INFO] [stdout]    |
[INFO] [stdout] 11 | pub struct Roll<'a, T: IrcRead, U: IrcWrite> {
[INFO] [stdout]    |                                    ^^^^^^^^ not found in this scope
[INFO] [stdout] 
[INFO] [stdout] 
[INFO] [stdout] error[E0412]: cannot find type `ServerExt` in this scope
[INFO] [stdout]   --> src/func/entity.rs:12:14
[INFO] [stdout]    |
[INFO] [stdout] 12 |     bot: &'a ServerExt<'a, T, U>,
[INFO] [stdout]    |              ^^^^^^^^^ not found in this scope
[INFO] [stdout] 
[INFO] [stdout] 
[INFO] [stdout] warning: trait objects without an explicit `dyn` are deprecated
[INFO] [stdout]   --> src/func/player.rs:58:120
[INFO] [stdout]    |
[INFO] [stdout] 58 | ...rld: &'a mut World) -> BotResult<Box<Functionality + 'a>> {
[INFO] [stdout]    |                                         ^^^^^^^^^^^^^^^^^^ help: use `dyn`: `dyn Functionality + 'a`
[INFO] [stdout] 
[INFO] [stdout] 
[INFO] [stdout] error[E0405]: cannot find trait `IrcRead` in this scope
[INFO] [stdout]   --> src/func/entity.rs:19:13
[INFO] [stdout]    |
[INFO] [stdout] 19 | impl<'a, T: IrcRead, U: IrcWrite> Roll<'a, T, U> {
[INFO] [stdout]    |             ^^^^^^^ not found in this scope
[INFO] [stdout] 
[INFO] [stdout] 
[INFO] [stdout] error[E0405]: cannot find trait `IrcWrite` in this scope
[INFO] [stdout]   --> src/func/entity.rs:19:25
[INFO] [stdout]    |
[INFO] [stdout] 19 | impl<'a, T: IrcRead, U: IrcWrite> Roll<'a, T, U> {
[INFO] [stdout]    |                         ^^^^^^^^ not found in this scope
[INFO] [stdout] 
[INFO] [stdout] 
[INFO] [stdout] warning: trait objects without an explicit `dyn` are deprecated
[INFO] [stdout]    --> src/func/player.rs:110:100
[INFO] [stdout]     |
[INFO] [stdout] 110 |     pub fn new(bot: &'a ServerExt<'a, T, U>, user: &'a str, world: &'a mut World) -> BotResult<Box<Functionality + 'a>> {
[INFO] [stdout]     |                                                                                                    ^^^^^^^^^^^^^^^^^^ help: use `dyn`: `dyn Functionality + 'a`
[INFO] [stdout] 
[INFO] [stdout] 
[INFO] [stdout] error[E0412]: cannot find type `ServerExt` in this scope
[INFO] [stdout]   --> src/func/entity.rs:20:25
[INFO] [stdout]    |
[INFO] [stdout] 20 |     pub fn new(bot: &'a ServerExt<'a, T, U>, user: &'a str, chan: &'a str, args: Vec<&'a str>, world: &'a mut World) -> BotResult<Box<Fun...
[INFO] [stdout]    |                         ^^^^^^^^^ not found in this scope
[INFO] [stdout] 
[INFO] [stdout] 
[INFO] [stdout] error[E0405]: cannot find trait `IrcRead` in this scope
[INFO] [stdout]   --> src/func/entity.rs:39:13
[INFO] [stdout]    |
[INFO] [stdout] 39 | impl<'a, T: IrcRead, U: IrcWrite> Functionality for Roll<'a, T, U> {
[INFO] [stdout]    |             ^^^^^^^ not found in this scope
[INFO] [stdout] 
[INFO] [stdout] 
[INFO] [stdout] error[E0405]: cannot find trait `IrcWrite` in this scope
[INFO] [stdout]   --> src/func/entity.rs:39:25
[INFO] [stdout]    |
[INFO] [stdout] 39 | impl<'a, T: IrcRead, U: IrcWrite> Functionality for Roll<'a, T, U> {
[INFO] [stdout]    |                         ^^^^^^^^ not found in this scope
[INFO] [stdout] 
[INFO] [stdout] 
[INFO] [stdout] error[E0405]: cannot find trait `IrcRead` in this scope
[INFO] [stdout]   --> src/func/entity.rs:53:26
[INFO] [stdout]    |
[INFO] [stdout] 53 | pub struct Damage<'a, T: IrcRead, U: IrcWrite> {
[INFO] [stdout]    |                          ^^^^^^^ not found in this scope
[INFO] [stdout] 
[INFO] [stdout] 
[INFO] [stdout] warning: trait objects without an explicit `dyn` are deprecated
[INFO] [stdout]    --> src/func/player.rs:136:120
[INFO] [stdout]     |
[INFO] [stdout] 136 | ...rld: &'a mut World) -> BotResult<Box<Functionality + 'a>> {
[INFO] [stdout]     |                                         ^^^^^^^^^^^^^^^^^^ help: use `dyn`: `dyn Functionality + 'a`
[INFO] [stdout] 
[INFO] [stdout] 
[INFO] [stdout] error[E0405]: cannot find trait `IrcWrite` in this scope
[INFO] [stdout]   --> src/func/entity.rs:53:38
[INFO] [stdout]    |
[INFO] [stdout] 53 | pub struct Damage<'a, T: IrcRead, U: IrcWrite> {
[INFO] [stdout]    |                                      ^^^^^^^^ not found in this scope
[INFO] [stdout] 
[INFO] [stdout] 
[INFO] [stdout] error[E0412]: cannot find type `ServerExt` in this scope
[INFO] [stdout]   --> src/func/entity.rs:54:14
[INFO] [stdout]    |
[INFO] [stdout] 54 |     bot: &'a ServerExt<'a, T, U>,
[INFO] [stdout]    |              ^^^^^^^^^ not found in this scope
[INFO] [stdout] 
[INFO] [stdout] 
[INFO] [stdout] warning: trait objects without an explicit `dyn` are deprecated
[INFO] [stdout]    --> src/func/player.rs:161:100
[INFO] [stdout]     |
[INFO] [stdout] 161 |     pub fn new(bot: &'a ServerExt<'a, T, U>, user: &'a str, world: &'a mut World) -> BotResult<Box<Functionality + 'a>> {
[INFO] [stdout]     |                                                                                                    ^^^^^^^^^^^^^^^^^^ help: use `dyn`: `dyn Functionality + 'a`
[INFO] [stdout] 
[INFO] [stdout] 
[INFO] [stdout] error[E0405]: cannot find trait `IrcRead` in this scope
[INFO] [stdout]   --> src/func/entity.rs:61:13
[INFO] [stdout]    |
[INFO] [stdout] 61 | impl<'a, T: IrcRead, U: IrcWrite> Damage<'a, T, U> {
[INFO] [stdout]    |             ^^^^^^^ not found in this scope
[INFO] [stdout] 
[INFO] [stdout] 
[INFO] [stdout] warning: trait objects without an explicit `dyn` are deprecated
[INFO] [stdout]    --> src/func/player.rs:193:120
[INFO] [stdout]     |
[INFO] [stdout] 193 | ...rld: &'a mut World) -> BotResult<Box<Functionality + 'a>> {
[INFO] [stdout]     |                                         ^^^^^^^^^^^^^^^^^^ help: use `dyn`: `dyn Functionality + 'a`
[INFO] [stdout] 
[INFO] [stdout] 
[INFO] [stdout] error[E0405]: cannot find trait `IrcWrite` in this scope
[INFO] [stdout]   --> src/func/entity.rs:61:25
[INFO] [stdout]    |
[INFO] [stdout] 61 | impl<'a, T: IrcRead, U: IrcWrite> Damage<'a, T, U> {
[INFO] [stdout]    |                         ^^^^^^^^ not found in this scope
[INFO] [stdout] 
[INFO] [stdout] 
[INFO] [stdout] error[E0412]: cannot find type `ServerExt` in this scope
[INFO] [stdout]   --> src/func/entity.rs:62:25
[INFO] [stdout]    |
[INFO] [stdout] 62 |     pub fn new(bot: &'a ServerExt<'a, T, U>, user: &'a str, chan: &'a str, args: Vec<&'a str>, world: &'a mut World) -> BotResult<Box<Fun...
[INFO] [stdout]    |                         ^^^^^^^^^ not found in this scope
[INFO] [stdout] 
[INFO] [stdout] 
[INFO] [stdout] error[E0405]: cannot find trait `IrcRead` in this scope
[INFO] [stdout]   --> src/func/entity.rs:81:13
[INFO] [stdout]    |
[INFO] [stdout] 81 | impl<'a, T: IrcRead, U: IrcWrite> Functionality for Damage<'a, T, U> {
[INFO] [stdout]    |             ^^^^^^^ not found in this scope
[INFO] [stdout] 
[INFO] [stdout] 
[INFO] [stdout] warning: trait objects without an explicit `dyn` are deprecated
[INFO] [stdout]    --> src/func/player.rs:253:149
[INFO] [stdout]     |
[INFO] [stdout] 253 | ...orld, update: bool) -> BotResult<Box<Functionality + 'a>> {
[INFO] [stdout]     |                                         ^^^^^^^^^^^^^^^^^^ help: use `dyn`: `dyn Functionality + 'a`
[INFO] [stdout] 
[INFO] [stdout] 
[INFO] [stdout] warning: unused import: `irc::client::prelude::*`
[INFO] [stdout]  --> src/func/world.rs:8:5
[INFO] [stdout]   |
[INFO] [stdout] 8 | use irc::client::prelude::*;
[INFO] [stdout]   |     ^^^^^^^^^^^^^^^^^^^^^^^
[INFO] [stdout] 
[INFO] [stdout] 
[INFO] [stdout] warning: trait objects without an explicit `dyn` are deprecated
[INFO] [stdout]   --> src/func/world.rs:19:120
[INFO] [stdout]    |
[INFO] [stdout] 19 | ...rld: &'a mut World) -> BotResult<Box<Functionality + 'a>> {
[INFO] [stdout]    |                                         ^^^^^^^^^^^^^^^^^^ help: use `dyn`: `dyn Functionality + 'a`
[INFO] [stdout] 
[INFO] [stdout] 
[INFO] [stdout] warning: trait objects without an explicit `dyn` are deprecated
[INFO] [stdout]   --> src/func/world.rs:48:78
[INFO] [stdout]    |
[INFO] [stdout] 48 |     pub fn new(bot: &'a ServerExt<'a, T, U>, user: &'a str) -> BotResult<Box<Functionality + 'a>> {
[INFO] [stdout]    |                                                                              ^^^^^^^^^^^^^^^^^^ help: use `dyn`: `dyn Functionality + 'a`
[INFO] [stdout] 
[INFO] [stdout] 
[INFO] [stdout] warning: trait objects without an explicit `dyn` are deprecated
[INFO] [stdout]   --> src/func/world.rs:66:96
[INFO] [stdout]    |
[INFO] [stdout] 66 |     pub fn new(bot: &'a ServerExt<'a, T, U>, user: &'a str, world: &'a World) -> BotResult<Box<Functionality + 'a>> {
[INFO] [stdout]    |                                                                                                ^^^^^^^^^^^^^^^^^^ help: use `dyn`: `dyn Functionality + 'a`
[INFO] [stdout] 
[INFO] [stdout] 
[INFO] [stdout] warning: trait objects without an explicit `dyn` are deprecated
[INFO] [stdout]   --> src/func/mod.rs:28:98
[INFO] [stdout]    |
[INFO] [stdout] 28 |     pub fn new(bot: &'a ServerExt<'a, T, U>, resp: &'a str, args: Vec<&'a str>) -> BotResult<Box<Functionality + 'a>> {
[INFO] [stdout]    |                                                                                                  ^^^^^^^^^^^^^^^^^^ help: use `dyn`: `dyn Functionality + 'a`
[INFO] [stdout] 
[INFO] [stdout] 
[INFO] [stdout] warning: trait objects without an explicit `dyn` are deprecated
[INFO] [stdout]    --> src/func/mod.rs:177:124
[INFO] [stdout]     |
[INFO] [stdout] 177 |     pub fn get_target<'a>(maybe: &str, fallback: &str, resp: &str, chan: &str, world: &'a mut World) -> BotResult<&'a mut (Entity + 'a)> {
[INFO] [stdout]     |                                                                                                                            ^^^^^^^^^^^ help: use `dyn`: `dyn Entity + 'a`
[INFO] [stdout] 
[INFO] [stdout] 
[INFO] [stdout] error[E0405]: cannot find trait `IrcWrite` in this scope
[INFO] [stdout]   --> src/func/entity.rs:81:25
[INFO] [stdout]    |
[INFO] [stdout] 81 | impl<'a, T: IrcRead, U: IrcWrite> Functionality for Damage<'a, T, U> {
[INFO] [stdout]    |                         ^^^^^^^^ not found in this scope
[INFO] [stdout] 
[INFO] [stdout] 
[INFO] [stdout] error[E0405]: cannot find trait `IrcRead` in this scope
[INFO] [stdout]   --> src/func/entity.rs:93:32
[INFO] [stdout]    |
[INFO] [stdout] 93 | pub struct SetTempStats<'a, T: IrcRead, U: IrcWrite> {
[INFO] [stdout]    |                                ^^^^^^^ not found in this scope
[INFO] [stdout] 
[INFO] [stdout] 
[INFO] [stdout] error[E0405]: cannot find trait `IrcWrite` in this scope
[INFO] [stdout]   --> src/func/entity.rs:93:44
[INFO] [stdout]    |
[INFO] [stdout] 93 | pub struct SetTempStats<'a, T: IrcRead, U: IrcWrite> {
[INFO] [stdout]    |                                            ^^^^^^^^ not found in this scope
[INFO] [stdout] 
[INFO] [stdout] 
[INFO] [stdout] error[E0412]: cannot find type `ServerExt` in this scope
[INFO] [stdout]   --> src/func/entity.rs:94:14
[INFO] [stdout]    |
[INFO] [stdout] 94 |     bot: &'a ServerExt<'a, T, U>,
[INFO] [stdout]    |              ^^^^^^^^^ not found in this scope
[INFO] [stdout] 
[INFO] [stdout] 
[INFO] [stdout] error[E0405]: cannot find trait `IrcRead` in this scope
[INFO] [stdout]    --> src/func/entity.rs:103:13
[INFO] [stdout]     |
[INFO] [stdout] 103 | impl<'a, T: IrcRead, U: IrcWrite> SetTempStats<'a, T, U> {
[INFO] [stdout]     |             ^^^^^^^ not found in this scope
[INFO] [stdout] 
[INFO] [stdout] 
[INFO] [stdout] error[E0405]: cannot find trait `IrcWrite` in this scope
[INFO] [stdout]    --> src/func/entity.rs:103:25
[INFO] [stdout]     |
[INFO] [stdout] 103 | impl<'a, T: IrcRead, U: IrcWrite> SetTempStats<'a, T, U> {
[INFO] [stdout]     |                         ^^^^^^^^ not found in this scope
[INFO] [stdout] 
[INFO] [stdout] 
[INFO] [stdout] error[E0412]: cannot find type `ServerExt` in this scope
[INFO] [stdout]    --> src/func/entity.rs:104:25
[INFO] [stdout]     |
[INFO] [stdout] 104 |     pub fn new(bot: &'a ServerExt<'a, T, U>, user: &'a str, chan: &'a str, args: Vec<&'a str>, world: &'a mut World) -> BotResult<Box<Fun...
[INFO] [stdout]     |                         ^^^^^^^^^ not found in this scope
[INFO] [stdout] 
[INFO] [stdout] 
[INFO] [stdout] error[E0405]: cannot find trait `IrcRead` in this scope
[INFO] [stdout]    --> src/func/entity.rs:125:13
[INFO] [stdout]     |
[INFO] [stdout] 125 | impl<'a, T: IrcRead, U: IrcWrite> Functionality for SetTempStats<'a, T, U> {
[INFO] [stdout]     |             ^^^^^^^ not found in this scope
[INFO] [stdout] 
[INFO] [stdout] 
[INFO] [stdout] error[E0405]: cannot find trait `IrcWrite` in this scope
[INFO] [stdout]    --> src/func/entity.rs:125:25
[INFO] [stdout]     |
[INFO] [stdout] 125 | impl<'a, T: IrcRead, U: IrcWrite> Functionality for SetTempStats<'a, T, U> {
[INFO] [stdout]     |                         ^^^^^^^^ not found in this scope
[INFO] [stdout] 
[INFO] [stdout] 
[INFO] [stdout] error[E0405]: cannot find trait `IrcRead` in this scope
[INFO] [stdout]    --> src/func/entity.rs:135:34
[INFO] [stdout]     |
[INFO] [stdout] 135 | pub struct ClearTempStats<'a, T: IrcRead, U: IrcWrite> {
[INFO] [stdout]     |                                  ^^^^^^^ not found in this scope
[INFO] [stdout] 
[INFO] [stdout] 
[INFO] [stdout] error[E0405]: cannot find trait `IrcWrite` in this scope
[INFO] [stdout]    --> src/func/entity.rs:135:46
[INFO] [stdout]     |
[INFO] [stdout] 135 | pub struct ClearTempStats<'a, T: IrcRead, U: IrcWrite> {
[INFO] [stdout]     |                                              ^^^^^^^^ not found in this scope
[INFO] [stdout] 
[INFO] [stdout] 
[INFO] [stdout] error[E0412]: cannot find type `ServerExt` in this scope
[INFO] [stdout]    --> src/func/entity.rs:136:14
[INFO] [stdout]     |
[INFO] [stdout] 136 |     bot: &'a ServerExt<'a, T, U>,
[INFO] [stdout]     |              ^^^^^^^^^ not found in this scope
[INFO] [stdout] 
[INFO] [stdout] 
[INFO] [stdout] error[E0405]: cannot find trait `IrcRead` in this scope
[INFO] [stdout]    --> src/func/entity.rs:142:13
[INFO] [stdout]     |
[INFO] [stdout] 142 | impl<'a, T: IrcRead, U: IrcWrite> ClearTempStats<'a, T, U> {
[INFO] [stdout]     |             ^^^^^^^ not found in this scope
[INFO] [stdout] 
[INFO] [stdout] 
[INFO] [stdout] error[E0405]: cannot find trait `IrcWrite` in this scope
[INFO] [stdout]    --> src/func/entity.rs:142:25
[INFO] [stdout]     |
[INFO] [stdout] 142 | impl<'a, T: IrcRead, U: IrcWrite> ClearTempStats<'a, T, U> {
[INFO] [stdout]     |                         ^^^^^^^^ not found in this scope
[INFO] [stdout] 
[INFO] [stdout] 
[INFO] [stdout] error[E0412]: cannot find type `ServerExt` in this scope
[INFO] [stdout]    --> src/func/entity.rs:143:25
[INFO] [stdout]     |
[INFO] [stdout] 143 |     pub fn new(bot: &'a ServerExt<'a, T, U>, user: &'a str, chan: &'a str, args: Vec<&'a str>, world: &'a mut World) -> BotResult<Box<Fun...
[INFO] [stdout]     |                         ^^^^^^^^^ not found in this scope
[INFO] [stdout] 
[INFO] [stdout] 
[INFO] [stdout] error[E0405]: cannot find trait `IrcRead` in this scope
[INFO] [stdout]    --> src/func/entity.rs:158:13
[INFO] [stdout]     |
[INFO] [stdout] 158 | impl<'a, T: IrcRead, U: IrcWrite> Functionality for ClearTempStats<'a, T, U> {
[INFO] [stdout]     |             ^^^^^^^ not found in this scope
[INFO] [stdout] 
[INFO] [stdout] 
[INFO] [stdout] error[E0405]: cannot find trait `IrcWrite` in this scope
[INFO] [stdout]    --> src/func/entity.rs:158:25
[INFO] [stdout]     |
[INFO] [stdout] 158 | impl<'a, T: IrcRead, U: IrcWrite> Functionality for ClearTempStats<'a, T, U> {
[INFO] [stdout]     |                         ^^^^^^^^ not found in this scope
[INFO] [stdout] 
[INFO] [stdout] 
[INFO] [stdout] error[E0405]: cannot find trait `IrcRead` in this scope
[INFO] [stdout]    --> src/func/entity.rs:167:24
[INFO] [stdout]     |
[INFO] [stdout] 167 | pub struct Move<'a, T: IrcRead, U: IrcWrite> {
[INFO] [stdout]     |                        ^^^^^^^ not found in this scope
[INFO] [stdout] 
[INFO] [stdout] 
[INFO] [stdout] error[E0405]: cannot find trait `IrcWrite` in this scope
[INFO] [stdout]    --> src/func/entity.rs:167:36
[INFO] [stdout]     |
[INFO] [stdout] 167 | pub struct Move<'a, T: IrcRead, U: IrcWrite> {
[INFO] [stdout]     |                                    ^^^^^^^^ not found in this scope
[INFO] [stdout] 
[INFO] [stdout] 
[INFO] [stdout] error[E0412]: cannot find type `ServerExt` in this scope
[INFO] [stdout]    --> src/func/entity.rs:168:14
[INFO] [stdout]     |
[INFO] [stdout] 168 |     bot: &'a ServerExt<'a, T, U>,
[INFO] [stdout]     |              ^^^^^^^^^ not found in this scope
[INFO] [stdout] 
[INFO] [stdout] 
[INFO] [stdout] error[E0405]: cannot find trait `IrcRead` in this scope
[INFO] [stdout]    --> src/func/entity.rs:184:13
[INFO] [stdout]     |
[INFO] [stdout] 184 | impl<'a, T: IrcRead, U: IrcWrite> Move<'a, T, U> {
[INFO] [stdout]     |             ^^^^^^^ not found in this scope
[INFO] [stdout] 
[INFO] [stdout] 
[INFO] [stdout] error[E0405]: cannot find trait `IrcWrite` in this scope
[INFO] [stdout]    --> src/func/entity.rs:184:25
[INFO] [stdout]     |
[INFO] [stdout] 184 | impl<'a, T: IrcRead, U: IrcWrite> Move<'a, T, U> {
[INFO] [stdout]     |                         ^^^^^^^^ not found in this scope
[INFO] [stdout] 
[INFO] [stdout] 
[INFO] [stdout] error[E0412]: cannot find type `ServerExt` in this scope
[INFO] [stdout]    --> src/func/entity.rs:185:25
[INFO] [stdout]     |
[INFO] [stdout] 185 |     pub fn new(bot: &'a ServerExt<'a, T, U>, user: &'a str, chan: &'a str, args: Vec<&'a str>, world: &'a mut World) -> BotResult<Box<Fun...
[INFO] [stdout]     |                         ^^^^^^^^^ not found in this scope
[INFO] [stdout] 
[INFO] [stdout] 
[INFO] [stdout] error[E0405]: cannot find trait `IrcRead` in this scope
[INFO] [stdout]    --> src/func/entity.rs:212:13
[INFO] [stdout]     |
[INFO] [stdout] 212 | impl<'a, T: IrcRead, U: IrcWrite> Functionality for Move<'a, T, U> {
[INFO] [stdout]     |             ^^^^^^^ not found in this scope
[INFO] [stdout] 
[INFO] [stdout] 
[INFO] [stdout] error[E0405]: cannot find trait `IrcWrite` in this scope
[INFO] [stdout]    --> src/func/entity.rs:212:25
[INFO] [stdout]     |
[INFO] [stdout] 212 | impl<'a, T: IrcRead, U: IrcWrite> Functionality for Move<'a, T, U> {
[INFO] [stdout]     |                         ^^^^^^^^ not found in this scope
[INFO] [stdout] 
[INFO] [stdout] 
[INFO] [stdout] error[E0405]: cannot find trait `IrcRead` in this scope
[INFO] [stdout]   --> src/func/monster.rs:11:30
[INFO] [stdout]    |
[INFO] [stdout] 11 | pub struct AddMonster<'a, T: IrcRead, U: IrcWrite> {
[INFO] [stdout]    |                              ^^^^^^^ not found in this scope
[INFO] [stdout] 
[INFO] [stdout] 
[INFO] [stdout] error[E0405]: cannot find trait `IrcWrite` in this scope
[INFO] [stdout]   --> src/func/monster.rs:11:42
[INFO] [stdout]    |
[INFO] [stdout] 11 | pub struct AddMonster<'a, T: IrcRead, U: IrcWrite> {
[INFO] [stdout]    |                                          ^^^^^^^^ not found in this scope
[INFO] [stdout] 
[INFO] [stdout] 
[INFO] [stdout] error[E0412]: cannot find type `ServerExt` in this scope
[INFO] [stdout]   --> src/func/monster.rs:12:14
[INFO] [stdout]    |
[INFO] [stdout] 12 |     bot: &'a ServerExt<'a, T, U>,
[INFO] [stdout]    |              ^^^^^^^^^ not found in this scope
[INFO] [stdout] 
[INFO] [stdout] 
[INFO] [stdout] error[E0405]: cannot find trait `IrcRead` in this scope
[INFO] [stdout]   --> src/func/monster.rs:21:13
[INFO] [stdout]    |
[INFO] [stdout] 21 | impl<'a, T: IrcRead, U: IrcWrite> AddMonster<'a, T, U> {
[INFO] [stdout]    |             ^^^^^^^ not found in this scope
[INFO] [stdout] 
[INFO] [stdout] 
[INFO] [stdout] error[E0405]: cannot find trait `IrcWrite` in this scope
[INFO] [stdout]   --> src/func/monster.rs:21:25
[INFO] [stdout]    |
[INFO] [stdout] 21 | impl<'a, T: IrcRead, U: IrcWrite> AddMonster<'a, T, U> {
[INFO] [stdout]    |                         ^^^^^^^^ not found in this scope
[INFO] [stdout] 
[INFO] [stdout] 
[INFO] [stdout] error[E0412]: cannot find type `ServerExt` in this scope
[INFO] [stdout]   --> src/func/monster.rs:22:25
[INFO] [stdout]    |
[INFO] [stdout] 22 |     pub fn new(bot: &'a ServerExt<'a, T, U>, user: &'a str, args: Vec<&'a str>, world: &'a mut World) -> BotResult<Box<Functionality + 'a...
[INFO] [stdout]    |                         ^^^^^^^^^ not found in this scope
[INFO] [stdout] 
[INFO] [stdout] 
[INFO] [stdout] error[E0405]: cannot find trait `IrcRead` in this scope
[INFO] [stdout]   --> src/func/monster.rs:43:13
[INFO] [stdout]    |
[INFO] [stdout] 43 | impl<'a, T: IrcRead, U: IrcWrite> Functionality for AddMonster<'a, T, U> {
[INFO] [stdout]    |             ^^^^^^^ not found in this scope
[INFO] [stdout] 
[INFO] [stdout] 
[INFO] [stdout] error[E0405]: cannot find trait `IrcWrite` in this scope
[INFO] [stdout]   --> src/func/monster.rs:43:25
[INFO] [stdout]    |
[INFO] [stdout] 43 | impl<'a, T: IrcRead, U: IrcWrite> Functionality for AddMonster<'a, T, U> {
[INFO] [stdout]    |                         ^^^^^^^^ not found in this scope
[INFO] [stdout] 
[INFO] [stdout] 
[INFO] [stdout] error[E0405]: cannot find trait `IrcRead` in this scope
[INFO] [stdout]   --> src/func/monster.rs:53:33
[INFO] [stdout]    |
[INFO] [stdout] 53 | pub struct LookUpMonster<'a, T: IrcRead, U: IrcWrite> {
[INFO] [stdout]    |                                 ^^^^^^^ not found in this scope
[INFO] [stdout] 
[INFO] [stdout] 
[INFO] [stdout] error[E0405]: cannot find trait `IrcWrite` in this scope
[INFO] [stdout]   --> src/func/monster.rs:53:45
[INFO] [stdout]    |
[INFO] [stdout] 53 | pub struct LookUpMonster<'a, T: IrcRead, U: IrcWrite> {
[INFO] [stdout]    |                                             ^^^^^^^^ not found in this scope
[INFO] [stdout] 
[INFO] [stdout] 
[INFO] [stdout] error[E0412]: cannot find type `ServerExt` in this scope
[INFO] [stdout]   --> src/func/monster.rs:54:14
[INFO] [stdout]    |
[INFO] [stdout] 54 |     bot: &'a ServerExt<'a, T, U>,
[INFO] [stdout]    |              ^^^^^^^^^ not found in this scope
[INFO] [stdout] 
[INFO] [stdout] 
[INFO] [stdout] error[E0405]: cannot find trait `IrcRead` in this scope
[INFO] [stdout]   --> src/func/monster.rs:62:13
[INFO] [stdout]    |
[INFO] [stdout] 62 | impl<'a, T: IrcRead, U: IrcWrite> LookUpMonster<'a, T, U> {
[INFO] [stdout]    |             ^^^^^^^ not found in this scope
[INFO] [stdout] 
[INFO] [stdout] 
[INFO] [stdout] error[E0405]: cannot find trait `IrcWrite` in this scope
[INFO] [stdout]   --> src/func/monster.rs:62:25
[INFO] [stdout]    |
[INFO] [stdout] 62 | impl<'a, T: IrcRead, U: IrcWrite> LookUpMonster<'a, T, U> {
[INFO] [stdout]    |                         ^^^^^^^^ not found in this scope
[INFO] [stdout] 
[INFO] [stdout] 
[INFO] [stdout] error[E0412]: cannot find type `ServerExt` in this scope
[INFO] [stdout]   --> src/func/monster.rs:63:25
[INFO] [stdout]    |
[INFO] [stdout] 63 |     pub fn new(bot: &'a ServerExt<'a, T, U>, user: &'a str, args: Vec<&'a str>, world: &'a mut World) -> BotResult<Box<Functionality + 'a...
[INFO] [stdout]    |                         ^^^^^^^^^ not found in this scope
[INFO] [stdout] 
[INFO] [stdout] 
[INFO] [stdout] error[E0405]: cannot find trait `IrcRead` in this scope
[INFO] [stdout]   --> src/func/monster.rs:86:13
[INFO] [stdout]    |
[INFO] [stdout] 86 | impl<'a, T: IrcRead, U: IrcWrite> Functionality for LookUpMonster<'a, T, U> {
[INFO] [stdout]    |             ^^^^^^^ not found in this scope
[INFO] [stdout] 
[INFO] [stdout] 
[INFO] [stdout] error[E0405]: cannot find trait `IrcWrite` in this scope
[INFO] [stdout]   --> src/func/monster.rs:86:25
[INFO] [stdout]    |
[INFO] [stdout] 86 | impl<'a, T: IrcRead, U: IrcWrite> Functionality for LookUpMonster<'a, T, U> {
[INFO] [stdout]    |                         ^^^^^^^^ not found in this scope
[INFO] [stdout] 
[INFO] [stdout] 
[INFO] [stdout] error[E0405]: cannot find trait `IrcRead` in this scope
[INFO] [stdout]   --> src/func/player.rs:11:28
[INFO] [stdout]    |
[INFO] [stdout] 11 | pub struct Register<'a, T: IrcRead, U: IrcWrite> {
[INFO] [stdout]    |                            ^^^^^^^ not found in this scope
[INFO] [stdout] 
[INFO] [stdout] 
[INFO] [stdout] error[E0405]: cannot find trait `IrcWrite` in this scope
[INFO] [stdout]   --> src/func/player.rs:11:40
[INFO] [stdout]    |
[INFO] [stdout] 11 | pub struct Register<'a, T: IrcRead, U: IrcWrite> {
[INFO] [stdout]    |                                        ^^^^^^^^ not found in this scope
[INFO] [stdout] 
[INFO] [stdout] 
[INFO] [stdout] error[E0412]: cannot find type `ServerExt` in this scope
[INFO] [stdout]   --> src/func/player.rs:12:14
[INFO] [stdout]    |
[INFO] [stdout] 12 |     bot: &'a ServerExt<'a, T, U>,
[INFO] [stdout]    |              ^^^^^^^^^ not found in this scope
[INFO] [stdout] 
[INFO] [stdout] 
[INFO] [stdout] error[E0405]: cannot find trait `IrcRead` in this scope
[INFO] [stdout]   --> src/func/player.rs:20:13
[INFO] [stdout]    |
[INFO] [stdout] 20 | impl<'a, T: IrcRead, U: IrcWrite> Register<'a, T, U> {
[INFO] [stdout]    |             ^^^^^^^ not found in this scope
[INFO] [stdout] 
[INFO] [stdout] 
[INFO] [stdout] error[E0405]: cannot find trait `IrcWrite` in this scope
[INFO] [stdout]   --> src/func/player.rs:20:25
[INFO] [stdout]    |
[INFO] [stdout] 20 | impl<'a, T: IrcRead, U: IrcWrite> Register<'a, T, U> {
[INFO] [stdout]    |                         ^^^^^^^^ not found in this scope
[INFO] [stdout] 
[INFO] [stdout] 
[INFO] [stdout] error[E0412]: cannot find type `ServerExt` in this scope
[INFO] [stdout]   --> src/func/player.rs:21:25
[INFO] [stdout]    |
[INFO] [stdout] 21 |     pub fn new(bot: &'a ServerExt<'a, T, U>, user: &'a str, args: Vec<&'a str>) -> BotResult<Box<Functionality + 'a>> {
[INFO] [stdout]    |                         ^^^^^^^^^ not found in this scope
[INFO] [stdout] 
[INFO] [stdout] 
[INFO] [stdout] error[E0405]: cannot find trait `IrcRead` in this scope
[INFO] [stdout]   --> src/func/player.rs:40:13
[INFO] [stdout]    |
[INFO] [stdout] 40 | impl<'a, T: IrcRead, U: IrcWrite> Functionality for Register<'a, T, U> {
[INFO] [stdout]    |             ^^^^^^^ not found in this scope
[INFO] [stdout] 
[INFO] [stdout] 
[INFO] [stdout] error[E0405]: cannot find trait `IrcWrite` in this scope
[INFO] [stdout]   --> src/func/player.rs:40:25
[INFO] [stdout]    |
[INFO] [stdout] 40 | impl<'a, T: IrcRead, U: IrcWrite> Functionality for Register<'a, T, U> {
[INFO] [stdout]    |                         ^^^^^^^^ not found in this scope
[INFO] [stdout] 
[INFO] [stdout] 
[INFO] [stdout] error[E0405]: cannot find trait `IrcRead` in this scope
[INFO] [stdout]   --> src/func/player.rs:49:25
[INFO] [stdout]    |
[INFO] [stdout] 49 | pub struct Login<'a, T: IrcRead, U: IrcWrite> {
[INFO] [stdout]    |                         ^^^^^^^ not found in this scope
[INFO] [stdout] 
[INFO] [stdout] 
[INFO] [stdout] error[E0405]: cannot find trait `IrcWrite` in this scope
[INFO] [stdout]   --> src/func/player.rs:49:37
[INFO] [stdout]    |
[INFO] [stdout] 49 | pub struct Login<'a, T: IrcRead, U: IrcWrite> {
[INFO] [stdout]    |                                     ^^^^^^^^ not found in this scope
[INFO] [stdout] 
[INFO] [stdout] 
[INFO] [stdout] error[E0412]: cannot find type `ServerExt` in this scope
[INFO] [stdout]   --> src/func/player.rs:50:14
[INFO] [stdout]    |
[INFO] [stdout] 50 |     bot: &'a ServerExt<'a, T, U>,
[INFO] [stdout]    |              ^^^^^^^^^ not found in this scope
[INFO] [stdout] 
[INFO] [stdout] 
[INFO] [stdout] error[E0405]: cannot find trait `IrcRead` in this scope
[INFO] [stdout]   --> src/func/player.rs:57:13
[INFO] [stdout]    |
[INFO] [stdout] 57 | impl<'a, T: IrcRead, U: IrcWrite> Login<'a, T, U> {
[INFO] [stdout]    |             ^^^^^^^ not found in this scope
[INFO] [stdout] 
[INFO] [stdout] 
[INFO] [stdout] error[E0405]: cannot find trait `IrcWrite` in this scope
[INFO] [stdout]   --> src/func/player.rs:57:25
[INFO] [stdout]    |
[INFO] [stdout] 57 | impl<'a, T: IrcRead, U: IrcWrite> Login<'a, T, U> {
[INFO] [stdout]    |                         ^^^^^^^^ not found in this scope
[INFO] [stdout] 
[INFO] [stdout] 
[INFO] [stdout] error[E0412]: cannot find type `ServerExt` in this scope
[INFO] [stdout]   --> src/func/player.rs:58:25
[INFO] [stdout]    |
[INFO] [stdout] 58 |     pub fn new(bot: &'a ServerExt<'a, T, U>, user: &'a str, args: Vec<&'a str>, world: &'a mut World) -> BotResult<Box<Functionality + 'a...
[INFO] [stdout]    |                         ^^^^^^^^^ not found in this scope
[INFO] [stdout] 
[INFO] [stdout] 
[INFO] [stdout] error[E0405]: cannot find trait `IrcRead` in this scope
[INFO] [stdout]   --> src/func/player.rs:85:13
[INFO] [stdout]    |
[INFO] [stdout] 85 | impl<'a, T: IrcRead, U: IrcWrite> Functionality for Login<'a, T, U> {
[INFO] [stdout]    |             ^^^^^^^ not found in this scope
[INFO] [stdout] 
[INFO] [stdout] 
[INFO] [stdout] error[E0405]: cannot find trait `IrcWrite` in this scope
[INFO] [stdout]   --> src/func/player.rs:85:25
[INFO] [stdout]    |
[INFO] [stdout] 85 | impl<'a, T: IrcRead, U: IrcWrite> Functionality for Login<'a, T, U> {
[INFO] [stdout]    |                         ^^^^^^^^ not found in this scope
[INFO] [stdout] 
[INFO] [stdout] 
[INFO] [stdout] error[E0405]: cannot find trait `IrcRead` in this scope
[INFO] [stdout]    --> src/func/player.rs:103:26
[INFO] [stdout]     |
[INFO] [stdout] 103 | pub struct Logout<'a, T: IrcRead, U: IrcWrite> {
[INFO] [stdout]     |                          ^^^^^^^ not found in this scope
[INFO] [stdout] 
[INFO] [stdout] 
[INFO] [stdout] error[E0405]: cannot find trait `IrcWrite` in this scope
[INFO] [stdout]    --> src/func/player.rs:103:38
[INFO] [stdout]     |
[INFO] [stdout] 103 | pub struct Logout<'a, T: IrcRead, U: IrcWrite> {
[INFO] [stdout]     |                                      ^^^^^^^^ not found in this scope
[INFO] [stdout] 
[INFO] [stdout] 
[INFO] [stdout] error[E0412]: cannot find type `ServerExt` in this scope
[INFO] [stdout]    --> src/func/player.rs:104:14
[INFO] [stdout]     |
[INFO] [stdout] 104 |     bot: &'a ServerExt<'a, T, U>,
[INFO] [stdout]     |              ^^^^^^^^^ not found in this scope
[INFO] [stdout] 
[INFO] [stdout] 
[INFO] [stdout] error[E0405]: cannot find trait `IrcRead` in this scope
[INFO] [stdout]    --> src/func/player.rs:109:13
[INFO] [stdout]     |
[INFO] [stdout] 109 | impl<'a, T: IrcRead, U: IrcWrite> Logout<'a, T, U> {
[INFO] [stdout]     |             ^^^^^^^ not found in this scope
[INFO] [stdout] 
[INFO] [stdout] 
[INFO] [stdout] error[E0405]: cannot find trait `IrcWrite` in this scope
[INFO] [stdout]    --> src/func/player.rs:109:25
[INFO] [stdout]     |
[INFO] [stdout] 109 | impl<'a, T: IrcRead, U: IrcWrite> Logout<'a, T, U> {
[INFO] [stdout]     |                         ^^^^^^^^ not found in this scope
[INFO] [stdout] 
[INFO] [stdout] 
[INFO] [stdout] error[E0412]: cannot find type `ServerExt` in this scope
[INFO] [stdout]    --> src/func/player.rs:110:25
[INFO] [stdout]     |
[INFO] [stdout] 110 |     pub fn new(bot: &'a ServerExt<'a, T, U>, user: &'a str, world: &'a mut World) -> BotResult<Box<Functionality + 'a>> {
[INFO] [stdout]     |                         ^^^^^^^^^ not found in this scope
[INFO] [stdout] 
[INFO] [stdout] 
[INFO] [stdout] error[E0405]: cannot find trait `IrcRead` in this scope
[INFO] [stdout]    --> src/func/player.rs:115:13
[INFO] [stdout]     |
[INFO] [stdout] 115 | impl<'a, T: IrcRead, U: IrcWrite> Functionality for Logout<'a, T, U> {
[INFO] [stdout]     |             ^^^^^^^ not found in this scope
[INFO] [stdout] 
[INFO] [stdout] 
[INFO] [stdout] error[E0405]: cannot find trait `IrcWrite` in this scope
[INFO] [stdout]    --> src/func/player.rs:115:25
[INFO] [stdout]     |
[INFO] [stdout] 115 | impl<'a, T: IrcRead, U: IrcWrite> Functionality for Logout<'a, T, U> {
[INFO] [stdout]     |                         ^^^^^^^^ not found in this scope
[INFO] [stdout] 
[INFO] [stdout] 
[INFO] [stdout] error[E0405]: cannot find trait `IrcRead` in this scope
[INFO] [stdout]    --> src/func/player.rs:128:27
[INFO] [stdout]     |
[INFO] [stdout] 128 | pub struct AddFeat<'a, T: IrcRead, U: IrcWrite> {
[INFO] [stdout]     |                           ^^^^^^^ not found in this scope
[INFO] [stdout] 
[INFO] [stdout] 
[INFO] [stdout] error[E0405]: cannot find trait `IrcWrite` in this scope
[INFO] [stdout]    --> src/func/player.rs:128:39
[INFO] [stdout]     |
[INFO] [stdout] 128 | pub struct AddFeat<'a, T: IrcRead, U: IrcWrite> {
[INFO] [stdout]     |                                       ^^^^^^^^ not found in this scope
[INFO] [stdout] 
[INFO] [stdout] 
[INFO] [stdout] error[E0412]: cannot find type `ServerExt` in this scope
[INFO] [stdout]    --> src/func/player.rs:129:14
[INFO] [stdout]     |
[INFO] [stdout] 129 |     bot: &'a ServerExt<'a, T, U>,
[INFO] [stdout]     |              ^^^^^^^^^ not found in this scope
[INFO] [stdout] 
[INFO] [stdout] 
[INFO] [stdout] error[E0405]: cannot find trait `IrcRead` in this scope
[INFO] [stdout]    --> src/func/player.rs:135:13
[INFO] [stdout]     |
[INFO] [stdout] 135 | impl<'a, T: IrcRead, U: IrcWrite> AddFeat<'a, T, U> {
[INFO] [stdout]     |             ^^^^^^^ not found in this scope
[INFO] [stdout] 
[INFO] [stdout] 
[INFO] [stdout] error[E0405]: cannot find trait `IrcWrite` in this scope
[INFO] [stdout]    --> src/func/player.rs:135:25
[INFO] [stdout]     |
[INFO] [stdout] 135 | impl<'a, T: IrcRead, U: IrcWrite> AddFeat<'a, T, U> {
[INFO] [stdout]     |                         ^^^^^^^^ not found in this scope
[INFO] [stdout] 
[INFO] [stdout] 
[INFO] [stdout] error[E0412]: cannot find type `ServerExt` in this scope
[INFO] [stdout]    --> src/func/player.rs:136:25
[INFO] [stdout]     |
[INFO] [stdout] 136 |     pub fn new(bot: &'a ServerExt<'a, T, U>, user: &'a str, args: Vec<&'a str>, world: &'a mut World) -> BotResult<Box<Functionality + 'a...
[INFO] [stdout]     |                         ^^^^^^^^^ not found in this scope
[INFO] [stdout] 
[INFO] [stdout] 
[INFO] [stdout] error[E0405]: cannot find trait `IrcRead` in this scope
[INFO] [stdout]    --> src/func/player.rs:142:13
[INFO] [stdout]     |
[INFO] [stdout] 142 | impl<'a, T: IrcRead, U: IrcWrite> Functionality for AddFeat<'a, T, U> {
[INFO] [stdout]     |             ^^^^^^^ not found in this scope
[INFO] [stdout] 
[INFO] [stdout] 
[INFO] [stdout] error[E0405]: cannot find trait `IrcWrite` in this scope
[INFO] [stdout]    --> src/func/player.rs:142:25
[INFO] [stdout]     |
[INFO] [stdout] 142 | impl<'a, T: IrcRead, U: IrcWrite> Functionality for AddFeat<'a, T, U> {
[INFO] [stdout]     |                         ^^^^^^^^ not found in this scope
[INFO] [stdout] 
[INFO] [stdout] 
[INFO] [stdout] error[E0405]: cannot find trait `IrcRead` in this scope
[INFO] [stdout]    --> src/func/player.rs:154:24
[INFO] [stdout]     |
[INFO] [stdout] 154 | pub struct Save<'a, T: IrcRead, U: IrcWrite> {
[INFO] [stdout]     |                        ^^^^^^^ not found in this scope
[INFO] [stdout] 
[INFO] [stdout] 
[INFO] [stdout] error[E0405]: cannot find trait `IrcWrite` in this scope
[INFO] [stdout]    --> src/func/player.rs:154:36
[INFO] [stdout]     |
[INFO] [stdout] 154 | pub struct Save<'a, T: IrcRead, U: IrcWrite> {
[INFO] [stdout]     |                                    ^^^^^^^^ not found in this scope
[INFO] [stdout] 
[INFO] [stdout] 
[INFO] [stdout] error[E0412]: cannot find type `ServerExt` in this scope
[INFO] [stdout]    --> src/func/player.rs:155:14
[INFO] [stdout]     |
[INFO] [stdout] 155 |     bot: &'a ServerExt<'a, T, U>,
[INFO] [stdout]     |              ^^^^^^^^^ not found in this scope
[INFO] [stdout] 
[INFO] [stdout] 
[INFO] [stdout] error[E0405]: cannot find trait `IrcRead` in this scope
[INFO] [stdout]    --> src/func/player.rs:160:13
[INFO] [stdout]     |
[INFO] [stdout] 160 | impl<'a, T: IrcRead, U: IrcWrite> Save<'a, T, U> {
[INFO] [stdout]     |             ^^^^^^^ not found in this scope
[INFO] [stdout] 
[INFO] [stdout] 
[INFO] [stdout] error[E0405]: cannot find trait `IrcWrite` in this scope
[INFO] [stdout]    --> src/func/player.rs:160:25
[INFO] [stdout]     |
[INFO] [stdout] 160 | impl<'a, T: IrcRead, U: IrcWrite> Save<'a, T, U> {
[INFO] [stdout]     |                         ^^^^^^^^ not found in this scope
[INFO] [stdout] 
[INFO] [stdout] 
[INFO] [stdout] error[E0412]: cannot find type `ServerExt` in this scope
[INFO] [stdout]    --> src/func/player.rs:161:25
[INFO] [stdout]     |
[INFO] [stdout] 161 |     pub fn new(bot: &'a ServerExt<'a, T, U>, user: &'a str, world: &'a mut World) -> BotResult<Box<Functionality + 'a>> {
[INFO] [stdout]     |                         ^^^^^^^^^ not found in this scope
[INFO] [stdout] 
[INFO] [stdout] 
[INFO] [stdout] error[E0405]: cannot find trait `IrcRead` in this scope
[INFO] [stdout]    --> src/func/player.rs:166:13
[INFO] [stdout]     |
[INFO] [stdout] 166 | impl<'a, T: IrcRead, U: IrcWrite> Functionality for Save<'a, T, U> {
[INFO] [stdout]     |             ^^^^^^^ not found in this scope
[INFO] [stdout] 
[INFO] [stdout] 
[INFO] [stdout] error[E0405]: cannot find trait `IrcWrite` in this scope
[INFO] [stdout]    --> src/func/player.rs:166:25
[INFO] [stdout]     |
[INFO] [stdout] 166 | impl<'a, T: IrcRead, U: IrcWrite> Functionality for Save<'a, T, U> {
[INFO] [stdout]     |                         ^^^^^^^^ not found in this scope
[INFO] [stdout] 
[INFO] [stdout] 
[INFO] [stdout] error[E0405]: cannot find trait `IrcRead` in this scope
[INFO] [stdout]    --> src/func/player.rs:184:32
[INFO] [stdout]     |
[INFO] [stdout] 184 | pub struct LookUpPlayer<'a, T: IrcRead, U: IrcWrite> {
[INFO] [stdout]     |                                ^^^^^^^ not found in this scope
[INFO] [stdout] 
[INFO] [stdout] 
[INFO] [stdout] error[E0405]: cannot find trait `IrcWrite` in this scope
[INFO] [stdout]    --> src/func/player.rs:184:44
[INFO] [stdout]     |
[INFO] [stdout] 184 | pub struct LookUpPlayer<'a, T: IrcRead, U: IrcWrite> {
[INFO] [stdout]     |                                            ^^^^^^^^ not found in this scope
[INFO] [stdout] 
[INFO] [stdout] 
[INFO] [stdout] error[E0412]: cannot find type `ServerExt` in this scope
[INFO] [stdout]    --> src/func/player.rs:185:14
[INFO] [stdout]     |
[INFO] [stdout] 185 |     bot: &'a ServerExt<'a, T, U>,
[INFO] [stdout]     |              ^^^^^^^^^ not found in this scope
[INFO] [stdout] 
[INFO] [stdout] 
[INFO] [stdout] error[E0405]: cannot find trait `IrcRead` in this scope
[INFO] [stdout]    --> src/func/player.rs:192:13
[INFO] [stdout]     |
[INFO] [stdout] 192 | impl<'a, T: IrcRead, U: IrcWrite> LookUpPlayer<'a, T, U> {
[INFO] [stdout]     |             ^^^^^^^ not found in this scope
[INFO] [stdout] 
[INFO] [stdout] 
[INFO] [stdout] error[E0405]: cannot find trait `IrcWrite` in this scope
[INFO] [stdout]    --> src/func/player.rs:192:25
[INFO] [stdout]     |
[INFO] [stdout] 192 | impl<'a, T: IrcRead, U: IrcWrite> LookUpPlayer<'a, T, U> {
[INFO] [stdout]     |                         ^^^^^^^^ not found in this scope
[INFO] [stdout] 
[INFO] [stdout] 
[INFO] [stdout] error[E0412]: cannot find type `ServerExt` in this scope
[INFO] [stdout]    --> src/func/player.rs:193:25
[INFO] [stdout]     |
[INFO] [stdout] 193 |     pub fn new(bot: &'a ServerExt<'a, T, U>, resp: &'a str, args: Vec<&'a str>, world: &'a mut World) -> BotResult<Box<Functionality + 'a...
[INFO] [stdout]     |                         ^^^^^^^^^ not found in this scope
[INFO] [stdout] 
[INFO] [stdout] 
[INFO] [stdout] error[E0405]: cannot find trait `IrcRead` in this scope
[INFO] [stdout]    --> src/func/player.rs:216:13
[INFO] [stdout]     |
[INFO] [stdout] 216 | impl<'a, T: IrcRead, U: IrcWrite> Functionality for LookUpPlayer<'a, T, U> {
[INFO] [stdout]     |             ^^^^^^^ not found in this scope
[INFO] [stdout] 
[INFO] [stdout] 
[INFO] [stdout] error[E0405]: cannot find trait `IrcWrite` in this scope
[INFO] [stdout]    --> src/func/player.rs:216:25
[INFO] [stdout]     |
[INFO] [stdout] 216 | impl<'a, T: IrcRead, U: IrcWrite> Functionality for LookUpPlayer<'a, T, U> {
[INFO] [stdout]     |                         ^^^^^^^^ not found in this scope
[INFO] [stdout] 
[INFO] [stdout] 
[INFO] [stdout] error[E0405]: cannot find trait `IrcRead` in this scope
[INFO] [stdout]    --> src/func/player.rs:242:29
[INFO] [stdout]     |
[INFO] [stdout] 242 | pub struct AddUpdate<'a, T: IrcRead, U: IrcWrite> {
[INFO] [stdout]     |                             ^^^^^^^ not found in this scope
[INFO] [stdout] 
[INFO] [stdout] 
[INFO] [stdout] error[E0405]: cannot find trait `IrcWrite` in this scope
[INFO] [stdout]    --> src/func/player.rs:242:41
[INFO] [stdout]     |
[INFO] [stdout] 242 | pub struct AddUpdate<'a, T: IrcRead, U: IrcWrite> {
[INFO] [stdout]     |                                         ^^^^^^^^ not found in this scope
[INFO] [stdout] 
[INFO] [stdout] 
[INFO] [stdout] error[E0412]: cannot find type `ServerExt` in this scope
[INFO] [stdout]    --> src/func/player.rs:243:14
[INFO] [stdout]     |
[INFO] [stdout] 243 |     bot: &'a ServerExt<'a, T, U>,
[INFO] [stdout]     |              ^^^^^^^^^ not found in this scope
[INFO] [stdout] 
[INFO] [stdout] 
[INFO] [stdout] error[E0405]: cannot find trait `IrcRead` in this scope
[INFO] [stdout]    --> src/func/player.rs:252:13
[INFO] [stdout]     |
[INFO] [stdout] 252 | impl<'a, T: IrcRead, U: IrcWrite> AddUpdate<'a, T, U> {
[INFO] [stdout]     |             ^^^^^^^ not found in this scope
[INFO] [stdout] 
[INFO] [stdout] 
[INFO] [stdout] error[E0405]: cannot find trait `IrcWrite` in this scope
[INFO] [stdout]    --> src/func/player.rs:252:25
[INFO] [stdout]     |
[INFO] [stdout] 252 | impl<'a, T: IrcRead, U: IrcWrite> AddUpdate<'a, T, U> {
[INFO] [stdout]     |                         ^^^^^^^^ not found in this scope
[INFO] [stdout] 
[INFO] [stdout] 
[INFO] [stdout] error[E0412]: cannot find type `ServerExt` in this scope
[INFO] [stdout]    --> src/func/player.rs:253:25
[INFO] [stdout]     |
[INFO] [stdout] 253 |     pub fn new(bot: &'a ServerExt<'a, T, U>, user: &'a str, chan: &'a str, args: Vec<&'a str>, world: &'a mut World, update: bool) -> Bot...
[INFO] [stdout]     |                         ^^^^^^^^^ not found in this scope
[INFO] [stdout] 
[INFO] [stdout] 
[INFO] [stdout] error[E0405]: cannot find trait `IrcRead` in this scope
[INFO] [stdout]    --> src/func/player.rs:273:13
[INFO] [stdout]     |
[INFO] [stdout] 273 | impl<'a, T: IrcRead, U: IrcWrite> Functionality for AddUpdate<'a, T, U> {
[INFO] [stdout]     |             ^^^^^^^ not found in this scope
[INFO] [stdout] 
[INFO] [stdout] 
[INFO] [stdout] error[E0405]: cannot find trait `IrcWrite` in this scope
[INFO] [stdout]    --> src/func/player.rs:273:25
[INFO] [stdout]     |
[INFO] [stdout] 273 | impl<'a, T: IrcRead, U: IrcWrite> Functionality for AddUpdate<'a, T, U> {
[INFO] [stdout]     |                         ^^^^^^^^ not found in this scope
[INFO] [stdout] 
[INFO] [stdout] 
[INFO] [stdout] error[E0405]: cannot find trait `IrcRead` in this scope
[INFO] [stdout]   --> src/func/world.rs:10:26
[INFO] [stdout]    |
[INFO] [stdout] 10 | pub struct Create<'a, T: IrcRead, U: IrcWrite> {
[INFO] [stdout]    |                          ^^^^^^^ not found in this scope
[INFO] [stdout] 
[INFO] [stdout] 
[INFO] [stdout] error[E0405]: cannot find trait `IrcWrite` in this scope
[INFO] [stdout]   --> src/func/world.rs:10:38
[INFO] [stdout]    |
[INFO] [stdout] 10 | pub struct Create<'a, T: IrcRead, U: IrcWrite> {
[INFO] [stdout]    |                                      ^^^^^^^^ not found in this scope
[INFO] [stdout] 
[INFO] [stdout] 
[INFO] [stdout] error[E0412]: cannot find type `ServerExt` in this scope
[INFO] [stdout]   --> src/func/world.rs:11:14
[INFO] [stdout]    |
[INFO] [stdout] 11 |     bot: &'a ServerExt<'a, T, U>,
[INFO] [stdout]    |              ^^^^^^^^^ not found in this scope
[INFO] [stdout] 
[INFO] [stdout] 
[INFO] [stdout] error[E0405]: cannot find trait `IrcRead` in this scope
[INFO] [stdout]   --> src/func/world.rs:18:13
[INFO] [stdout]    |
[INFO] [stdout] 18 | impl<'a, T: IrcRead, U: IrcWrite> Create<'a, T, U> {
[INFO] [stdout]    |             ^^^^^^^ not found in this scope
[INFO] [stdout] 
[INFO] [stdout] 
[INFO] [stdout] error[E0405]: cannot find trait `IrcWrite` in this scope
[INFO] [stdout]   --> src/func/world.rs:18:25
[INFO] [stdout]    |
[INFO] [stdout] 18 | impl<'a, T: IrcRead, U: IrcWrite> Create<'a, T, U> {
[INFO] [stdout]    |                         ^^^^^^^^ not found in this scope
[INFO] [stdout] 
[INFO] [stdout] 
[INFO] [stdout] error[E0412]: cannot find type `ServerExt` in this scope
[INFO] [stdout]   --> src/func/world.rs:19:25
[INFO] [stdout]    |
[INFO] [stdout] 19 |     pub fn new(bot: &'a ServerExt<'a, T, U>, user: &'a str, args: Vec<&'a str>, world: &'a mut World) -> BotResult<Box<Functionality + 'a...
[INFO] [stdout]    |                         ^^^^^^^^^ not found in this scope
[INFO] [stdout] 
[INFO] [stdout] 
[INFO] [stdout] error[E0405]: cannot find trait `IrcRead` in this scope
[INFO] [stdout]   --> src/func/world.rs:25:13
[INFO] [stdout]    |
[INFO] [stdout] 25 | impl<'a, T: IrcRead, U: IrcWrite> Functionality for Create<'a, T, U> {
[INFO] [stdout]    |             ^^^^^^^ not found in this scope
[INFO] [stdout] 
[INFO] [stdout] 
[INFO] [stdout] error[E0405]: cannot find trait `IrcWrite` in this scope
[INFO] [stdout]   --> src/func/world.rs:25:25
[INFO] [stdout]    |
[INFO] [stdout] 25 | impl<'a, T: IrcRead, U: IrcWrite> Functionality for Create<'a, T, U> {
[INFO] [stdout]    |                         ^^^^^^^^ not found in this scope
[INFO] [stdout] 
[INFO] [stdout] 
[INFO] [stdout] error[E0405]: cannot find trait `IrcRead` in this scope
[INFO] [stdout]   --> src/func/world.rs:42:31
[INFO] [stdout]    |
[INFO] [stdout] 42 | pub struct PrivateRoll<'a, T: IrcRead, U: IrcWrite> {
[INFO] [stdout]    |                               ^^^^^^^ not found in this scope
[INFO] [stdout] 
[INFO] [stdout] 
[INFO] [stdout] error[E0405]: cannot find trait `IrcWrite` in this scope
[INFO] [stdout]   --> src/func/world.rs:42:43
[INFO] [stdout]    |
[INFO] [stdout] 42 | pub struct PrivateRoll<'a, T: IrcRead, U: IrcWrite> {
[INFO] [stdout]    |                                           ^^^^^^^^ not found in this scope
[INFO] [stdout] 
[INFO] [stdout] 
[INFO] [stdout] error[E0412]: cannot find type `ServerExt` in this scope
[INFO] [stdout]   --> src/func/world.rs:43:14
[INFO] [stdout]    |
[INFO] [stdout] 43 |     bot: &'a ServerExt<'a, T, U>,
[INFO] [stdout]    |              ^^^^^^^^^ not found in this scope
[INFO] [stdout] 
[INFO] [stdout] 
[INFO] [stdout] error[E0405]: cannot find trait `IrcRead` in this scope
[INFO] [stdout]   --> src/func/world.rs:47:13
[INFO] [stdout]    |
[INFO] [stdout] 47 | impl<'a, T: IrcRead, U: IrcWrite> PrivateRoll<'a, T, U> {
[INFO] [stdout]    |             ^^^^^^^ not found in this scope
[INFO] [stdout] 
[INFO] [stdout] 
[INFO] [stdout] error[E0405]: cannot find trait `IrcWrite` in this scope
[INFO] [stdout]   --> src/func/world.rs:47:25
[INFO] [stdout]    |
[INFO] [stdout] 47 | impl<'a, T: IrcRead, U: IrcWrite> PrivateRoll<'a, T, U> {
[INFO] [stdout]    |                         ^^^^^^^^ not found in this scope
[INFO] [stdout] 
[INFO] [stdout] 
[INFO] [stdout] error[E0412]: cannot find type `ServerExt` in this scope
[INFO] [stdout]   --> src/func/world.rs:48:25
[INFO] [stdout]    |
[INFO] [stdout] 48 |     pub fn new(bot: &'a ServerExt<'a, T, U>, user: &'a str) -> BotResult<Box<Functionality + 'a>> {
[INFO] [stdout]    |                         ^^^^^^^^^ not found in this scope
[INFO] [stdout] 
[INFO] [stdout] 
[INFO] [stdout] error[E0405]: cannot find trait `IrcRead` in this scope
[INFO] [stdout]   --> src/func/world.rs:53:13
[INFO] [stdout]    |
[INFO] [stdout] 53 | impl<'a, T: IrcRead, U: IrcWrite> Functionality for PrivateRoll<'a, T, U> {
[INFO] [stdout]    |             ^^^^^^^ not found in this scope
[INFO] [stdout] 
[INFO] [stdout] 
[INFO] [stdout] error[E0405]: cannot find trait `IrcWrite` in this scope
[INFO] [stdout]   --> src/func/world.rs:53:25
[INFO] [stdout]    |
[INFO] [stdout] 53 | impl<'a, T: IrcRead, U: IrcWrite> Functionality for PrivateRoll<'a, T, U> {
[INFO] [stdout]    |                         ^^^^^^^^ not found in this scope
[INFO] [stdout] 
[INFO] [stdout] 
[INFO] [stdout] error[E0405]: cannot find trait `IrcRead` in this scope
[INFO] [stdout]   --> src/func/world.rs:59:27
[INFO] [stdout]    |
[INFO] [stdout] 59 | pub struct SaveAll<'a, T: IrcRead, U: IrcWrite> {
[INFO] [stdout]    |                           ^^^^^^^ not found in this scope
[INFO] [stdout] 
[INFO] [stdout] 
[INFO] [stdout] error[E0405]: cannot find trait `IrcWrite` in this scope
[INFO] [stdout]   --> src/func/world.rs:59:39
[INFO] [stdout]    |
[INFO] [stdout] 59 | pub struct SaveAll<'a, T: IrcRead, U: IrcWrite> {
[INFO] [stdout]    |                                       ^^^^^^^^ not found in this scope
[INFO] [stdout] 
[INFO] [stdout] 
[INFO] [stdout] error[E0412]: cannot find type `ServerExt` in this scope
[INFO] [stdout]   --> src/func/world.rs:60:14
[INFO] [stdout]    |
[INFO] [stdout] 60 |     bot: &'a ServerExt<'a, T, U>,
[INFO] [stdout]    |              ^^^^^^^^^ not found in this scope
[INFO] [stdout] 
[INFO] [stdout] 
[INFO] [stdout] error[E0405]: cannot find trait `IrcRead` in this scope
[INFO] [stdout]   --> src/func/world.rs:65:13
[INFO] [stdout]    |
[INFO] [stdout] 65 | impl<'a, T: IrcRead, U: IrcWrite> SaveAll<'a, T, U> {
[INFO] [stdout]    |             ^^^^^^^ not found in this scope
[INFO] [stdout] 
[INFO] [stdout] 
[INFO] [stdout] error[E0405]: cannot find trait `IrcWrite` in this scope
[INFO] [stdout]   --> src/func/world.rs:65:25
[INFO] [stdout]    |
[INFO] [stdout] 65 | impl<'a, T: IrcRead, U: IrcWrite> SaveAll<'a, T, U> {
[INFO] [stdout]    |                         ^^^^^^^^ not found in this scope
[INFO] [stdout] 
[INFO] [stdout] 
[INFO] [stdout] error[E0412]: cannot find type `ServerExt` in this scope
[INFO] [stdout]   --> src/func/world.rs:66:25
[INFO] [stdout]    |
[INFO] [stdout] 66 |     pub fn new(bot: &'a ServerExt<'a, T, U>, user: &'a str, world: &'a World) -> BotResult<Box<Functionality + 'a>> {
[INFO] [stdout]    |                         ^^^^^^^^^ not found in this scope
[INFO] [stdout] 
[INFO] [stdout] 
[INFO] [stdout] error[E0405]: cannot find trait `IrcRead` in this scope
[INFO] [stdout]   --> src/func/world.rs:75:13
[INFO] [stdout]    |
[INFO] [stdout] 75 | impl<'a, T: IrcRead, U: IrcWrite> Functionality for SaveAll<'a, T, U> {
[INFO] [stdout]    |             ^^^^^^^ not found in this scope
[INFO] [stdout] 
[INFO] [stdout] 
[INFO] [stdout] error[E0405]: cannot find trait `IrcWrite` in this scope
[INFO] [stdout]   --> src/func/world.rs:75:25
[INFO] [stdout]    |
[INFO] [stdout] 75 | impl<'a, T: IrcRead, U: IrcWrite> Functionality for SaveAll<'a, T, U> {
[INFO] [stdout]    |                         ^^^^^^^^ not found in this scope
[INFO] [stdout] 
[INFO] [stdout] 
[INFO] [stdout] warning: use of deprecated macro `try`: use the `?` operator instead
[INFO] [stdout]   --> src/data/game.rs:28:32
[INFO] [stdout]    |
[INFO] [stdout] 28 |         if account.password == try!(as_io(Game::password_hash(password))) {
[INFO] [stdout]    |                                ^^^
[INFO] [stdout]    |
[INFO] [stdout]    = note: `#[warn(deprecated)]` on by default
[INFO] [stdout] 
[INFO] [stdout] 
[INFO] [stdout] warning: use of deprecated macro `try`: use the `?` operator instead
[INFO] [stdout]   --> src/data/game.rs:38:9
[INFO] [stdout]    |
[INFO] [stdout] 38 |         try!(hasher.write_all(password.as_bytes()));
[INFO] [stdout]    |         ^^^
[INFO] [stdout] 
[INFO] [stdout] 
[INFO] [stdout] warning: use of deprecated macro `try`: use the `?` operator instead
[INFO] [stdout]   --> src/data/player.rs:31:23
[INFO] [stdout]    |
[INFO] [stdout] 31 |             password: try!(as_io(Game::password_hash(password))),
[INFO] [stdout]    |                       ^^^
[INFO] [stdout] 
[INFO] [stdout] 
[INFO] [stdout] warning: use of deprecated macro `try`: use the `?` operator instead
[INFO] [stdout]   --> src/data/player.rs:59:24
[INFO] [stdout]    |
[INFO] [stdout] 59 |         let mut file = try!(File::open(&Path::new(&path)));
[INFO] [stdout]    |                        ^^^
[INFO] [stdout] 
[INFO] [stdout] 
[INFO] [stdout] warning: use of deprecated macro `try`: use the `?` operator instead
[INFO] [stdout]   --> src/data/player.rs:61:9
[INFO] [stdout]    |
[INFO] [stdout] 61 |         try!(file.read_to_string(&mut data));
[INFO] [stdout]    |         ^^^
[INFO] [stdout] 
[INFO] [stdout] 
[INFO] [stdout] warning: use of deprecated macro `try`: use the `?` operator instead
[INFO] [stdout]   --> src/data/player.rs:69:9
[INFO] [stdout]    |
[INFO] [stdout] 69 |         try!(create_dir_all(&Path::new(&path)));
[INFO] [stdout]    |         ^^^
[INFO] [stdout] 
[INFO] [stdout] 
[INFO] [stdout] warning: use of deprecated macro `try`: use the `?` operator instead
[INFO] [stdout]   --> src/data/player.rs:72:21
[INFO] [stdout]    |
[INFO] [stdout] 72 |         let mut f = try!(File::create(&Path::new(&path)));
[INFO] [stdout]    |                     ^^^
[INFO] [stdout] 
[INFO] [stdout] 
[INFO] [stdout] warning: use of deprecated macro `try`: use the `?` operator instead
[INFO] [stdout]   --> src/data/player.rs:73:21
[INFO] [stdout]    |
[INFO] [stdout] 73 |         f.write_all(try!(encode(self).map_err(|_| Error::new(
[INFO] [stdout]    |                     ^^^
[INFO] [stdout] 
[INFO] [stdout] 
[INFO] [stdout] warning: use of deprecated macro `try`: use the `?` operator instead
[INFO] [stdout]   --> src/data/world.rs:38:9
[INFO] [stdout]    |
[INFO] [stdout] 38 |         try!(as_io(self.users[&nick].save()));
[INFO] [stdout]    |         ^^^
[INFO] [stdout] 
[INFO] [stdout] 
[INFO] [stdout] warning: use of deprecated macro `try`: use the `?` operator instead
[INFO] [stdout]    --> src/data/world.rs:110:13
[INFO] [stdout]     |
[INFO] [stdout] 110 |             try!(user.save());
[INFO] [stdout]     |             ^^^
[INFO] [stdout] 
[INFO] [stdout] 
[INFO] [stdout] warning: use of deprecated macro `try`: use the `?` operator instead
[INFO] [stdout]   --> src/func/entity.rs:32:21
[INFO] [stdout]    |
[INFO] [stdout] 32 |             target: try!(get_target(if args.len() > 1 { args[1] } else { "" }, user, chan, chan, world)),
[INFO] [stdout]    |                     ^^^
[INFO] [stdout] 
[INFO] [stdout] 
[INFO] [stdout] warning: use of deprecated macro `try`: use the `?` operator instead
[INFO] [stdout]   --> src/func/entity.rs:68:21
[INFO] [stdout]    |
[INFO] [stdout] 68 |             target: try!(get_target(args[1], user, chan, chan, world)),
[INFO] [stdout]    |                     ^^^
[INFO] [stdout] 
[INFO] [stdout] 
[INFO] [stdout] warning: use of deprecated macro `try`: use the `?` operator instead
[INFO] [stdout]    --> src/func/entity.rs:111:9
[INFO] [stdout]     |
[INFO] [stdout] 111 |         try!(validate_from(args.clone(), 3, chan, ".temp",
[INFO] [stdout]     |         ^^^
[INFO] [stdout] 
[INFO] [stdout] 
[INFO] [stdout] warning: use of deprecated macro `try`: use the `?` operator instead
[INFO] [stdout]    --> src/func/entity.rs:117:21
[INFO] [stdout]     |
[INFO] [stdout] 117 |             target: try!(get_target(args[1], user, chan, chan, world)),
[INFO] [stdout]     |                     ^^^
[INFO] [stdout] 
[INFO] [stdout] 
[INFO] [stdout] warning: use of deprecated macro `try`: use the `?` operator instead
[INFO] [stdout]    --> src/func/entity.rs:153:21
[INFO] [stdout]     |
[INFO] [stdout] 153 |             target: try!(get_target(args[1], user, chan, chan, world)),
[INFO] [stdout]     |                     ^^^
[INFO] [stdout] 
[INFO] [stdout] 
[INFO] [stdout] warning: use of deprecated macro `try`: use the `?` operator instead
[INFO] [stdout]    --> src/func/entity.rs:198:21
[INFO] [stdout]     |
[INFO] [stdout] 198 |             target: try!(get_target(target, user, chan, chan, world)),
[INFO] [stdout]     |                     ^^^
[INFO] [stdout] 
[INFO] [stdout] 
[INFO] [stdout] warning: use of deprecated macro `try`: use the `?` operator instead
[INFO] [stdout]   --> src/func/monster.rs:29:9
[INFO] [stdout]    |
[INFO] [stdout] 29 |         try!(validate_from(args.clone(), 3, user, "addmonster",
[INFO] [stdout]    |         ^^^
[INFO] [stdout] 
[INFO] [stdout] 
[INFO] [stdout] warning: use of deprecated macro `try`: use the `?` operator instead
[INFO] [stdout]   --> src/func/monster.rs:88:22
[INFO] [stdout]    |
[INFO] [stdout] 88 |         let target = try!(get_target(self.target_str, self.user, self.user, self.chan, self.world));
[INFO] [stdout]    |                      ^^^
[INFO] [stdout] 
[INFO] [stdout] 
[INFO] [stdout] warning: use of deprecated macro `try`: use the `?` operator instead
[INFO] [stdout]   --> src/func/player.rs:27:9
[INFO] [stdout]    |
[INFO] [stdout] 27 |         try!(validate_from(args.clone(), 3, user, "register",
[INFO] [stdout]    |         ^^^
[INFO] [stdout] 
[INFO] [stdout] 
[INFO] [stdout] warning: use of deprecated macro `try`: use the `?` operator instead
[INFO] [stdout]   --> src/func/player.rs:42:17
[INFO] [stdout]    |
[INFO] [stdout] 42 |         let p = try!(Player::create(self.username, self.password, self.health, self.movement,
[INFO] [stdout]    |                 ^^^
[INFO] [stdout] 
[INFO] [stdout] 
[INFO] [stdout] warning: use of deprecated macro `try`: use the `?` operator instead
[INFO] [stdout]   --> src/func/player.rs:44:9
[INFO] [stdout]    |
[INFO] [stdout] 44 |         try!(as_io(p.save()));
[INFO] [stdout]    |         ^^^
[INFO] [stdout] 
[INFO] [stdout] 
[INFO] [stdout] warning: use of deprecated macro `try`: use the `?` operator instead
[INFO] [stdout]   --> src/func/player.rs:90:17
[INFO] [stdout]    |
[INFO] [stdout] 90 |                 try!(as_io(self.bot.send_privmsg(self.user, try!(res))));
[INFO] [stdout]    |                 ^^^
[INFO] [stdout] 
[INFO] [stdout] 
[INFO] [stdout] warning: use of deprecated macro `try`: use the `?` operator instead
[INFO] [stdout]   --> src/func/player.rs:90:61
[INFO] [stdout]    |
[INFO] [stdout] 90 |                 try!(as_io(self.bot.send_privmsg(self.user, try!(res))));
[INFO] [stdout]    |                                                             ^^^
[INFO] [stdout] 
[INFO] [stdout] 
[INFO] [stdout] warning: use of deprecated macro `try`: use the `?` operator instead
[INFO] [stdout]   --> src/func/player.rs:91:17
[INFO] [stdout]    |
[INFO] [stdout] 91 |                 try!(as_io(self.bot.send_invite(self.user, self.chan)));
[INFO] [stdout]    |                 ^^^
[INFO] [stdout] 
[INFO] [stdout] 
[INFO] [stdout] warning: use of deprecated macro `try`: use the `?` operator instead
[INFO] [stdout]    --> src/func/player.rs:118:24
[INFO] [stdout]     |
[INFO] [stdout] 118 |             let chan = try!(self.world.remove_user(self.user));
[INFO] [stdout]     |                        ^^^
[INFO] [stdout] 
[INFO] [stdout] 
[INFO] [stdout] warning: use of deprecated macro `try`: use the `?` operator instead
[INFO] [stdout]    --> src/func/player.rs:119:13
[INFO] [stdout]     |
[INFO] [stdout] 119 |             try!(as_io(self.bot.send_kick(chan, self.user, "Logged out.")));
[INFO] [stdout]     |             ^^^
[INFO] [stdout] 
[INFO] [stdout] 
[INFO] [stdout] warning: use of deprecated macro `try`: use the `?` operator instead
[INFO] [stdout]    --> src/func/player.rs:120:13
[INFO] [stdout]     |
[INFO] [stdout] 120 |             try!(as_io(self.bot.send_privmsg(self.user, "You've been logged out.")));
[INFO] [stdout]     |             ^^^
[INFO] [stdout] 
[INFO] [stdout] 
[INFO] [stdout] warning: use of deprecated macro `try`: use the `?` operator instead
[INFO] [stdout]    --> src/func/player.rs:122:13
[INFO] [stdout]     |
[INFO] [stdout] 122 |             try!(as_io(self.bot.send_privmsg(self.user, "You're not currently logged in.")));
[INFO] [stdout]     |             ^^^
[INFO] [stdout] 
[INFO] [stdout] 
[INFO] [stdout] warning: use of deprecated macro `try`: use the `?` operator instead
[INFO] [stdout]    --> src/func/player.rs:146:13
[INFO] [stdout]     |
[INFO] [stdout] 146 |             try!(as_io(self.bot.send_privmsg(self.user, &format!("Added {} feat.", self.feat_name))));
[INFO] [stdout]     |             ^^^
[INFO] [stdout] 
[INFO] [stdout] 
[INFO] [stdout] warning: use of deprecated macro `try`: use the `?` operator instead
[INFO] [stdout]    --> src/func/player.rs:170:26
[INFO] [stdout]     |
[INFO] [stdout] 170 |                 Ok(_) => try!(as_io(
[INFO] [stdout]     |                          ^^^
[INFO] [stdout] 
[INFO] [stdout] 
[INFO] [stdout] warning: use of deprecated macro `try`: use the `?` operator instead
[INFO] [stdout]    --> src/func/player.rs:173:27
[INFO] [stdout]     |
[INFO] [stdout] 173 |                 Err(_) => try!(as_io(
[INFO] [stdout]     |                           ^^^
[INFO] [stdout] 
[INFO] [stdout] 
[INFO] [stdout] warning: use of deprecated macro `try`: use the `?` operator instead
[INFO] [stdout]    --> src/func/player.rs:222:17
[INFO] [stdout]     |
[INFO] [stdout] 222 |         let p = try!(res);
[INFO] [stdout]     |                 ^^^
[INFO] [stdout] 
[INFO] [stdout] 
[INFO] [stdout] warning: use of deprecated macro `try`: use the `?` operator instead
[INFO] [stdout]    --> src/func/player.rs:278:17
[INFO] [stdout]     |
[INFO] [stdout] 278 |                 try!(as_io(
[INFO] [stdout]     |                 ^^^
[INFO] [stdout] 
[INFO] [stdout] 
[INFO] [stdout] warning: use of deprecated macro `try`: use the `?` operator instead
[INFO] [stdout]    --> src/func/player.rs:284:17
[INFO] [stdout]     |
[INFO] [stdout] 284 |                 try!(as_io(
[INFO] [stdout]     |                 ^^^
[INFO] [stdout] 
[INFO] [stdout] 
[INFO] [stdout] warning: use of deprecated macro `try`: use the `?` operator instead
[INFO] [stdout]   --> src/func/world.rs:32:9
[INFO] [stdout]    |
[INFO] [stdout] 32 |         try!(as_io(self.bot.send_join(self.chan)));
[INFO] [stdout]    |         ^^^
[INFO] [stdout] 
[INFO] [stdout] 
[INFO] [stdout] warning: use of deprecated macro `try`: use the `?` operator instead
[INFO] [stdout]   --> src/func/world.rs:33:9
[INFO] [stdout]    |
[INFO] [stdout] 33 |         try!(as_io(self.bot.send_topic(self.chan, &self.title)));
[INFO] [stdout]    |         ^^^
[INFO] [stdout] 
[INFO] [stdout] 
[INFO] [stdout] warning: use of deprecated macro `try`: use the `?` operator instead
[INFO] [stdout]   --> src/func/world.rs:34:9
[INFO] [stdout]    |
[INFO] [stdout] 34 |         try!(as_io(self.bot.send_mode(self.chan, "+i", "")));
[INFO] [stdout]    |         ^^^
[INFO] [stdout] 
[INFO] [stdout] 
[INFO] [stdout] warning: use of deprecated macro `try`: use the `?` operator instead
[INFO] [stdout]   --> src/func/world.rs:37:9
[INFO] [stdout]    |
[INFO] [stdout] 37 |         try!(as_io(self.bot.send_privmsg(self.user, &s)));
[INFO] [stdout]    |         ^^^
[INFO] [stdout] 
[INFO] [stdout] 
[INFO] [stdout] warning: use of deprecated macro `try`: use the `?` operator instead
[INFO] [stdout]   --> src/func/world.rs:77:9
[INFO] [stdout]    |
[INFO] [stdout] 77 |         try!(as_io(self.world.save_all()));
[INFO] [stdout]    |         ^^^
[INFO] [stdout] 
[INFO] [stdout] 
[INFO] [stdout] warning: use of deprecated macro `try`: use the `?` operator instead
[INFO] [stdout]    --> src/func/mod.rs:156:17
[INFO] [stdout]     |
[INFO] [stdout] 156 |                 try!(bot.send_privmsg(&resp, &msg));
[INFO] [stdout]     |                 ^^^
[INFO] [stdout] 
[INFO] [stdout] 
[INFO] [stdout] warning: use of deprecated macro `try`: use the `?` operator instead
[INFO] [stdout]    --> src/func/mod.rs:158:17
[INFO] [stdout]     |
[INFO] [stdout] 158 |                 try!(bot.send_privmsg(&resp, &msg));
[INFO] [stdout]     |                 ^^^
[INFO] [stdout] 
[INFO] [stdout] 
[INFO] [stdout] warning: use of deprecated macro `try`: use the `?` operator instead
[INFO] [stdout]    --> src/func/mod.rs:163:17
[INFO] [stdout]     |
[INFO] [stdout] 163 |                 try!(bot.identify());
[INFO] [stdout]     |                 ^^^
[INFO] [stdout] 
[INFO] [stdout] 
[INFO] [stdout] warning: use of deprecated macro `try`: use the `?` operator instead
[INFO] [stdout]    --> src/func/mod.rs:203:20
[INFO] [stdout]     |
[INFO] [stdout] 203 |         } else if !try!(res).is_dm(user) {
[INFO] [stdout]     |                    ^^^
[INFO] [stdout] 
[INFO] [stdout] 
[INFO] [stdout] warning: unused import: `irc::client::prelude::*`
[INFO] [stdout]  --> src/main.rs:7:23
[INFO] [stdout]   |
[INFO] [stdout] 7 | #[cfg(not(test))] use irc::client::prelude::*;
[INFO] [stdout]   |                       ^^^^^^^^^^^^^^^^^^^^^^^
[INFO] [stdout]   |
[INFO] [stdout]   = note: `#[warn(unused_imports)]` on by default
[INFO] [stdout] 
[INFO] [stdout] 
[INFO] [stdout] warning: trait objects without an explicit `dyn` are deprecated
[INFO] [stdout]   --> src/data/world.rs:80:90
[INFO] [stdout]    |
[INFO] [stdout] 80 |     pub fn get_entity(&mut self, identifier: &str, chan: Option<&str>) -> BotResult<&mut Entity> {
[INFO] [stdout]    |                                                                                          ^^^^^^ help: use `dyn`: `dyn Entity`
[INFO] [stdout]    |
[INFO] [stdout]    = note: `#[warn(bare_trait_objects)]` on by default
[INFO] [stdout] 
[INFO] [stdout] 
[INFO] [stdout] warning: unused import: `irc::client::prelude::*`
[INFO] [stdout]  --> src/func/entity.rs:9:5
[INFO] [stdout]   |
[INFO] [stdout] 9 | use irc::client::prelude::*;
[INFO] [stdout]   |     ^^^^^^^^^^^^^^^^^^^^^^^
[INFO] [stdout] 
[INFO] [stdout] 
[INFO] [stdout] warning: trait objects without an explicit `dyn` are deprecated
[INFO] [stdout]   --> src/func/entity.rs:14:18
[INFO] [stdout]    |
[INFO] [stdout] 14 |     target: &'a (Entity + 'a),
[INFO] [stdout]    |                  ^^^^^^^^^^^ help: use `dyn`: `dyn Entity + 'a`
[INFO] [stdout] 
[INFO] [stdout] 
[INFO] [stdout] warning: trait objects without an explicit `dyn` are deprecated
[INFO] [stdout]   --> src/func/entity.rs:20:135
[INFO] [stdout]    |
[INFO] [stdout] 20 | ...rld: &'a mut World) -> BotResult<Box<Functionality + 'a>> {
[INFO] [stdout]    |                                         ^^^^^^^^^^^^^^^^^^ help: use `dyn`: `dyn Functionality + 'a`
[INFO] [stdout] 
[INFO] [stdout] 
[INFO] [stdout] warning: trait objects without an explicit `dyn` are deprecated
[INFO] [stdout]   --> src/func/entity.rs:57:22
[INFO] [stdout]    |
[INFO] [stdout] 57 |     target: &'a mut (Entity + 'a),
[INFO] [stdout]    |                      ^^^^^^^^^^^ help: use `dyn`: `dyn Entity + 'a`
[INFO] [stdout] 
[INFO] [stdout] 
[INFO] [stdout] warning: trait objects without an explicit `dyn` are deprecated
[INFO] [stdout]   --> src/func/entity.rs:62:135
[INFO] [stdout]    |
[INFO] [stdout] 62 | ...rld: &'a mut World) -> BotResult<Box<Functionality + 'a>> {
[INFO] [stdout]    |                                         ^^^^^^^^^^^^^^^^^^ help: use `dyn`: `dyn Functionality + 'a`
[INFO] [stdout] 
[INFO] [stdout] 
[INFO] [stdout] warning: trait objects without an explicit `dyn` are deprecated
[INFO] [stdout]   --> src/func/entity.rs:97:22
[INFO] [stdout]    |
[INFO] [stdout] 97 |     target: &'a mut (Entity + 'a),
[INFO] [stdout]    |                      ^^^^^^^^^^^ help: use `dyn`: `dyn Entity + 'a`
[INFO] [stdout] 
[INFO] [stdout] 
[INFO] [stdout] warning: trait objects without an explicit `dyn` are deprecated
[INFO] [stdout]    --> src/func/entity.rs:104:135
[INFO] [stdout]     |
[INFO] [stdout] 104 | ...rld: &'a mut World) -> BotResult<Box<Functionality + 'a>> {
[INFO] [stdout]     |                                         ^^^^^^^^^^^^^^^^^^ help: use `dyn`: `dyn Functionality + 'a`
[INFO] [stdout] 
[INFO] [stdout] 
[INFO] [stdout] warning: trait objects without an explicit `dyn` are deprecated
[INFO] [stdout]    --> src/func/entity.rs:139:22
[INFO] [stdout]     |
[INFO] [stdout] 139 |     target: &'a mut (Entity + 'a),
[INFO] [stdout]     |                      ^^^^^^^^^^^ help: use `dyn`: `dyn Entity + 'a`
[INFO] [stdout] 
[INFO] [stdout] 
[INFO] [stdout] warning: trait objects without an explicit `dyn` are deprecated
[INFO] [stdout]    --> src/func/entity.rs:143:135
[INFO] [stdout]     |
[INFO] [stdout] 143 | ...rld: &'a mut World) -> BotResult<Box<Functionality + 'a>> {
[INFO] [stdout]     |                                         ^^^^^^^^^^^^^^^^^^ help: use `dyn`: `dyn Functionality + 'a`
[INFO] [stdout] 
[INFO] [stdout] 
[INFO] [stdout] warning: trait objects without an explicit `dyn` are deprecated
[INFO] [stdout]    --> src/func/entity.rs:171:22
[INFO] [stdout]     |
[INFO] [stdout] 171 |     target: &'a mut (Entity + 'a),
[INFO] [stdout]     |                      ^^^^^^^^^^^ help: use `dyn`: `dyn Entity + 'a`
[INFO] [stdout] 
[INFO] [stdout] 
[INFO] [stdout] warning: trait objects without an explicit `dyn` are deprecated
[INFO] [stdout]    --> src/func/entity.rs:185:135
[INFO] [stdout]     |
[INFO] [stdout] 185 | ...rld: &'a mut World) -> BotResult<Box<Functionality + 'a>> {
[INFO] [stdout]     |                                         ^^^^^^^^^^^^^^^^^^ help: use `dyn`: `dyn Functionality + 'a`
[INFO] [stdout] 
[INFO] [stdout] 
[INFO] [stdout] warning: unused import: `irc::client::prelude::*`
[INFO] [stdout]  --> src/func/monster.rs:9:5
[INFO] [stdout]   |
[INFO] [stdout] 9 | use irc::client::prelude::*;
[INFO] [stdout]   |     ^^^^^^^^^^^^^^^^^^^^^^^
[INFO] [stdout] 
[INFO] [stdout] 
[INFO] [stdout] warning: trait objects without an explicit `dyn` are deprecated
[INFO] [stdout]   --> src/func/monster.rs:22:120
[INFO] [stdout]    |
[INFO] [stdout] 22 | ...rld: &'a mut World) -> BotResult<Box<Functionality + 'a>> {
[INFO] [stdout]    |                                         ^^^^^^^^^^^^^^^^^^ help: use `dyn`: `dyn Functionality + 'a`
[INFO] [stdout] 
[INFO] [stdout] 
[INFO] [stdout] warning: trait objects without an explicit `dyn` are deprecated
[INFO] [stdout]   --> src/func/monster.rs:63:120
[INFO] [stdout]    |
[INFO] [stdout] 63 | ...rld: &'a mut World) -> BotResult<Box<Functionality + 'a>> {
[INFO] [stdout]    |                                         ^^^^^^^^^^^^^^^^^^ help: use `dyn`: `dyn Functionality + 'a`
[INFO] [stdout] 
[INFO] [stdout] 
[INFO] [stdout] warning: unused import: `irc::client::prelude::*`
[INFO] [stdout]  --> src/func/player.rs:9:5
[INFO] [stdout]   |
[INFO] [stdout] 9 | use irc::client::prelude::*;
[INFO] [stdout]   |     ^^^^^^^^^^^^^^^^^^^^^^^
[INFO] [stdout] 
[INFO] [stdout] 
[INFO] [stdout] warning: trait objects without an explicit `dyn` are deprecated
[INFO] [stdout]   --> src/func/player.rs:21:98
[INFO] [stdout]    |
[INFO] [stdout] 21 |     pub fn new(bot: &'a ServerExt<'a, T, U>, user: &'a str, args: Vec<&'a str>) -> BotResult<Box<Functionality + 'a>> {
[INFO] [stdout]    |                                                                                                  ^^^^^^^^^^^^^^^^^^ help: use `dyn`: `dyn Functionality + 'a`
[INFO] [stdout] 
[INFO] [stdout] 
[INFO] [stdout] warning: trait objects without an explicit `dyn` are deprecated
[INFO] [stdout]   --> src/func/player.rs:58:120
[INFO] [stdout]    |
[INFO] [stdout] 58 | ...rld: &'a mut World) -> BotResult<Box<Functionality + 'a>> {
[INFO] [stdout]    |                                         ^^^^^^^^^^^^^^^^^^ help: use `dyn`: `dyn Functionality + 'a`
[INFO] [stdout] 
[INFO] [stdout] 
[INFO] [stdout] warning: trait objects without an explicit `dyn` are deprecated
[INFO] [stdout]    --> src/func/player.rs:110:100
[INFO] [stdout]     |
[INFO] [stdout] 110 |     pub fn new(bot: &'a ServerExt<'a, T, U>, user: &'a str, world: &'a mut World) -> BotResult<Box<Functionality + 'a>> {
[INFO] [stdout]     |                                                                                                    ^^^^^^^^^^^^^^^^^^ help: use `dyn`: `dyn Functionality + 'a`
[INFO] [stdout] 
[INFO] [stdout] 
[INFO] [stdout] warning: trait objects without an explicit `dyn` are deprecated
[INFO] [stdout]    --> src/func/player.rs:136:120
[INFO] [stdout]     |
[INFO] [stdout] 136 | ...rld: &'a mut World) -> BotResult<Box<Functionality + 'a>> {
[INFO] [stdout]     |                                         ^^^^^^^^^^^^^^^^^^ help: use `dyn`: `dyn Functionality + 'a`
[INFO] [stdout] 
[INFO] [stdout] 
[INFO] [stdout] warning: trait objects without an explicit `dyn` are deprecated
[INFO] [stdout]    --> src/func/player.rs:161:100
[INFO] [stdout]     |
[INFO] [stdout] 161 |     pub fn new(bot: &'a ServerExt<'a, T, U>, user: &'a str, world: &'a mut World) -> BotResult<Box<Functionality + 'a>> {
[INFO] [stdout]     |                                                                                                    ^^^^^^^^^^^^^^^^^^ help: use `dyn`: `dyn Functionality + 'a`
[INFO] [stdout] 
[INFO] [stdout] 
[INFO] [stdout] warning: trait objects without an explicit `dyn` are deprecated
[INFO] [stdout]    --> src/func/player.rs:193:120
[INFO] [stdout]     |
[INFO] [stdout] 193 | ...rld: &'a mut World) -> BotResult<Box<Functionality + 'a>> {
[INFO] [stdout]     |                                         ^^^^^^^^^^^^^^^^^^ help: use `dyn`: `dyn Functionality + 'a`
[INFO] [stdout] 
[INFO] [stdout] 
[INFO] [stdout] warning: trait objects without an explicit `dyn` are deprecated
[INFO] [stdout]    --> src/func/player.rs:253:149
[INFO] [stdout]     |
[INFO] [stdout] 253 | ...orld, update: bool) -> BotResult<Box<Functionality + 'a>> {
[INFO] [stdout]     |                                         ^^^^^^^^^^^^^^^^^^ help: use `dyn`: `dyn Functionality + 'a`
[INFO] [stdout] 
[INFO] [stdout] 
[INFO] [stdout] warning: use of deprecated trait `std::ascii::AsciiExt`: use inherent methods instead
[INFO] [stdout]  --> src/data/mod.rs:1:5
[INFO] [stdout]   |
[INFO] [stdout] 1 | use std::ascii::AsciiExt;
[INFO] [stdout]   |     ^^^^^^^^^^^^^^^^^^^^
[INFO] [stdout] 
[INFO] [stdout] 
[INFO] [stdout] warning: unused import: `irc::client::prelude::*`
[INFO] [stdout]  --> src/func/world.rs:8:5
[INFO] [stdout]   |
[INFO] [stdout] 8 | use irc::client::prelude::*;
[INFO] [stdout]   |     ^^^^^^^^^^^^^^^^^^^^^^^
[INFO] [stdout] 
[INFO] [stdout] 
[INFO] [stdout] warning: trait objects without an explicit `dyn` are deprecated
[INFO] [stdout]   --> src/func/world.rs:19:120
[INFO] [stdout]    |
[INFO] [stdout] 19 | ...rld: &'a mut World) -> BotResult<Box<Functionality + 'a>> {
[INFO] [stdout]    |                                         ^^^^^^^^^^^^^^^^^^ help: use `dyn`: `dyn Functionality + 'a`
[INFO] [stdout] 
[INFO] [stdout] 
[INFO] [stdout] warning: trait objects without an explicit `dyn` are deprecated
[INFO] [stdout]   --> src/func/world.rs:48:78
[INFO] [stdout]    |
[INFO] [stdout] 48 |     pub fn new(bot: &'a ServerExt<'a, T, U>, user: &'a str) -> BotResult<Box<Functionality + 'a>> {
[INFO] [stdout]    |                                                                              ^^^^^^^^^^^^^^^^^^ help: use `dyn`: `dyn Functionality + 'a`
[INFO] [stdout] 
[INFO] [stdout] 
[INFO] [stdout] warning: trait objects without an explicit `dyn` are deprecated
[INFO] [stdout]   --> src/func/world.rs:66:96
[INFO] [stdout]    |
[INFO] [stdout] 66 |     pub fn new(bot: &'a ServerExt<'a, T, U>, user: &'a str, world: &'a World) -> BotResult<Box<Functionality + 'a>> {
[INFO] [stdout]    |                                                                                                ^^^^^^^^^^^^^^^^^^ help: use `dyn`: `dyn Functionality + 'a`
[INFO] [stdout] 
[INFO] [stdout] 
[INFO] [stdout] warning: trait objects without an explicit `dyn` are deprecated
[INFO] [stdout]   --> src/func/mod.rs:28:98
[INFO] [stdout]    |
[INFO] [stdout] 28 |     pub fn new(bot: &'a ServerExt<'a, T, U>, resp: &'a str, args: Vec<&'a str>) -> BotResult<Box<Functionality + 'a>> {
[INFO] [stdout]    |                                                                                                  ^^^^^^^^^^^^^^^^^^ help: use `dyn`: `dyn Functionality + 'a`
[INFO] [stdout] 
[INFO] [stdout] 
[INFO] [stdout] warning: trait objects without an explicit `dyn` are deprecated
[INFO] [stdout]    --> src/func/mod.rs:177:124
[INFO] [stdout]     |
[INFO] [stdout] 177 |     pub fn get_target<'a>(maybe: &str, fallback: &str, resp: &str, chan: &str, world: &'a mut World) -> BotResult<&'a mut (Entity + 'a)> {
[INFO] [stdout]     |                                                                                                                            ^^^^^^^^^^^ help: use `dyn`: `dyn Entity + 'a`
[INFO] [stdout] 
[INFO] [stdout] 
[INFO] [stdout] warning: use of deprecated trait `std::ascii::AsciiExt`: use inherent methods instead
[INFO] [stdout]  --> src/data/stats.rs:1:5
[INFO] [stdout]   |
[INFO] [stdout] 1 | use std::ascii::AsciiExt;
[INFO] [stdout]   |     ^^^^^^^^^^^^^^^^^^^^
[INFO] [stdout] 
[INFO] [stdout] 
[INFO] [stdout] warning: use of deprecated trait `std::ascii::AsciiExt`: use inherent methods instead
[INFO] [stdout]  --> src/func/monster.rs:1:5
[INFO] [stdout]   |
[INFO] [stdout] 1 | use std::ascii::AsciiExt;
[INFO] [stdout]   |     ^^^^^^^^^^^^^^^^^^^^
[INFO] [stdout] 
[INFO] [stdout] 
[INFO] [stdout] warning: use of deprecated trait `std::ascii::AsciiExt`: use inherent methods instead
[INFO] [stdout]  --> src/func/player.rs:1:5
[INFO] [stdout]   |
[INFO] [stdout] 1 | use std::ascii::AsciiExt;
[INFO] [stdout]   |     ^^^^^^^^^^^^^^^^^^^^
[INFO] [stdout] 
[INFO] [stdout] 
[INFO] [stdout] warning: use of deprecated trait `std::ascii::AsciiExt`: use inherent methods instead
[INFO] [stdout]  --> src/data/mod.rs:1:5
[INFO] [stdout]   |
[INFO] [stdout] 1 | use std::ascii::AsciiExt;
[INFO] [stdout]   |     ^^^^^^^^^^^^^^^^^^^^
[INFO] [stdout] 
[INFO] [stdout] 
[INFO] [stdout] error: aborting due to 144 previous errors; 83 warnings emitted
[INFO] [stdout] 
[INFO] [stdout] 
[INFO] [stdout] Some errors have detailed explanations: E0405, E0412, E0432, E0433.
[INFO] [stdout] 
[INFO] [stdout] warning: use of deprecated trait `std::ascii::AsciiExt`: use inherent methods instead
[INFO] [stdout]  --> src/data/stats.rs:1:5
[INFO] [stdout]   |
[INFO] [stdout] 1 | use std::ascii::AsciiExt;
[INFO] [stdout]   |     ^^^^^^^^^^^^^^^^^^^^
[INFO] [stdout] 
[INFO] [stdout] 
[INFO] [stdout] For more information about an error, try `rustc --explain E0405`.
[INFO] [stdout] 
[INFO] [stdout] warning: use of deprecated trait `std::ascii::AsciiExt`: use inherent methods instead
[INFO] [stdout]  --> src/func/monster.rs:1:5
[INFO] [stdout]   |
[INFO] [stdout] 1 | use std::ascii::AsciiExt;
[INFO] [stdout]   |     ^^^^^^^^^^^^^^^^^^^^
[INFO] [stdout] 
[INFO] [stdout] 
[INFO] [stdout] warning: use of deprecated trait `std::ascii::AsciiExt`: use inherent methods instead
[INFO] [stdout]  --> src/func/player.rs:1:5
[INFO] [stdout]   |
[INFO] [stdout] 1 | use std::ascii::AsciiExt;
[INFO] [stdout]   |     ^^^^^^^^^^^^^^^^^^^^
[INFO] [stdout] 
[INFO] [stdout] 
[INFO] [stdout] error: aborting due to 144 previous errors; 77 warnings emitted
[INFO] [stdout] 
[INFO] [stdout] 
[INFO] [stdout] Some errors have detailed explanations: E0405, E0412, E0432, E0433.
[INFO] [stdout] 
[INFO] [stdout] For more information about an error, try `rustc --explain E0405`.
[INFO] [stdout] 
[INFO] [stderr] error: could not compile `dnd`.
[INFO] [stderr] 
[INFO] [stderr] To learn more, run the command again with --verbose.
[INFO] [stderr] warning: build failed, waiting for other jobs to finish...
[INFO] [stderr] error: build failed
[INFO] running `Command { std: "docker" "inspect" "082c71e379696e8945cf30809eac015f16fe4ae443b7d23b1c53203a0f62c37c", kill_on_drop: false }`
[INFO] running `Command { std: "docker" "rm" "-f" "082c71e379696e8945cf30809eac015f16fe4ae443b7d23b1c53203a0f62c37c", kill_on_drop: false }`
[INFO] [stdout] 082c71e379696e8945cf30809eac015f16fe4ae443b7d23b1c53203a0f62c37c
